Last updated on 2024-03-28 23:01:56 CET.
Flavor | Version | Tinstall | Tcheck | Ttotal | Status | Flags |
---|---|---|---|---|---|---|
r-devel-linux-x86_64-debian-clang | 1.2.7 | 115.05 | 115.18 | 230.23 | NOTE | |
r-devel-linux-x86_64-debian-gcc | 1.2.7 | 86.66 | 86.92 | 173.58 | NOTE | |
r-devel-linux-x86_64-fedora-clang | 1.2.7 | 301.21 | NOTE | |||
r-devel-linux-x86_64-fedora-gcc | 1.2.7 | 309.60 | NOTE | |||
r-devel-windows-x86_64 | 1.2.7 | 81.00 | 118.00 | 199.00 | NOTE | |
r-patched-linux-x86_64 | 1.2.7 | 111.01 | 111.33 | 222.34 | NOTE | |
r-release-linux-x86_64 | 1.2.7 | 102.19 | 111.13 | 213.32 | OK | |
r-release-macos-arm64 | 1.2.7 | 76.00 | OK | |||
r-release-macos-x86_64 | 1.2.7 | 192.00 | OK | |||
r-release-windows-x86_64 | 1.2.7 | 100.00 | 147.00 | 247.00 | OK | |
r-oldrel-macos-arm64 | 1.2.7 | 85.00 | OK | |||
r-oldrel-windows-x86_64 | 1.2.7 | 97.00 | 144.00 | 241.00 | OK |
Version: 1.2.7
Check: Rd files
Result: NOTE
checkRd: (-1) term_day_dist.Rd:19: Lost braces in \itemize; \value handles \item{}{} directly
checkRd: (-1) term_day_dist.Rd:20: Lost braces in \itemize; \value handles \item{}{} directly
checkRd: (-1) term_day_dist.Rd:21: Lost braces in \itemize; \value handles \item{}{} directly
checkRd: (-1) term_day_dist.Rd:22: Lost braces in \itemize; \value handles \item{}{} directly
checkRd: (-1) term_day_dist.Rd:23: Lost braces in \itemize; \value handles \item{}{} directly
checkRd: (-1) term_day_dist.Rd:24: Lost braces in \itemize; \value handles \item{}{} directly
Flavors: r-devel-linux-x86_64-debian-clang, r-devel-linux-x86_64-debian-gcc, r-devel-linux-x86_64-fedora-clang, r-devel-linux-x86_64-fedora-gcc, r-devel-windows-x86_64, r-patched-linux-x86_64