Last updated on 2023-10-02 22:08:09 CEST.
Flavor | Version | Tinstall | Tcheck | Ttotal | Status | Flags |
---|---|---|---|---|---|---|
r-devel-linux-x86_64-debian-clang | 1.5.0 | 36.68 | 43.89 | 80.57 | OK | |
r-devel-linux-x86_64-debian-gcc | 1.5.0 | 28.55 | 33.29 | 61.84 | OK | |
r-devel-linux-x86_64-fedora-clang | 1.5.0 | 101.84 | OK | |||
r-devel-linux-x86_64-fedora-gcc | 1.5.0 | 111.76 | OK | |||
r-devel-windows-x86_64 | 1.5.0 | 25.00 | 80.00 | 105.00 | OK | |
r-patched-linux-x86_64 | 1.5.0 | 35.50 | 41.98 | 77.48 | OK | |
r-release-linux-x86_64 | 1.5.0 | 38.32 | 42.82 | 81.14 | OK | |
r-release-macos-arm64 | 1.5.0 | 46.00 | NOTE | |||
r-release-macos-x86_64 | 1.5.0 | 92.00 | OK | |||
r-release-windows-x86_64 | 1.5.0 | 33.00 | 88.00 | 121.00 | OK | |
r-oldrel-macos-arm64 | 1.5.0 | 50.00 | NOTE | |||
r-oldrel-macos-x86_64 | 1.5.0 | 61.00 | NOTE | |||
r-oldrel-windows-x86_64 | 1.5.0 | 40.00 | 83.00 | 123.00 | OK |
Version: 1.5.0
Check: installed package size
Result: NOTE
installed size is 5.2Mb
sub-directories of 1Mb or more:
libs 4.0Mb
Flavors: r-release-macos-arm64, r-oldrel-macos-arm64, r-oldrel-macos-x86_64