Last updated on 2023-09-25 22:12:49 CEST.
Flavor | Version | Tinstall | Tcheck | Ttotal | Status | Flags |
---|---|---|---|---|---|---|
r-devel-linux-x86_64-debian-clang | 2.8.1 | 568.52 | 61.78 | 630.30 | OK | |
r-devel-linux-x86_64-debian-gcc | 2.8.1 | 384.17 | 54.86 | 439.03 | OK | |
r-devel-linux-x86_64-fedora-clang | 2.8.1 | 911.89 | NOTE | |||
r-devel-linux-x86_64-fedora-gcc | 2.8.1 | 958.96 | OK | |||
r-devel-windows-x86_64 | 2.8.1 | 412.00 | 105.00 | 517.00 | NOTE | |
r-patched-linux-x86_64 | 2.8.1 | 520.84 | 67.52 | 588.36 | OK | |
r-release-linux-x86_64 | 2.8.1 | 504.33 | 69.41 | 573.74 | OK | |
r-release-macos-arm64 | 2.8.1 | 146.00 | NOTE | |||
r-release-macos-x86_64 | 2.8.1 | 201.00 | NOTE | |||
r-release-windows-x86_64 | 2.8.1 | 524.00 | 116.00 | 640.00 | NOTE | |
r-oldrel-macos-arm64 | 2.8.1 | 149.00 | NOTE | |||
r-oldrel-macos-x86_64 | 2.8.1 | 227.00 | NOTE | |||
r-oldrel-windows-x86_64 | 2.8.1 | 485.00 | 100.00 | 585.00 | NOTE |
Version: 2.8.1
Check: installed package size
Result: NOTE
installed size is 5.4Mb
sub-directories of 1Mb or more:
extdata 2.0Mb
libs 3.2Mb
Flavors: r-devel-linux-x86_64-fedora-clang, r-devel-windows-x86_64, r-release-macos-arm64, r-release-macos-x86_64, r-release-windows-x86_64, r-oldrel-macos-arm64, r-oldrel-macos-x86_64, r-oldrel-windows-x86_64