Last updated on 2023-12-02 21:40:08 CET.
Flavor | Version | Tinstall | Tcheck | Ttotal | Status | Flags |
---|---|---|---|---|---|---|
r-devel-linux-x86_64-debian-clang | 0.2.3 | 26.30 | 33.39 | 59.69 | NOTE | |
r-devel-linux-x86_64-debian-gcc | 0.2.3 | 21.63 | 25.72 | 47.35 | NOTE | |
r-devel-linux-x86_64-fedora-clang | 0.2.3 | 92.28 | NOTE | |||
r-devel-linux-x86_64-fedora-gcc | 0.2.3 | 84.17 | NOTE | |||
r-devel-windows-x86_64 | 0.2.3 | 24.00 | 67.00 | 91.00 | NOTE | |
r-patched-linux-x86_64 | 0.2.3 | 20.88 | 33.02 | 53.90 | NOTE | |
r-release-linux-x86_64 | 0.2.3 | 24.90 | 32.91 | 57.81 | NOTE | |
r-release-macos-arm64 | 0.2.3 | 30.00 | NOTE | |||
r-release-macos-x86_64 | 0.2.3 | 45.00 | NOTE | |||
r-release-windows-x86_64 | 0.2.3 | 33.00 | 75.00 | 108.00 | NOTE | |
r-oldrel-macos-arm64 | 0.2.3 | 32.00 | OK | |||
r-oldrel-macos-x86_64 | 0.2.3 | 37.00 | OK | |||
r-oldrel-windows-x86_64 | 0.2.3 | 29.00 | 82.00 | 111.00 | OK |
Version: 0.2.3
Check: C++ specification
Result: NOTE
Specified C++11: please drop specification unless essential
Flavors: r-devel-linux-x86_64-debian-clang, r-devel-linux-x86_64-debian-gcc, r-devel-linux-x86_64-fedora-clang, r-devel-linux-x86_64-fedora-gcc, r-devel-windows-x86_64, r-patched-linux-x86_64, r-release-linux-x86_64, r-release-macos-arm64, r-release-macos-x86_64, r-release-windows-x86_64