CRAN Package Check Results for Package RPANDA

Last updated on 2019-09-21 22:49:08 CEST.

Flavor Version Tinstall Tcheck Ttotal Status Flags
r-devel-linux-x86_64-debian-clang 1.6 35.32 234.59 269.91 OK
r-devel-linux-x86_64-debian-gcc 1.6 29.29 182.50 211.79 OK
r-devel-linux-x86_64-fedora-clang 1.6 322.48 NOTE
r-devel-linux-x86_64-fedora-gcc 1.6 319.16 NOTE
r-devel-windows-ix86+x86_64 1.6 99.00 493.00 592.00 OK
r-patched-linux-x86_64 1.6 34.42 230.68 265.10 OK
r-patched-solaris-x86 1.6 454.40 OK
r-release-linux-x86_64 1.6 33.24 231.97 265.21 OK
r-release-windows-ix86+x86_64 1.6 69.00 347.00 416.00 OK
r-release-osx-x86_64 1.6 OK
r-oldrel-windows-ix86+x86_64 1.6 49.00 290.00 339.00 OK
r-oldrel-osx-x86_64 1.6 OK

Check Details

Version: 1.6
Check: compiled code
Result: NOTE
    File ‘RPANDA/libs/RPANDA.so’:
     Found no calls to: ‘R_registerRoutines’, ‘R_useDynamicSymbols’
    
    It is good practice to register native routines and to disable symbol
    search.
    
    See ‘Writing portable packages’ in the ‘Writing R Extensions’ manual.
Flavors: r-devel-linux-x86_64-fedora-clang, r-devel-linux-x86_64-fedora-gcc