CRAN Package Check Results for Package RPANDA

Last updated on 2019-06-17 22:52:13 CEST.

Flavor Version Tinstall Tcheck Ttotal Status Flags
r-devel-linux-x86_64-debian-clang 1.6 38.17 236.93 275.10 OK
r-devel-linux-x86_64-debian-gcc 1.6 32.19 184.07 216.26 OK
r-devel-linux-x86_64-fedora-clang 1.6 316.10 NOTE
r-devel-linux-x86_64-fedora-gcc 1.6 313.83 NOTE
r-devel-windows-ix86+x86_64 1.6 83.00 492.00 575.00 OK
r-patched-linux-x86_64 1.6 33.89 236.48 270.37 OK
r-patched-solaris-x86 1.6 404.80 OK
r-release-linux-x86_64 1.6 32.91 238.22 271.13 OK
r-release-windows-ix86+x86_64 1.6 53.00 360.00 413.00 OK
r-release-osx-x86_64 1.6 OK
r-oldrel-windows-ix86+x86_64 1.6 46.00 268.00 314.00 OK
r-oldrel-osx-x86_64 1.6 OK

Check Details

Version: 1.6
Check: compiled code
Result: NOTE
    File ‘RPANDA/libs/RPANDA.so’:
     Found no calls to: ‘R_registerRoutines’, ‘R_useDynamicSymbols’
    
    It is good practice to register native routines and to disable symbol
    search.
    
    See ‘Writing portable packages’ in the ‘Writing R Extensions’ manual.
Flavors: r-devel-linux-x86_64-fedora-clang, r-devel-linux-x86_64-fedora-gcc