CRAN Package Check Results for Package RProtoBuf

Last updated on 2023-12-04 22:57:53 CET.

Flavor Version Tinstall Tcheck Ttotal Status Flags
r-devel-linux-x86_64-debian-clang 0.4.20 323.70 67.03 390.73 OK
r-devel-linux-x86_64-debian-gcc 0.4.20 205.77 50.92 256.69 OK
r-devel-linux-x86_64-fedora-clang 0.4.20 595.54 OK
r-devel-linux-x86_64-fedora-gcc 0.4.20 618.51 OK
r-devel-windows-x86_64 0.4.20 227.00 184.00 411.00 NOTE
r-patched-linux-x86_64 0.4.20 279.31 65.78 345.09 OK
r-release-linux-x86_64 0.4.20 284.69 64.95 349.64 OK
r-release-macos-arm64 0.4.20 126.00 NOTE
r-release-macos-x86_64 0.4.20 236.00 NOTE
r-release-windows-x86_64 0.4.20 236.00 189.00 425.00 NOTE
r-oldrel-macos-arm64 0.4.20 118.00 NOTE
r-oldrel-macos-x86_64 0.4.20 188.00 NOTE
r-oldrel-windows-x86_64 0.4.20 265.00 184.00 449.00 OK

Check Details

Version: 0.4.20
Check: C++ specification
Result: NOTE Specified C++11: please drop specification unless essential Flavors: r-devel-windows-x86_64, r-release-windows-x86_64

Version: 0.4.20
Check: installed package size
Result: NOTE installed size is 36.2Mb sub-directories of 1Mb or more: libs 34.8Mb Flavors: r-release-macos-arm64, r-release-macos-x86_64, r-oldrel-macos-arm64, r-oldrel-macos-x86_64