Last updated on 2023-02-05 22:59:32 CET.
Flavor | Version | Tinstall | Tcheck | Ttotal | Status | Flags |
---|---|---|---|---|---|---|
r-devel-linux-x86_64-debian-clang | 2.7.0 | 29.47 | 289.69 | 319.16 | NOTE | |
r-devel-linux-x86_64-debian-gcc | 2.7.0 | 22.87 | 208.12 | 230.99 | NOTE | |
r-devel-linux-x86_64-fedora-clang | 2.7.0 | 382.72 | NOTE | |||
r-devel-linux-x86_64-fedora-gcc | 2.7.0 | 384.70 | NOTE | |||
r-devel-windows-x86_64 | 2.7.0 | 56.00 | 371.00 | 427.00 | OK | |
r-patched-linux-x86_64 | 2.7.0 | 30.03 | 264.16 | 294.19 | NOTE | |
r-release-linux-x86_64 | 2.7.0 | 25.53 | 239.65 | 265.18 | NOTE | |
r-release-macos-arm64 | 2.7.0 | 118.00 | OK | |||
r-release-macos-x86_64 | 2.7.0 | 138.00 | OK | |||
r-release-windows-x86_64 | 2.7.0 | 60.00 | 346.00 | 406.00 | OK | |
r-oldrel-macos-arm64 | 2.7.0 | 121.00 | OK | |||
r-oldrel-macos-x86_64 | 2.7.0 | 152.00 | OK | |||
r-oldrel-windows-ix86+x86_64 | 2.7.0 | 51.00 | 344.00 | 395.00 | OK |
Version: 2.7.0
Check: package dependencies
Result: NOTE
Package suggested but not available for checking: ‘evolqg’
Flavors: r-devel-linux-x86_64-debian-clang, r-devel-linux-x86_64-debian-gcc, r-devel-linux-x86_64-fedora-clang, r-devel-linux-x86_64-fedora-gcc, r-patched-linux-x86_64, r-release-linux-x86_64
Version: 2.7.0
Check: Rd cross-references
Result: NOTE
Unknown package ‘evolqg’ in Rd xrefs
Flavors: r-devel-linux-x86_64-debian-clang, r-devel-linux-x86_64-debian-gcc, r-devel-linux-x86_64-fedora-clang, r-devel-linux-x86_64-fedora-gcc, r-patched-linux-x86_64, r-release-linux-x86_64