CRAN Package Check Results for Package RSA

Last updated on 2018-09-24 22:52:33 CEST.

Flavor Version Tinstall Tcheck Ttotal Status Flags
r-devel-linux-x86_64-debian-clang 0.9.12 6.86 65.85 72.71 OK
r-devel-linux-x86_64-debian-gcc 0.9.12 6.26 51.93 58.19 OK
r-devel-linux-x86_64-fedora-clang 0.9.12 85.94 OK
r-devel-linux-x86_64-fedora-gcc 0.9.12 83.98 OK
r-devel-windows-ix86+x86_64 0.9.12 18.00 106.00 124.00 OK
r-patched-linux-x86_64 0.9.12 7.33 58.75 66.08 OK
r-patched-solaris-x86 0.9.12 114.50 OK
r-release-linux-x86_64 0.9.12 8.64 59.32 67.96 OK
r-release-windows-ix86+x86_64 0.9.12 22.00 97.00 119.00 OK
r-release-osx-x86_64 0.9.12 WARN
r-oldrel-windows-ix86+x86_64 0.9.12 8.00 107.00 115.00 OK
r-oldrel-osx-x86_64 0.9.12 WARN

Check Details

Version: 0.9.12
Check: whether package can be installed
Result: WARN
    Found the following significant warnings:
     Warning: loading Rplot failed
Flavors: r-release-osx-x86_64, r-oldrel-osx-x86_64