CRAN Package Check Results for Package RSA

Last updated on 2018-12-13 22:54:10 CET.

Flavor Version Tinstall Tcheck Ttotal Status Flags
r-devel-linux-x86_64-debian-clang 0.9.12 9.29 67.91 77.20 OK
r-devel-linux-x86_64-debian-gcc 0.9.12 7.18 54.15 61.33 OK
r-devel-linux-x86_64-fedora-clang 0.9.12 92.36 OK
r-devel-linux-x86_64-fedora-gcc 0.9.12 82.60 OK
r-devel-windows-ix86+x86_64 0.9.12 22.00 106.00 128.00 OK
r-patched-linux-x86_64 0.9.12 7.89 60.67 68.56 OK
r-patched-solaris-x86 0.9.12 124.30 OK
r-release-linux-x86_64 0.9.12 9.29 60.54 69.83 OK
r-release-windows-ix86+x86_64 0.9.12 17.00 108.00 125.00 OK
r-release-osx-x86_64 0.9.12 WARN
r-oldrel-windows-ix86+x86_64 0.9.12 8.00 85.00 93.00 OK
r-oldrel-osx-x86_64 0.9.12 WARN

Check Details

Version: 0.9.12
Check: whether package can be installed
Result: WARN
    Found the following significant warnings:
     Warning: loading Rplot failed
Flavors: r-release-osx-x86_64, r-oldrel-osx-x86_64