CRAN Package Check Results for Package RSDA

Last updated on 2018-12-13 22:54:10 CET.

Flavor Version Tinstall Tcheck Ttotal Status Flags
r-devel-linux-x86_64-debian-clang 2.0.8 15.68 129.34 145.02 OK
r-devel-linux-x86_64-debian-gcc 2.0.8 12.65 99.12 111.77 OK
r-devel-linux-x86_64-fedora-clang 2.0.8 167.31 NOTE
r-devel-linux-x86_64-fedora-gcc 2.0.8 165.01 NOTE
r-devel-windows-ix86+x86_64 2.0.8 32.00 192.00 224.00 OK
r-patched-linux-x86_64 2.0.8 10.90 122.92 133.82 OK
r-patched-solaris-x86 2.0.8 230.50 NOTE
r-release-linux-x86_64 2.0.8 13.74 124.19 137.93 OK
r-release-windows-ix86+x86_64 2.0.8 34.00 189.00 223.00 OK
r-release-osx-x86_64 2.0.8 NOTE
r-oldrel-windows-ix86+x86_64 2.0.8 13.00 160.00 173.00 OK
r-oldrel-osx-x86_64 2.0.8 NOTE

Check Details

Version: 2.0.8
Check: dependencies in R code
Result: NOTE
    Namespace in Imports field not imported from: ‘randomcoloR’
     All declared Imports should be used.
Flavors: r-devel-linux-x86_64-fedora-clang, r-devel-linux-x86_64-fedora-gcc, r-patched-solaris-x86, r-release-osx-x86_64, r-oldrel-osx-x86_64