CRAN Package Check Results for Package RSGHB

Last updated on 2018-02-24 22:47:46 CET.

Flavor Version Tinstall Tcheck Ttotal Status Flags
r-devel-linux-x86_64-debian-clang 1.1.2 2.24 183.47 185.71 NOTE
r-devel-linux-x86_64-debian-gcc 1.1.2 2.07 124.01 126.08 NOTE
r-devel-linux-x86_64-fedora-clang 1.1.2 235.69 NOTE
r-devel-linux-x86_64-fedora-gcc 1.1.2 226.40 NOTE
r-devel-windows-ix86+x86_64 1.1.2 9.00 317.00 326.00 OK
r-patched-linux-x86_64 1.1.2 1.26 113.24 114.50 NOTE
r-patched-solaris-x86 1.1.2 170.40 OK
r-release-linux-x86_64 1.1.2 1.24 110.32 111.56 NOTE
r-release-windows-ix86+x86_64 1.1.2 6.00 144.00 150.00 OK
r-release-osx-x86_64 1.1.2 OK
r-oldrel-windows-ix86+x86_64 1.1.2 5.00 127.00 132.00 OK
r-oldrel-osx-x86_64 1.1.2 OK

Check Details

Version: 1.1.2
Check: compiled code
Result: NOTE
    File ‘RSGHB/libs/RSGHB.so’:
     Found no calls to: ‘R_registerRoutines’, ‘R_useDynamicSymbols’
    
    It is good practice to register native routines and to disable symbol
    search.
    
    See ‘Writing portable packages’ in the ‘Writing R Extensions’ manual.
Flavors: r-devel-linux-x86_64-debian-clang, r-devel-linux-x86_64-debian-gcc, r-devel-linux-x86_64-fedora-clang, r-devel-linux-x86_64-fedora-gcc, r-patched-linux-x86_64, r-release-linux-x86_64