CRAN Package Check Results for Package RSGHB

Last updated on 2018-09-17 22:51:17 CEST.

Flavor Version Tinstall Tcheck Ttotal Status Flags
r-devel-linux-x86_64-debian-clang 1.1.2 2.92 178.69 181.61 NOTE
r-devel-linux-x86_64-debian-gcc 1.1.2 2.24 128.36 130.60 NOTE
r-devel-linux-x86_64-fedora-clang 1.1.2 239.27 NOTE
r-devel-linux-x86_64-fedora-gcc 1.1.2 248.79 NOTE
r-devel-windows-ix86+x86_64 1.1.2 7.00 262.00 269.00 OK
r-patched-linux-x86_64 1.1.2 2.24 177.91 180.15 NOTE
r-patched-solaris-x86 1.1.2 340.30 OK
r-release-linux-x86_64 1.1.2 2.49 174.42 176.91 NOTE
r-release-windows-ix86+x86_64 1.1.2 10.00 246.00 256.00 OK
r-release-osx-x86_64 1.1.2 OK
r-oldrel-windows-ix86+x86_64 1.1.2 6.00 144.00 150.00 OK
r-oldrel-osx-x86_64 1.1.2 OK

Check Details

Version: 1.1.2
Check: compiled code
Result: NOTE
    File ‘RSGHB/libs/RSGHB.so’:
     Found no calls to: ‘R_registerRoutines’, ‘R_useDynamicSymbols’
    
    It is good practice to register native routines and to disable symbol
    search.
    
    See ‘Writing portable packages’ in the ‘Writing R Extensions’ manual.
Flavors: r-devel-linux-x86_64-debian-clang, r-devel-linux-x86_64-debian-gcc, r-devel-linux-x86_64-fedora-clang, r-devel-linux-x86_64-fedora-gcc, r-patched-linux-x86_64, r-release-linux-x86_64