Last updated on 2024-04-17 23:00:08 CEST.
Flavor | Version | Tinstall | Tcheck | Ttotal | Status | Flags |
---|---|---|---|---|---|---|
r-devel-linux-x86_64-debian-clang | 1.4.7 | 366.48 | 319.00 | 685.48 | OK | |
r-devel-linux-x86_64-debian-gcc | 1.4.7 | 288.09 | 222.80 | 510.89 | OK | |
r-devel-linux-x86_64-fedora-clang | 1.4.7 | 1409.08 | OK | |||
r-devel-linux-x86_64-fedora-gcc | 1.4.7 | 926.77 | OK | |||
r-prerel-macos-arm64 | 1.4.7 | 194.00 | NOTE | |||
r-prerel-macos-x86_64 | 1.4.7 | 374.00 | NOTE | |||
r-prerel-windows-x86_64 | 1.4.7 | 368.00 | 264.00 | 632.00 | OK | |
r-patched-linux-x86_64 | 1.4.7 | 347.33 | 308.63 | 655.96 | OK | |
r-release-linux-x86_64 | 1.4.7 | 359.12 | 303.47 | 662.59 | OK | |
r-release-macos-arm64 | 1.4.7 | 215.00 | NOTE | |||
r-release-macos-x86_64 | 1.4.7 | 331.00 | NOTE | |||
r-release-windows-x86_64 | 1.4.7 | 448.00 | 310.00 | 758.00 | OK | |
r-oldrel-macos-arm64 | 1.4.7 | 207.00 | NOTE | |||
r-oldrel-windows-x86_64 | 1.4.7 | 391.00 | 298.00 | 689.00 | OK |
Version: 1.4.7
Check: installed package size
Result: NOTE
installed size is 26.4Mb
sub-directories of 1Mb or more:
R 1.1Mb
libs 24.9Mb
Flavors: r-prerel-macos-arm64, r-prerel-macos-x86_64, r-release-macos-arm64, r-release-macos-x86_64, r-oldrel-macos-arm64