Last updated on 2023-09-29 21:54:05 CEST.
Flavor | Version | Tinstall | Tcheck | Ttotal | Status | Flags |
---|---|---|---|---|---|---|
r-devel-linux-x86_64-debian-clang | 0.4.1 | 6.56 | 51.05 | 57.61 | NOTE | |
r-devel-linux-x86_64-debian-gcc | 0.4.1 | 5.27 | 37.83 | 43.10 | NOTE | |
r-devel-linux-x86_64-fedora-clang | 0.4.1 | 77.78 | NOTE | |||
r-devel-linux-x86_64-fedora-gcc | 0.4.1 | 87.35 | NOTE | |||
r-devel-windows-x86_64 | 0.4.1 | 8.00 | 60.00 | 68.00 | NOTE | |
r-patched-linux-x86_64 | 0.4.1 | 4.02 | 47.50 | 51.52 | NOTE | |
r-release-linux-x86_64 | 0.4.1 | 3.76 | 47.80 | 51.56 | NOTE | |
r-release-macos-arm64 | 0.4.1 | 36.00 | NOTE | |||
r-release-macos-x86_64 | 0.4.1 | 48.00 | NOTE | |||
r-release-windows-x86_64 | 0.4.1 | 9.00 | 64.00 | 73.00 | NOTE | |
r-oldrel-macos-arm64 | 0.4.1 | 32.00 | NOTE | |||
r-oldrel-macos-x86_64 | 0.4.1 | 55.00 | NOTE | |||
r-oldrel-windows-x86_64 | 0.4.1 | 10.00 | 67.00 | 77.00 | NOTE |
Version: 0.4.1
Check: LazyData
Result: NOTE
'LazyData' is specified without a 'data' directory
Flavors: r-devel-linux-x86_64-debian-clang, r-devel-linux-x86_64-debian-gcc, r-devel-linux-x86_64-fedora-clang, r-devel-linux-x86_64-fedora-gcc, r-devel-windows-x86_64, r-patched-linux-x86_64, r-release-linux-x86_64, r-release-macos-arm64, r-release-macos-x86_64, r-release-windows-x86_64, r-oldrel-macos-arm64, r-oldrel-macos-x86_64, r-oldrel-windows-x86_64