CRAN Package Check Results for Package RTIGER

Last updated on 2023-01-28 22:55:25 CET.

Flavor Version Tinstall Tcheck Ttotal Status Flags
r-devel-linux-x86_64-debian-clang 1.99.0 20.34 229.60 249.94 OK
r-devel-linux-x86_64-debian-gcc 1.99.0 17.55 169.22 186.77 OK
r-devel-linux-x86_64-fedora-clang 1.99.0 314.67 OK
r-devel-linux-x86_64-fedora-gcc 1.99.0 321.41 OK
r-devel-windows-x86_64 1.99.0 36.00 237.00 273.00 OK
r-patched-linux-x86_64 1.99.0 19.04 219.40 238.44 OK
r-release-linux-x86_64 1.99.0 21.12 218.73 239.85 OK
r-release-macos-arm64 1.99.0 79.00 NOTE
r-release-macos-x86_64 1.99.0 148.00 OK
r-release-windows-x86_64 1.99.0 36.00 241.00 277.00 OK
r-oldrel-macos-arm64 1.99.0 78.00 OK
r-oldrel-macos-x86_64 1.99.0 108.00 OK
r-oldrel-windows-ix86+x86_64 1.99.0 51.00 238.00 289.00 OK

Check Details

Version: 1.99.0
Check: package dependencies
Result: NOTE
    Packages suggested but not available for checking: 'Gviz', 'rtracklayer'
Flavor: r-release-macos-arm64