Last updated on 2024-04-19 22:56:01 CEST.
Flavor | Version | Tinstall | Tcheck | Ttotal | Status | Flags |
---|---|---|---|---|---|---|
r-devel-linux-x86_64-debian-clang | 1.3.5 | 75.56 | 131.62 | 207.18 | OK | |
r-devel-linux-x86_64-debian-gcc | 1.3.5 | OK | ||||
r-devel-linux-x86_64-fedora-clang | 1.3.5 | 280.91 | NOTE | |||
r-devel-linux-x86_64-fedora-gcc | 1.3.5 | 269.32 | NOTE | |||
r-prerel-macos-arm64 | 1.3.5 | 81.00 | OK | |||
r-prerel-windows-x86_64 | 1.3.5 | 68.00 | 147.00 | 215.00 | OK | |
r-patched-linux-x86_64 | 1.3.5 | 54.28 | 125.03 | 179.31 | OK | |
r-release-linux-x86_64 | 1.3.5 | 53.45 | 127.36 | 180.81 | OK | |
r-release-macos-arm64 | 1.3.5 | 72.00 | OK | |||
r-release-macos-x86_64 | 1.3.5 | 124.00 | OK | |||
r-release-windows-x86_64 | 1.3.5 | 82.00 | 182.00 | 264.00 | OK | |
r-oldrel-macos-arm64 | 1.3.5 | 79.00 | OK | |||
r-oldrel-windows-x86_64 | 1.3.5 | 79.00 | 167.00 | 246.00 | OK |
Version: 1.3.5
Check: package dependencies
Result: NOTE
Imports includes 23 non-default packages.
Importing from so many packages makes the package vulnerable to any of
them becoming unavailable. Move as many as possible to Suggests and
use conditionally.
Flavor: r-devel-linux-x86_64-fedora-clang
Version: 1.3.5
Check: data for non-ASCII characters
Result: NOTE
Note: found 50 marked UTF-8 strings
Flavors: r-devel-linux-x86_64-fedora-clang, r-devel-linux-x86_64-fedora-gcc