Last updated on 2023-02-04 22:55:01 CET.
Flavor | Version | Tinstall | Tcheck | Ttotal | Status | Flags |
---|---|---|---|---|---|---|
r-devel-linux-x86_64-debian-clang | 0.0.5 | 51.30 | 530.60 | 581.90 | OK | |
r-devel-linux-x86_64-debian-gcc | 0.0.5 | 41.20 | 385.71 | 426.91 | OK | |
r-devel-linux-x86_64-fedora-clang | 0.0.5 | 765.07 | NOTE | |||
r-devel-linux-x86_64-fedora-gcc | 0.0.5 | 711.27 | NOTE | |||
r-devel-windows-x86_64 | 0.0.5 | 63.00 | 543.00 | 606.00 | OK | |
r-patched-linux-x86_64 | 0.0.5 | 45.31 | 499.95 | 545.26 | OK | |
r-release-linux-x86_64 | 0.0.5 | 44.34 | 486.03 | 530.37 | OK | |
r-release-macos-arm64 | 0.0.5 | 5.00 | ERROR | |||
r-release-macos-x86_64 | 0.0.5 | 312.00 | NOTE | |||
r-release-windows-x86_64 | 0.0.5 | 69.00 | 596.00 | 665.00 | OK | |
r-oldrel-macos-arm64 | 0.0.5 | 9.00 | ERROR | |||
r-oldrel-macos-x86_64 | 0.0.5 | 220.00 | NOTE | |||
r-oldrel-windows-ix86+x86_64 | 0.0.5 | 106.00 | 528.00 | 634.00 | OK |
Version: 0.0.5
Check: package dependencies
Result: NOTE
Imports includes 22 non-default packages.
Importing from so many packages makes the package vulnerable to any of
them becoming unavailable. Move as many as possible to Suggests and
use conditionally.
Flavor: r-devel-linux-x86_64-fedora-clang
Version: 0.0.5
Check: dependencies in R code
Result: NOTE
Namespace in Imports field not imported from: ‘XML’
All declared Imports should be used.
Flavors: r-devel-linux-x86_64-fedora-clang, r-devel-linux-x86_64-fedora-gcc, r-release-macos-x86_64, r-oldrel-macos-x86_64
Version: 0.0.5
Check: package dependencies
Result: ERROR
Package required but not available: ‘rWikiPathways’
See section ‘The DESCRIPTION file’ in the ‘Writing R Extensions’
manual.
Flavors: r-release-macos-arm64, r-oldrel-macos-arm64