CRAN Package Check Results for Package RVCompare

Last updated on 2024-06-13 22:49:43 CEST.

Flavor Version Tinstall Tcheck Ttotal Status Flags
r-devel-linux-x86_64-debian-clang 0.1.8 23.35 66.42 89.77 OK
r-devel-linux-x86_64-debian-gcc 0.1.8 0.37 1.58 1.95 ERROR
r-devel-linux-x86_64-fedora-clang 0.1.8 119.31 OK
r-devel-linux-x86_64-fedora-gcc 0.1.8 112.22 OK
r-devel-windows-x86_64 0.1.8 21.00 87.00 108.00 OK
r-patched-linux-x86_64 0.1.8 18.96 64.21 83.17 OK
r-release-linux-x86_64 0.1.8 20.45 65.33 85.78 OK
r-release-macos-arm64 0.1.8 34.00 OK
r-release-macos-x86_64 0.1.8 51.00 OK
r-release-windows-x86_64 0.1.8 21.00 89.00 110.00 OK
r-oldrel-macos-arm64 0.1.8 33.00 OK
r-oldrel-macos-x86_64 0.1.8 78.00 OK
r-oldrel-windows-x86_64 0.1.8 26.00 103.00 129.00 OK

Check Details

Version: 0.1.8
Check: package dependencies
Result: ERROR Package required but not available: ‘ggplot2’ See section ‘The DESCRIPTION file’ in the ‘Writing R Extensions’ manual. Flavor: r-devel-linux-x86_64-debian-gcc