CRAN Package Check Results for Package RVtests

Last updated on 2019-12-09 22:51:24 CET.

Flavor Version Tinstall Tcheck Ttotal Status Flags
r-devel-linux-x86_64-debian-clang 1.2 8.20 59.95 68.15 NOTE
r-devel-linux-x86_64-debian-gcc 1.2 6.58 47.23 53.81 NOTE
r-devel-linux-x86_64-fedora-clang 1.2 82.56 NOTE
r-devel-linux-x86_64-fedora-gcc 1.2 81.57 NOTE
r-devel-windows-ix86+x86_64 1.2 14.00 76.00 90.00 NOTE
r-devel-windows-ix86+x86_64-gcc8 1.2 15.00 67.00 82.00 NOTE
r-patched-linux-x86_64 1.2 7.46 54.75 62.21 NOTE
r-patched-solaris-x86 1.2 117.30 NOTE
r-release-linux-x86_64 1.2 6.78 54.76 61.54 NOTE
r-release-windows-ix86+x86_64 1.2 12.00 68.00 80.00 NOTE
r-release-osx-x86_64 1.2 NOTE
r-oldrel-windows-ix86+x86_64 1.2 7.00 64.00 71.00 NOTE
r-oldrel-osx-x86_64 1.2 NOTE

Check Details

Version: 1.2
Check: R code for possible problems
Result: NOTE
    LASSO: no visible global function definition for 'lm'
    LASSO: no visible global function definition for 'anova'
    LASSO: no visible global function definition for 'glm'
    LASSO: no visible global function definition for 'pchisq'
    LASSO : <anonymous>: no visible global function definition for
     'extractAIC'
    PCR : <anonymous>: no visible global function definition for 'cor'
    PLS : <anonymous>: no visible global function definition for 'cor'
    RR : RRscore: no visible binding for global variable 'sd'
    SPLS: no visible global function definition for 'lm'
    SPLS: no visible global function definition for 'anova'
    SPLS : <anonymous>: no visible global function definition for
     'extractAIC'
    VTWOD : getScores: no visible global function definition for 'sd'
    VTWOD : getScores: no visible global function definition for 'pnorm'
    Undefined global functions or variables:
     anova cor extractAIC glm lm pchisq pnorm sd
    Consider adding
     importFrom("stats", "anova", "cor", "extractAIC", "glm", "lm",
     "pchisq", "pnorm", "sd")
    to your NAMESPACE file.
Flavors: r-devel-linux-x86_64-debian-clang, r-devel-linux-x86_64-debian-gcc, r-devel-linux-x86_64-fedora-clang, r-devel-linux-x86_64-fedora-gcc, r-devel-windows-ix86+x86_64, r-devel-windows-ix86+x86_64-gcc8, r-patched-linux-x86_64, r-patched-solaris-x86, r-release-linux-x86_64, r-release-windows-ix86+x86_64, r-release-osx-x86_64, r-oldrel-windows-ix86+x86_64, r-oldrel-osx-x86_64