Last updated on 2023-12-08 21:58:43 CET.
Flavor | Version | Tinstall | Tcheck | Ttotal | Status | Flags |
---|---|---|---|---|---|---|
r-devel-linux-x86_64-debian-clang | 0.2.1 | 105.89 | 28.89 | 134.78 | NOTE | |
r-devel-linux-x86_64-debian-gcc | 0.2.1 | 72.04 | 24.35 | 96.39 | NOTE | |
r-devel-linux-x86_64-fedora-clang | 0.2.1 | 206.83 | OK | |||
r-devel-linux-x86_64-fedora-gcc | 0.2.1 | 208.31 | OK | |||
r-devel-windows-x86_64 | 0.2.1 | 87.00 | 73.00 | 160.00 | OK | |
r-patched-linux-x86_64 | 0.2.1 | 91.02 | 31.29 | 122.31 | OK | |
r-release-linux-x86_64 | 0.2.1 | 89.94 | 30.79 | 120.73 | OK | |
r-release-macos-arm64 | 0.2.1 | 65.00 | NOTE | |||
r-release-macos-x86_64 | 0.2.1 | 84.00 | NOTE | |||
r-release-windows-x86_64 | 0.2.1 | 107.00 | 75.00 | 182.00 | OK | |
r-oldrel-macos-arm64 | 0.2.1 | 48.00 | NOTE | |||
r-oldrel-macos-x86_64 | 0.2.1 | 60.00 | NOTE | |||
r-oldrel-windows-x86_64 | 0.2.1 | 98.00 | 67.00 | 165.00 | OK |
Version: 0.2.1
Check: Rd files
Result: NOTE
checkRd: (-1) ZigZagLogistic.Rd:11: Lost braces; missing escapes or markup?
11 | \item{dataX}{Design matrix containing observations of the independent variables x. The i-th row represents the i-th observation with components x_{i,1}, ..., x_{i,d}.}
| ^
checkRd: (-1) ZigZagLogistic.Rd:11: Lost braces; missing escapes or markup?
11 | \item{dataX}{Design matrix containing observations of the independent variables x. The i-th row represents the i-th observation with components x_{i,1}, ..., x_{i,d}.}
| ^
checkRd: (-1) ZigZagLogistic.Rd:13: Lost braces; missing escapes or markup?
13 | \item{dataY}{Vector of length n containing {0, 1}-valued observations of the dependent variable y.}
| ^
Flavors: r-devel-linux-x86_64-debian-clang, r-devel-linux-x86_64-debian-gcc
Version: 0.2.1
Check: installed package size
Result: NOTE
installed size is 16.1Mb
sub-directories of 1Mb or more:
libs 16.0Mb
Flavors: r-release-macos-arm64, r-release-macos-x86_64, r-oldrel-macos-arm64, r-oldrel-macos-x86_64