CRAN Package Check Results for Package RaSEn

Last updated on 2024-02-22 21:51:50 CET.

Flavor Version Tinstall Tcheck Ttotal Status Flags
r-devel-linux-x86_64-debian-clang 3.0.0 OK
r-devel-linux-x86_64-debian-gcc 3.0.0 21.01 311.22 332.23 OK
r-devel-linux-x86_64-fedora-clang 3.0.0 569.92 OK
r-devel-linux-x86_64-fedora-gcc 3.0.0 552.14 OK
r-devel-windows-x86_64 3.0.0 22.00 271.00 293.00 OK
r-patched-linux-x86_64 3.0.0 21.50 411.15 432.65 OK
r-release-linux-x86_64 3.0.0 17.02 418.13 435.15 OK
r-release-macos-arm64 3.0.0 121.00 OK
r-release-macos-x86_64 3.0.0 217.00 NOTE
r-release-windows-x86_64 3.0.0 30.00 327.00 357.00 OK
r-oldrel-macos-arm64 3.0.0 107.00 OK
r-oldrel-windows-x86_64 3.0.0 36.00 347.00 383.00 OK

Check Details

Version: 3.0.0
Check: installed package size
Result: NOTE installed size is 5.2Mb sub-directories of 1Mb or more: data 4.5Mb Flavor: r-release-macos-x86_64