Last updated on 2024-04-18 22:52:55 CEST.
Flavor | Version | Tinstall | Tcheck | Ttotal | Status | Flags |
---|---|---|---|---|---|---|
r-devel-linux-x86_64-debian-clang | 2.3.4 | 3.23 | 42.32 | 45.55 | NOTE | |
r-devel-linux-x86_64-debian-gcc | 2.3.4 | 3.53 | 32.21 | 35.74 | NOTE | |
r-devel-linux-x86_64-fedora-clang | 2.3.4 | 60.04 | NOTE | |||
r-devel-linux-x86_64-fedora-gcc | 2.3.4 | 69.42 | NOTE | |||
r-prerel-macos-arm64 | 2.3.4 | 29.00 | NOTE | |||
r-prerel-windows-x86_64 | 2.3.4 | 5.00 | 52.00 | 57.00 | NOTE | |
r-patched-linux-x86_64 | 2.3.4 | 3.16 | 41.11 | 44.27 | NOTE | |
r-release-linux-x86_64 | 2.3.4 | 3.29 | 38.18 | 41.47 | NOTE | |
r-release-macos-arm64 | 2.3.4 | 32.00 | NOTE | |||
r-release-macos-x86_64 | 2.3.4 | 44.00 | NOTE | |||
r-release-windows-x86_64 | 2.3.4 | 7.00 | 54.00 | 61.00 | NOTE | |
r-oldrel-macos-arm64 | 2.3.4 | 34.00 | NOTE | |||
r-oldrel-windows-x86_64 | 2.3.4 | 7.00 | 63.00 | 70.00 | NOTE |
Version: 2.3.4
Check: LazyData
Result: NOTE
'LazyData' is specified without a 'data' directory
Flavors: r-devel-linux-x86_64-debian-clang, r-devel-linux-x86_64-debian-gcc, r-devel-linux-x86_64-fedora-clang, r-devel-linux-x86_64-fedora-gcc, r-prerel-macos-arm64, r-prerel-windows-x86_64, r-patched-linux-x86_64, r-release-linux-x86_64, r-release-macos-arm64, r-release-macos-x86_64, r-release-windows-x86_64, r-oldrel-macos-arm64, r-oldrel-windows-x86_64