CRAN Package Check Results for Package RanglaPunjab

Last updated on 2024-05-20 21:54:28 CEST.

Flavor Version Tinstall Tcheck Ttotal Status Flags
r-devel-linux-x86_64-debian-clang 2.3.4 6.06 42.79 48.85 NOTE
r-devel-linux-x86_64-debian-gcc 2.3.4 4.08 32.21 36.29 NOTE
r-devel-linux-x86_64-fedora-clang 2.3.4 59.63 NOTE
r-devel-linux-x86_64-fedora-gcc 2.3.4 68.65 NOTE
r-devel-windows-x86_64 2.3.4 6.00 52.00 58.00 NOTE
r-patched-linux-x86_64 2.3.4 4.84 40.87 45.71 NOTE
r-release-linux-x86_64 2.3.4 3.61 40.16 43.77 NOTE
r-release-macos-arm64 2.3.4 29.00 NOTE
r-release-windows-x86_64 2.3.4 6.00 54.00 60.00 NOTE
r-oldrel-macos-arm64 2.3.4 32.00 NOTE
r-oldrel-macos-x86_64 2.3.4 44.00 NOTE
r-oldrel-windows-x86_64 2.3.4 8.00 57.00 65.00 NOTE

Check Details

Version: 2.3.4
Check: LazyData
Result: NOTE 'LazyData' is specified without a 'data' directory Flavors: r-devel-linux-x86_64-debian-clang, r-devel-linux-x86_64-debian-gcc, r-devel-linux-x86_64-fedora-clang, r-devel-linux-x86_64-fedora-gcc, r-devel-windows-x86_64, r-patched-linux-x86_64, r-release-linux-x86_64, r-release-macos-arm64, r-release-windows-x86_64, r-oldrel-macos-arm64, r-oldrel-macos-x86_64, r-oldrel-windows-x86_64