Last updated on 2023-12-07 21:55:58 CET.
Flavor | Version | Tinstall | Tcheck | Ttotal | Status | Flags |
---|---|---|---|---|---|---|
r-devel-linux-x86_64-debian-clang | 2.3.0 | 28.88 | 255.89 | 284.77 | OK | |
r-devel-linux-x86_64-debian-gcc | 2.3.0 | 25.77 | 192.68 | 218.45 | OK | |
r-devel-linux-x86_64-fedora-clang | 2.3.0 | 344.86 | OK | |||
r-devel-linux-x86_64-fedora-gcc | 2.3.0 | 346.33 | OK | |||
r-devel-windows-x86_64 | 2.3.0 | 25.00 | 206.00 | 231.00 | OK | |
r-patched-linux-x86_64 | 2.3.0 | 25.97 | 251.51 | 277.48 | OK | |
r-release-linux-x86_64 | 2.3.0 | 20.48 | 244.57 | 265.05 | OK | |
r-release-macos-arm64 | 2.3.0 | 9.00 | ERROR | |||
r-release-macos-x86_64 | 2.3.0 | 10.00 | ERROR | |||
r-release-windows-x86_64 | 2.3.0 | 33.00 | 228.00 | 261.00 | OK | |
r-oldrel-macos-arm64 | 2.2.0 | 89.00 | OK | |||
r-oldrel-macos-x86_64 | 2.2.0 | 127.00 | OK | |||
r-oldrel-windows-x86_64 | 2.2.0 | 34.00 | 236.00 | 270.00 | OK |
Version: 2.3.0
Check: package dependencies
Result: ERROR
Packages required and available but unsuitable versions:
'GenomicRanges', 'IRanges'
See section ‘The DESCRIPTION file’ in the ‘Writing R Extensions’
manual.
Flavors: r-release-macos-arm64, r-release-macos-x86_64