CRAN Package Check Results for Package Rcatch22

Last updated on 2024-03-04 22:58:12 CET.

Flavor Version Tinstall Tcheck Ttotal Status Flags
r-devel-linux-x86_64-debian-clang 0.2.1 28.29 37.51 65.80 OK
r-devel-linux-x86_64-debian-gcc 0.2.1 21.62 29.42 51.04 OK
r-devel-linux-x86_64-fedora-clang 0.2.1 94.41 NOTE
r-devel-linux-x86_64-fedora-gcc 0.2.1 97.48 NOTE
r-devel-windows-x86_64 0.2.1 30.00 94.00 124.00 OK
r-patched-linux-x86_64 0.2.1 30.38 36.50 66.88 OK
r-release-linux-x86_64 0.2.1 26.17 36.73 62.90 OK
r-release-macos-arm64 0.2.1 35.00 OK
r-release-macos-x86_64 0.2.1 59.00 OK
r-release-windows-x86_64 0.2.1 32.00 89.00 121.00 OK
r-oldrel-macos-arm64 0.2.1 29.00 OK
r-oldrel-windows-x86_64 0.2.1 35.00 85.00 120.00 OK

Check Details

Version: 0.2.1
Check: dependencies in R code
Result: NOTE Namespace in Imports field not imported from: ‘stats’ All declared Imports should be used. Flavors: r-devel-linux-x86_64-fedora-clang, r-devel-linux-x86_64-fedora-gcc