Last updated on 2023-02-06 21:54:56 CET.
Flavor | Version | Tinstall | Tcheck | Ttotal | Status | Flags |
---|---|---|---|---|---|---|
r-devel-linux-x86_64-debian-clang | 0.2.1 | 29.65 | 37.97 | 67.62 | OK | |
r-devel-linux-x86_64-debian-gcc | 0.2.1 | 21.65 | 29.32 | 50.97 | OK | |
r-devel-linux-x86_64-fedora-clang | 0.2.1 | 88.60 | NOTE | |||
r-devel-linux-x86_64-fedora-gcc | 0.2.1 | 92.18 | NOTE | |||
r-devel-windows-x86_64 | 0.2.1 | 61.00 | 107.00 | 168.00 | OK | |
r-patched-linux-x86_64 | 0.2.1 | 20.41 | 37.17 | 57.58 | OK | |
r-release-linux-x86_64 | 0.2.1 | 23.35 | 38.32 | 61.67 | OK | |
r-release-macos-arm64 | 0.2.1 | 29.00 | NOTE | |||
r-release-macos-x86_64 | 0.2.1 | 40.00 | NOTE | |||
r-release-windows-x86_64 | 0.2.1 | 61.00 | 107.00 | 168.00 | OK | |
r-oldrel-macos-arm64 | 0.2.1 | 28.00 | NOTE | |||
r-oldrel-macos-x86_64 | 0.2.1 | 48.00 | NOTE | |||
r-oldrel-windows-ix86+x86_64 | 0.2.1 | 73.00 | 112.00 | 185.00 | OK |
Version: 0.2.1
Check: dependencies in R code
Result: NOTE
Namespace in Imports field not imported from: ‘stats’
All declared Imports should be used.
Flavors: r-devel-linux-x86_64-fedora-clang, r-devel-linux-x86_64-fedora-gcc, r-release-macos-arm64, r-release-macos-x86_64, r-oldrel-macos-arm64, r-oldrel-macos-x86_64