Last updated on 2024-04-23 22:55:33 CEST.
Flavor | Version | Tinstall | Tcheck | Ttotal | Status | Flags |
---|---|---|---|---|---|---|
r-devel-linux-x86_64-debian-clang | 0.3-6 | 20.98 | 137.12 | 158.10 | NOTE | |
r-devel-linux-x86_64-debian-gcc | 0.3-6 | 14.04 | 97.74 | 111.78 | NOTE | |
r-devel-linux-x86_64-fedora-clang | 0.3-6 | 195.35 | NOTE | |||
r-devel-linux-x86_64-fedora-gcc | 0.3-6 | 189.60 | NOTE | |||
r-prerel-macos-arm64 | 0.3-6 | 48.00 | NOTE | |||
r-prerel-windows-x86_64 | 0.3-6 | 14.00 | 112.00 | 126.00 | NOTE | |
r-patched-linux-x86_64 | 0.3-6 | 14.69 | 129.97 | 144.66 | NOTE | |
r-release-linux-x86_64 | 0.3-6 | 17.36 | 134.87 | 152.23 | OK | |
r-release-macos-arm64 | 0.3-6 | 53.00 | OK | |||
r-release-macos-x86_64 | 0.3-6 | 94.00 | OK | |||
r-release-windows-x86_64 | 0.3-6 | 20.00 | 134.00 | 154.00 | OK | |
r-oldrel-macos-arm64 | 0.3-6 | 48.00 | OK | |||
r-oldrel-windows-x86_64 | 0.3-6 | 20.00 | 135.00 | 155.00 | OK |
Version: 0.3-6
Check: Rd files
Result: NOTE
checkRd: (-1) Rchoice.Rd:159: Lost braces; missing escapes or markup?
159 | \code{ranp}. If the parameters are assumed to be normally distributed \eqn{\beta_i ~ N(\beta, \Sigma)}, then the random parameter are constructed as: \deqn{\beta_{ir}=\beta+L\omega_{ir}} where \eqn{LL'=\Sigma} and \eqn{\omega_{ir}} is the {r}-th draw from standard normal distribution for individual \eqn{i}.
| ^
Flavors: r-devel-linux-x86_64-debian-clang, r-devel-linux-x86_64-debian-gcc, r-devel-linux-x86_64-fedora-clang, r-devel-linux-x86_64-fedora-gcc, r-prerel-macos-arm64, r-prerel-windows-x86_64, r-patched-linux-x86_64