Last updated on 2023-01-29 23:03:18 CET.
Flavor | Version | Tinstall | Tcheck | Ttotal | Status | Flags |
---|---|---|---|---|---|---|
r-devel-linux-x86_64-debian-clang | 0.91.5 | 21.36 | 198.75 | 220.11 | OK | |
r-devel-linux-x86_64-debian-gcc | 0.91.5 | 16.80 | 142.83 | 159.63 | OK | |
r-devel-linux-x86_64-fedora-clang | 0.91.5 | 278.37 | NOTE | |||
r-devel-linux-x86_64-fedora-gcc | 0.91.5 | 289.24 | OK | |||
r-devel-windows-x86_64 | 0.91.5 | 155.00 | 336.00 | 491.00 | OK | |
r-patched-linux-x86_64 | 0.91.5 | 29.61 | 203.97 | 233.58 | OK | |
r-release-linux-x86_64 | 0.91.5 | 29.15 | 211.45 | 240.60 | OK | |
r-release-macos-arm64 | 0.91.5 | 69.00 | OK | |||
r-release-macos-x86_64 | 0.91.5 | 159.00 | OK | |||
r-release-windows-x86_64 | 0.91.5 | 97.00 | 233.00 | 330.00 | OK | |
r-oldrel-macos-arm64 | 0.91.5 | 49.00 | OK | |||
r-oldrel-macos-x86_64 | 0.91.5 | 144.00 | OK | |||
r-oldrel-windows-ix86+x86_64 | 0.91.5 | 53.00 | 218.00 | 271.00 | OK |
Version: 0.91.5
Check: package dependencies
Result: NOTE
Imports includes 23 non-default packages.
Importing from so many packages makes the package vulnerable to any of
them becoming unavailable. Move as many as possible to Suggests and
use conditionally.
Flavor: r-devel-linux-x86_64-fedora-clang