CRAN Package Check Results for Package Rcmdr

Last updated on 2018-08-17 22:52:57 CEST.

Flavor Version Tinstall Tcheck Ttotal Status Flags
r-devel-linux-x86_64-debian-clang 2.4-4 27.75 192.64 220.39 OK
r-devel-linux-x86_64-debian-gcc 2.4-4 21.43 148.84 170.27 OK
r-devel-linux-x86_64-fedora-clang 2.4-4 259.61 NOTE
r-devel-linux-x86_64-fedora-gcc 2.4-4 254.55 OK
r-devel-windows-ix86+x86_64 2.4-4 59.00 287.00 346.00 NOTE
r-patched-linux-x86_64 2.4-4 26.72 168.25 194.97 OK
r-patched-solaris-x86 2.4-4 332.70 NOTE
r-release-linux-x86_64 2.4-4 25.96 167.22 193.18 OK
r-release-windows-ix86+x86_64 2.4-4 62.00 274.00 336.00 NOTE
r-release-osx-x86_64 2.4-4 NOTE
r-oldrel-windows-ix86+x86_64 2.4-4 44.00 178.00 222.00 NOTE
r-oldrel-osx-x86_64 2.4-4 NOTE

Check Details

Version: 2.4-4
Check: installed package size
Result: NOTE
     installed size is 6.9Mb
     sub-directories of 1Mb or more:
     R 1.1Mb
     doc 3.0Mb
     po 2.2Mb
Flavors: r-devel-linux-x86_64-fedora-clang, r-devel-windows-ix86+x86_64, r-patched-solaris-x86, r-release-windows-ix86+x86_64, r-release-osx-x86_64, r-oldrel-windows-ix86+x86_64, r-oldrel-osx-x86_64