CRAN Package Check Results for Package Rcmdr

Last updated on 2018-05-25 22:47:57 CEST.

Flavor Version Tinstall Tcheck Ttotal Status Flags
r-devel-linux-x86_64-debian-clang 2.4-4 26.53 180.08 206.61 OK
r-devel-linux-x86_64-debian-gcc 2.4-4 23.13 140.28 163.41 OK
r-devel-linux-x86_64-fedora-clang 2.4-4 268.58 NOTE
r-devel-linux-x86_64-fedora-gcc 2.4-4 248.80 NOTE
r-devel-windows-ix86+x86_64 2.4-4 42.00 163.00 205.00 NOTE
r-patched-linux-x86_64 2.4-4 26.45 160.88 187.33 OK
r-patched-solaris-x86 2.4-4 317.20 NOTE
r-release-linux-x86_64 2.4-4 24.06 160.79 184.85 OK
r-release-windows-ix86+x86_64 2.4-4 61.00 216.00 277.00 NOTE
r-release-osx-x86_64 2.4-4 NOTE
r-oldrel-windows-ix86+x86_64 2.4-4 60.00 170.00 230.00 NOTE
r-oldrel-osx-x86_64 2.4-4 NOTE

Check Details

Version: 2.4-4
Check: installed package size
Result: NOTE
     installed size is 6.9Mb
     sub-directories of 1Mb or more:
     R 1.1Mb
     doc 3.0Mb
     po 2.2Mb
Flavors: r-devel-linux-x86_64-fedora-clang, r-devel-linux-x86_64-fedora-gcc, r-devel-windows-ix86+x86_64, r-patched-solaris-x86, r-release-windows-ix86+x86_64, r-release-osx-x86_64, r-oldrel-windows-ix86+x86_64, r-oldrel-osx-x86_64