CRAN Package Check Results for Package Rcmdr

Last updated on 2017-04-26 21:47:33.

Flavor Version Tinstall Tcheck Ttotal Status Flags
r-devel-linux-x86_64-debian-clang 2.3-2 20.97 100.31 121.27 OK
r-devel-linux-x86_64-debian-gcc 2.3-2 20.79 103.18 123.96 OK
r-devel-linux-x86_64-fedora-clang 2.3-2 240.25 NOTE --no-stop-on-test-error
r-devel-linux-x86_64-fedora-gcc 2.3-2 232.04 NOTE --no-stop-on-test-error
r-devel-windows-ix86+x86_64 2.3-2 58.00 156.00 214.00 NOTE
r-patched-linux-x86_64 2.3-2 19.90 101.73 121.63 OK
r-patched-solaris-sparc 2.3-2 1291.30 NOTE
r-patched-solaris-x86 2.3-2 291.00 NOTE
r-release-linux-x86_64 2.3-2 19.86 106.32 126.18 OK
r-release-windows-ix86+x86_64 2.3-2 37.00 129.00 166.00 NOTE
r-release-osx-x86_64 2.3-2 NOTE
r-oldrel-windows-ix86+x86_64 2.3-2 38.00 118.00 156.00 NOTE
r-oldrel-osx-x86_64 2.3-2 NOTE

Check Details

Version: 2.3-2
Flags: --no-stop-on-test-error
Check: installed package size
Result: NOTE
     installed size is 7.8Mb
     sub-directories of 1Mb or more:
     R 1.0Mb
     doc 4.0Mb
     po 2.2Mb
Flavors: r-devel-linux-x86_64-fedora-clang, r-devel-linux-x86_64-fedora-gcc

Version: 2.3-2
Check: installed package size
Result: NOTE
     installed size is 7.6Mb
     sub-directories of 1Mb or more:
     R 1.0Mb
     doc 4.0Mb
     po 2.0Mb
Flavors: r-devel-windows-ix86+x86_64, r-patched-solaris-sparc, r-patched-solaris-x86, r-release-windows-ix86+x86_64, r-release-osx-x86_64, r-oldrel-windows-ix86+x86_64, r-oldrel-osx-x86_64