CRAN Package Check Results for Package Rcmdr

Last updated on 2017-03-27 21:49:03.

Flavor Version Tinstall Tcheck Ttotal Status Flags
r-devel-linux-x86_64-debian-clang 2.3-2 20.81 102.98 123.79 OK
r-devel-linux-x86_64-debian-gcc 2.3-2 19.16 106.91 126.07 OK
r-devel-linux-x86_64-fedora-clang 2.3-2 235.70 NOTE --no-stop-on-test-error
r-devel-linux-x86_64-fedora-gcc 2.3-2 236.36 NOTE --no-stop-on-test-error
r-devel-macos-x86_64-clang 2.3-2 177.77 NOTE --no-stop-on-test-error
r-devel-windows-ix86+x86_64 2.3-2 44.00 136.00 180.00 NOTE
r-patched-linux-x86_64 2.3-2 20.60 106.04 126.64 OK
r-patched-solaris-sparc 2.3-2 1291.30 NOTE
r-patched-solaris-x86 2.3-2 298.70 NOTE
r-release-linux-x86_64 2.3-2 18.98 99.84 118.82 OK
r-release-osx-x86_64-mavericks 2.3-2 NOTE
r-release-windows-ix86+x86_64 2.3-2 51.00 183.00 234.00 NOTE
r-oldrel-windows-ix86+x86_64 2.3-2 37.00 143.00 180.00 NOTE

Check Details

Version: 2.3-2
Flags: --no-stop-on-test-error
Check: installed package size
Result: NOTE
     installed size is 7.8Mb
     sub-directories of 1Mb or more:
     R 1.0Mb
     doc 4.0Mb
     po 2.2Mb
Flavors: r-devel-linux-x86_64-fedora-clang, r-devel-linux-x86_64-fedora-gcc, r-devel-macos-x86_64-clang

Version: 2.3-2
Check: installed package size
Result: NOTE
     installed size is 7.6Mb
     sub-directories of 1Mb or more:
     R 1.0Mb
     doc 4.0Mb
     po 2.0Mb
Flavors: r-devel-windows-ix86+x86_64, r-patched-solaris-sparc, r-patched-solaris-x86, r-release-osx-x86_64-mavericks, r-release-windows-ix86+x86_64, r-oldrel-windows-ix86+x86_64