CRAN Package Check Results for Package Rcmdr

Last updated on 2019-01-15 22:50:21 CET.

Flavor Version Tinstall Tcheck Ttotal Status Flags
r-devel-linux-x86_64-debian-clang 2.5-1 35.46 196.52 231.98 OK
r-devel-linux-x86_64-debian-gcc 2.5-1 27.40 148.18 175.58 OK
r-devel-linux-x86_64-fedora-clang 2.5-1 295.71 NOTE
r-devel-linux-x86_64-fedora-gcc 2.5-1 268.19 OK
r-devel-windows-ix86+x86_64 2.5-1 39.00 160.00 199.00 NOTE
r-patched-linux-x86_64 2.5-1 24.07 170.84 194.91 OK
r-patched-solaris-x86 2.5-1 355.70 NOTE
r-release-linux-x86_64 2.5-1 25.51 170.72 196.23 OK
r-release-windows-ix86+x86_64 2.5-1 59.00 181.00 240.00 NOTE
r-release-osx-x86_64 2.5-1 NOTE
r-oldrel-windows-ix86+x86_64 2.5-0 11.00 7.00 18.00 ERROR
r-oldrel-osx-x86_64 2.5-1 ERROR

Check Details

Version: 2.5-1
Check: installed package size
Result: NOTE
     installed size is 6.9Mb
     sub-directories of 1Mb or more:
     R 1.1Mb
     doc 3.0Mb
     po 2.2Mb
Flavors: r-devel-linux-x86_64-fedora-clang, r-devel-windows-ix86+x86_64, r-patched-solaris-x86, r-release-windows-ix86+x86_64, r-release-osx-x86_64

Version: 2.5-0
Check: package dependencies
Result: ERROR
    Package required and available but unsuitable version: 'effects'
    
    See section 'The DESCRIPTION file' in the 'Writing R Extensions'
    manual.
Flavor: r-oldrel-windows-ix86+x86_64

Version: 2.5-1
Check: package dependencies
Result: ERROR
    Packages required and available but unsuitable versions:
     ‘RcmdrMisc’ ‘effects’
    
    See section ‘The DESCRIPTION file’ in the ‘Writing R Extensions’
    manual.
Flavor: r-oldrel-osx-x86_64