CRAN Package Check Results for Package Rcmdr

Last updated on 2017-12-10 22:50:03 CET.

Flavor Version Tinstall Tcheck Ttotal Status Flags
r-devel-linux-x86_64-debian-clang 2.4-1 25.10 180.73 205.83 OK
r-devel-linux-x86_64-debian-gcc 2.4-1 23.91 137.73 161.64 OK
r-devel-linux-x86_64-fedora-clang 2.4-1 242.42 NOTE
r-devel-linux-x86_64-fedora-gcc 2.4-1 240.59 NOTE
r-devel-windows-ix86+x86_64 2.4-1 42.00 186.00 228.00 NOTE
r-patched-linux-x86_64 2.4-1 27.41 190.01 217.42 OK
r-patched-solaris-x86 2.4-1 336.70 NOTE
r-release-linux-x86_64 2.4-1 28.86 189.90 218.76 OK
r-release-windows-ix86+x86_64 2.4-1 46.00 187.00 233.00 NOTE
r-release-osx-x86_64 2.4-1 NOTE
r-oldrel-windows-ix86+x86_64 2.4-1 44.00 166.00 210.00 NOTE
r-oldrel-osx-x86_64 2.4-1 NOTE

Check Details

Version: 2.4-1
Check: installed package size
Result: NOTE
     installed size is 6.9Mb
     sub-directories of 1Mb or more:
     R 1.0Mb
     doc 3.0Mb
     po 2.2Mb
Flavors: r-devel-linux-x86_64-fedora-clang, r-devel-linux-x86_64-fedora-gcc, r-devel-windows-ix86+x86_64, r-patched-solaris-x86, r-release-windows-ix86+x86_64, r-release-osx-x86_64, r-oldrel-windows-ix86+x86_64, r-oldrel-osx-x86_64

Version: 2.4-1
Check: re-building of vignette outputs
Result: NOTE
    Error in re-building vignettes:
     ...
    Loading required package: sandwich
    Loading required package: effects
    Loading required package: carData
    
    Attaching package: ‘carData’
    
    The following objects are masked from ‘package:car’:
    
     Guyer, UN, Vocab
    
    lattice theme set by effectsTheme()
    See ?effectsTheme for details.
    The Commander GUI is launched only in interactive sessions
    Error in texi2dvi(file = file, pdf = TRUE, clean = clean, quiet = quiet, :
     Running 'texi2dvi' on 'Getting-Started-with-the-Rcmdr.tex' failed.
    BibTeX errors:
    The top-level auxiliary file: Getting-Started-with-the-Rcmdr.aux
    I couldn't open style file apa.bst
    ---line 3 of file Getting-Started-with-the-Rcmdr.aux
     : \bibstyle{apa
     : }
    I'm skipping whatever remains of this command
    I found no style file---while reading file Getting-Started-with-the-Rcmdr.aux
    Calls: buildVignettes -> texi2pdf -> texi2dvi
    Execution halted
Flavor: r-release-osx-x86_64