CRAN Package Check Results for Package RcmdrMisc

Last updated on 2018-10-16 22:56:35 CEST.

Flavor Version Tinstall Tcheck Ttotal Status Flags
r-devel-linux-x86_64-debian-clang 2.5-1 8.08 98.34 106.42 OK
r-devel-linux-x86_64-debian-gcc 2.5-1 7.03 80.02 87.05 OK
r-devel-linux-x86_64-fedora-clang 2.5-1 126.04 OK
r-devel-linux-x86_64-fedora-gcc 2.5-1 126.17 OK
r-devel-windows-ix86+x86_64 2.5-1 23.00 151.00 174.00 WARN
r-patched-linux-x86_64 2.5-1 5.76 80.91 86.67 OK
r-patched-solaris-x86 2.5-1 169.20 OK
r-release-linux-x86_64 2.5-1 7.47 81.60 89.07 OK
r-release-windows-ix86+x86_64 2.5-1 21.00 148.00 169.00 OK
r-release-osx-x86_64 2.5-1 OK
r-oldrel-windows-ix86+x86_64 2.5-0 25.00 93.00 118.00 ERROR
r-oldrel-osx-x86_64 2.5-1 ERROR

Check Details

Version: 2.5-1
Check: whether package can be installed
Result: WARN
    Found the following significant warnings:
     Warning: S3 methods '[.fun_list', '[.grouped_df', 'all.equal.tbl_df', 'anti_join.data.frame', 'anti_join.tbl_df', 'arrange.data.frame', 'arrange.default', 'arrange.grouped_df', 'arrange.tbl_df', 'arrange_.data.frame', 'arrange_.tbl_df', 'as.data.frame.grouped_df', 'as.data.frame.rowwise_df', 'as.data.frame.tbl_cube', 'as.data.frame.tbl_df', 'as.table.tbl_cube', 'as.tbl.data.frame', 'as.tbl.tbl', 'as.tbl_cube.array', 'as.tbl_cube.data.frame', 'as.tbl_cube.matrix', 'as.tbl_cube.table', 'as_data_frame.grouped_df', 'as_data_frame.tbl_cube', 'auto_copy.tbl_cube', 'auto_copy.tbl_df', 'cbind.grouped_df', 'collapse.data.frame', 'collect.data.frame', 'common_by.NULL', 'common_by.character', 'common_by.default', 'common_by.list', 'compute.data.frame', 'copy_to.DBIConnection', 'copy_to.src_local', 'default_missing.data.frame', 'default_missing.default', 'dim.tbl_cube', 'distinct.data.frame', 'distinct.default', 'distinct.grouped_df', 'distinct.tbl_df', 'distinct_.data.frame', 'distinct_.grouped_df', 'dist [... truncated]
Flavor: r-devel-windows-ix86+x86_64

Version: 2.5-0
Check: R code for possible problems
Result: NOTE
    indexplot: no visible global function definition for 'isFALSE'
    Undefined global functions or variables:
     isFALSE
Flavor: r-oldrel-windows-ix86+x86_64

Version: 2.5-0
Check: examples
Result: ERROR
    Running examples in 'RcmdrMisc-Ex.R' failed
    The error most likely occurred in:
    
    > ### Name: indexplot
    > ### Title: Index Plots
    > ### Aliases: indexplot
    > ### Keywords: hplot
    >
    > ### ** Examples
    >
    > if (require("car")){
    + with(Prestige, indexplot(income, id.n=2, labels=rownames(Prestige)))
    + indexplot(Prestige[, c("income", "education", "prestige")],
    + groups = Prestige$type, id.n=2)
    + }
    Error in isFALSE(legend) : could not find function "isFALSE"
    Calls: with -> with.default -> eval -> eval -> indexplot
    Execution halted
Flavor: r-oldrel-windows-ix86+x86_64

Version: 2.5-1
Check: whether package can be installed
Result: ERROR
    Installation failed.
Flavor: r-oldrel-osx-x86_64