CRAN Package Check Results for Package RcmdrPlugin.BCA

Last updated on 2018-05-25 22:47:57 CEST.

Flavor Version Tinstall Tcheck Ttotal Status Flags
r-devel-windows-ix86+x86_64 0.9-8 35.00 124.00 159.00 WARN
r-patched-linux-x86_64 0.9-8 10.24 99.68 109.92 WARN
r-release-windows-ix86+x86_64 0.9-8 34.00 169.00 203.00 WARN
r-release-osx-x86_64 0.9-8 WARN
r-oldrel-windows-ix86+x86_64 0.9-8 28.00 112.00 140.00 WARN
r-oldrel-osx-x86_64 0.9-8 NOTE

Check Details

Version: 0.9-8
Check: whether package can be installed
Result: WARN
    Found the following significant warnings:
     Warning: replacing previous import 'Rcmdr::Confint' by 'car::Confint' when loading 'RcmdrPlugin.BCA'
Flavors: r-devel-windows-ix86+x86_64, r-patched-linux-x86_64, r-release-windows-ix86+x86_64, r-release-osx-x86_64, r-oldrel-windows-ix86+x86_64

Version: 0.9-8
Check: R code for possible problems
Result: NOTE
    .onAttach: no visible global function definition for 'palette'
    .onAttach: no visible global function definition for 'dev.off'
    helpAboutBCA: no visible global function definition for 'help'
    Undefined global functions or variables:
     dev.off help palette
    Consider adding
     importFrom("grDevices", "dev.off", "palette")
     importFrom("utils", "help")
    to your NAMESPACE file.
Flavors: r-devel-windows-ix86+x86_64, r-patched-linux-x86_64, r-release-windows-ix86+x86_64, r-release-osx-x86_64, r-oldrel-windows-ix86+x86_64, r-oldrel-osx-x86_64