CRAN Package Check Results for Package RcmdrPlugin.BCA

Last updated on 2017-05-24 22:47:29.

Flavor Version Tinstall Tcheck Ttotal Status Flags
r-devel-linux-x86_64-debian-clang 0.9-8 5.62 65.85 71.47 NOTE
r-devel-linux-x86_64-debian-gcc 0.9-8 5.28 65.73 71.01 NOTE
r-devel-linux-x86_64-fedora-clang 0.9-8 151.58 NOTE --no-stop-on-test-error
r-devel-linux-x86_64-fedora-gcc 0.9-8 146.30 NOTE --no-stop-on-test-error
r-devel-windows-ix86+x86_64 0.9-8 20.00 108.00 128.00 NOTE
r-patched-linux-x86_64 0.9-8 5.55 67.82 73.37 NOTE
r-patched-solaris-sparc 0.9-8 835.50 NOTE
r-patched-solaris-x86 0.9-8 208.70 NOTE
r-release-linux-x86_64 0.9-8 5.48 65.73 71.21 NOTE
r-release-windows-ix86+x86_64 0.9-8 29.00 177.00 206.00 NOTE
r-release-osx-x86_64 0.9-8 NOTE
r-oldrel-windows-ix86+x86_64 0.9-8 40.00 159.00 199.00 NOTE
r-oldrel-osx-x86_64 0.9-8 WARN

Check Details

Version: 0.9-8
Check: R code for possible problems
Result: NOTE
    .onAttach: no visible global function definition for ‘palette’
    .onAttach: no visible global function definition for ‘dev.off’
    helpAboutBCA: no visible global function definition for ‘help’
    Undefined global functions or variables:
     dev.off help palette
    Consider adding
     importFrom("grDevices", "dev.off", "palette")
     importFrom("utils", "help")
    to your NAMESPACE file.
Flavors: r-devel-linux-x86_64-debian-clang, r-devel-linux-x86_64-debian-gcc, r-devel-windows-ix86+x86_64, r-patched-linux-x86_64, r-patched-solaris-sparc, r-patched-solaris-x86, r-release-linux-x86_64, r-release-windows-ix86+x86_64, r-release-osx-x86_64, r-oldrel-windows-ix86+x86_64

Version: 0.9-8
Flags: --no-stop-on-test-error
Check: R code for possible problems
Result: NOTE
    .onAttach: no visible global function definition for ‘palette’
    .onAttach: no visible global function definition for ‘dev.off’
    helpAboutBCA: no visible global function definition for ‘help’
    Undefined global functions or variables:
     dev.off help palette
    Consider adding
     importFrom("grDevices", "dev.off", "palette")
     importFrom("utils", "help")
    to your NAMESPACE file.
Flavors: r-devel-linux-x86_64-fedora-clang, r-devel-linux-x86_64-fedora-gcc

Version: 0.9-8
Check: dependencies in R code
Result: NOTE
    Invalid MIT-MAGIC-COOKIE-1 keyInvalid MIT-MAGIC-COOKIE-1 key
Flavor: r-oldrel-osx-x86_64

Version: 0.9-8
Check: S3 generic/method consistency
Result: WARN
    Invalid MIT-MAGIC-COOKIE-1 key
    See section ‘Generic functions and methods’ in the ‘Writing R
    Extensions’ manual.
Flavor: r-oldrel-osx-x86_64

Version: 0.9-8
Check: replacement functions
Result: WARN
    Invalid MIT-MAGIC-COOKIE-1 key
    The argument of a replacement function which corresponds to the right
    hand side must be named ‘value’.
Flavor: r-oldrel-osx-x86_64

Version: 0.9-8
Check: foreign function calls
Result: NOTE
    Invalid MIT-MAGIC-COOKIE-1 key
    See chapter ‘System and foreign language interfaces’ in the ‘Writing R
    Extensions’ manual.
Flavor: r-oldrel-osx-x86_64

Version: 0.9-8
Check: R code for possible problems
Result: NOTE
    Invalid MIT-MAGIC-COOKIE-1 key.onAttach: no visible global function definition for ‘palette’
    .onAttach: no visible global function definition for ‘dev.off’
    helpAboutBCA: no visible global function definition for ‘help’
    Undefined global functions or variables:
     dev.off help palette
    Consider adding
     importFrom("grDevices", "dev.off", "palette")
     importFrom("utils", "help")
    to your NAMESPACE file.
Flavor: r-oldrel-osx-x86_64

Version: 0.9-8
Check: for missing documentation entries
Result: WARN
    Invalid MIT-MAGIC-COOKIE-1 key
    All user-level objects in a package should have documentation entries.
    See chapter ‘Writing R documentation files’ in the ‘Writing R
    Extensions’ manual.
Flavor: r-oldrel-osx-x86_64

Version: 0.9-8
Check: for code/documentation mismatches
Result: WARN
    Invalid MIT-MAGIC-COOKIE-1 key
    Invalid MIT-MAGIC-COOKIE-1 key
    Invalid MIT-MAGIC-COOKIE-1 key
Flavor: r-oldrel-osx-x86_64

Version: 0.9-8
Check: Rd \usage sections
Result: NOTE
    Invalid MIT-MAGIC-COOKIE-1 key
    The \usage entries for S3 methods should use the \method markup and not
    their full name.
    See chapter ‘Writing R documentation files’ in the ‘Writing R
    Extensions’ manual.
Flavor: r-oldrel-osx-x86_64