CRAN Package Check Results for Package RcmdrPlugin.EZR

Last updated on 2025-06-21 22:50:41 CEST.

Flavor Version Tinstall Tcheck Ttotal Status Flags
r-devel-linux-x86_64-debian-clang 1.68 41.92 204.08 246.00 NOTE
r-devel-linux-x86_64-debian-gcc 1.68 28.36 146.52 174.88 NOTE
r-devel-linux-x86_64-fedora-clang 1.68 404.70 OK
r-devel-linux-x86_64-fedora-gcc 1.68 346.78 OK
r-devel-windows-x86_64 1.68 63.00 312.00 375.00 OK
r-patched-linux-x86_64 1.68 49.83 216.04 265.87 OK
r-release-linux-x86_64 1.68 48.06 213.26 261.32 OK
r-release-macos-arm64 1.68 166.00 OK
r-release-macos-x86_64 1.68 217.00 OK
r-release-windows-x86_64 1.68 37.00 153.00 190.00 OK
r-oldrel-macos-arm64 1.68 102.00 OK
r-oldrel-macos-x86_64 1.68 172.00 OK
r-oldrel-windows-x86_64 1.68 54.00 205.00 259.00 OK

Check Details

Version: 1.68
Check: CRAN incoming feasibility
Result: NOTE Maintainer: ‘Yoshinobu Kanda <ycanda-tky@umin.ac.jp>’ No Authors@R field in DESCRIPTION. Please add one, modifying Authors@R: person(given = "Yoshinobu", family = "Kanda", role = c("aut", "cre"), email = "ycanda-tky@umin.ac.jp") as necessary. Flavors: r-devel-linux-x86_64-debian-clang, r-devel-linux-x86_64-debian-gcc