Last updated on 2024-03-27 22:57:56 CET.
Flavor | Version | Tinstall | Tcheck | Ttotal | Status | Flags |
---|---|---|---|---|---|---|
r-devel-linux-x86_64-debian-clang | 1.0.2 | 21.63 | 162.01 | 183.64 | NOTE | |
r-devel-linux-x86_64-debian-gcc | 1.0.2 | 17.29 | 122.06 | 139.35 | NOTE | |
r-devel-linux-x86_64-fedora-clang | 1.0.2 | 243.26 | NOTE | |||
r-devel-linux-x86_64-fedora-gcc | 1.0.2 | 244.99 | NOTE | |||
r-devel-windows-x86_64 | 1.0.2 | 24.00 | 186.00 | 210.00 | NOTE | |
r-patched-linux-x86_64 | 1.0.2 | 25.16 | 142.04 | 167.20 | NOTE | |
r-release-linux-x86_64 | 1.0.2 | 19.27 | 141.93 | 161.20 | NOTE | |
r-release-macos-arm64 | 1.0.2 | 68.00 | NOTE | |||
r-release-macos-x86_64 | 1.0.2 | 111.00 | NOTE | |||
r-release-windows-x86_64 | 1.0.2 | 24.00 | 174.00 | 198.00 | NOTE | |
r-oldrel-macos-arm64 | 1.0.2 | 62.00 | NOTE | |||
r-oldrel-windows-x86_64 | 1.0.2 | 25.00 | 162.00 | 187.00 | NOTE |
Version: 1.0.2
Check: LazyData
Result: NOTE
'LazyData' is specified without a 'data' directory
Flavors: r-devel-linux-x86_64-debian-clang, r-devel-linux-x86_64-debian-gcc, r-devel-linux-x86_64-fedora-clang, r-devel-linux-x86_64-fedora-gcc, r-devel-windows-x86_64, r-patched-linux-x86_64, r-release-linux-x86_64, r-release-macos-arm64, r-release-macos-x86_64, r-release-windows-x86_64, r-oldrel-macos-arm64, r-oldrel-windows-x86_64