CRAN Package Check Results for Package RcmdrPlugin.HH

Last updated on 2018-12-11 21:49:00 CET.

Flavor Version Tinstall Tcheck Ttotal Status Flags
r-devel-linux-x86_64-debian-clang 1.1-47 14.64 126.08 140.72 OK
r-devel-linux-x86_64-debian-gcc 1.1-47 11.36 95.94 107.30 OK
r-devel-linux-x86_64-fedora-clang 1.1-47 156.64 OK
r-devel-linux-x86_64-fedora-gcc 1.1-47 158.26 OK
r-devel-windows-ix86+x86_64 1.1-47 66.00 161.00 227.00 OK
r-patched-linux-x86_64 1.1-47 10.42 115.92 126.34 OK
r-patched-solaris-x86 1.1-47 251.80 OK
r-release-linux-x86_64 1.1-47 12.41 115.37 127.78 OK
r-release-windows-ix86+x86_64 1.1-47 32.00 151.00 183.00 OK
r-release-osx-x86_64 1.1-47 OK
r-oldrel-windows-ix86+x86_64 1.1-47 26.00 155.00 181.00 WARN
r-oldrel-osx-x86_64 1.1-47 OK

Check Details

Version: 1.1-47
Check: whether package can be installed
Result: WARN
    Found the following significant warnings:
     Warning: S3 methods '[.fun_list', '[.grouped_df', 'all.equal.tbl_df', 'anti_join.data.frame', 'anti_join.tbl_df', 'arrange.data.frame', 'arrange.default', 'arrange.grouped_df', 'arrange.tbl_df', 'arrange_.data.frame', 'arrange_.tbl_df', 'as.data.frame.grouped_df', 'as.data.frame.rowwise_df', 'as.data.frame.tbl_cube', 'as.table.tbl_cube', 'as.tbl.data.frame', 'as.tbl.tbl', 'as.tbl_cube.array', 'as.tbl_cube.data.frame', 'as.tbl_cube.matrix', 'as.tbl_cube.table', 'as_tibble.grouped_df', 'as_tibble.tbl_cube', 'auto_copy.tbl_cube', 'auto_copy.tbl_df', 'cbind.grouped_df', 'collapse.data.frame', 'collect.data.frame', 'common_by.NULL', 'common_by.character', 'common_by.default', 'common_by.list', 'compute.data.frame', 'copy_to.DBIConnection', 'copy_to.src_local', 'default_missing.data.frame', 'default_missing.default', 'dim.tbl_cube', 'distinct.data.frame', 'distinct.default', 'distinct.grouped_df', 'distinct.tbl_df', 'distinct_.data.frame', 'distinct_.grouped_df', 'distinct_.tbl_df', 'do.NULL', 'do.da [... truncated]
Flavor: r-oldrel-windows-ix86+x86_64