CRAN Package Check Results for Package RcmdrPlugin.HH

Last updated on 2017-06-25 22:48:19.

Flavor Version Tinstall Tcheck Ttotal Status Flags
r-devel-linux-x86_64-debian-clang 1.1-46 6.14 71.14 77.27 OK
r-devel-linux-x86_64-debian-gcc 1.1-46 6.29 75.58 81.87 OK
r-devel-linux-x86_64-fedora-clang 1.1-46 179.42 OK
r-devel-linux-x86_64-fedora-gcc 1.1-46 166.67 OK
r-devel-windows-ix86+x86_64 1.1-46 48.00 208.00 256.00 OK
r-patched-linux-x86_64 1.1-46 6.42 74.47 80.89 OK
r-patched-solaris-sparc 1.1-46 966.50 OK
r-patched-solaris-x86 1.1-46 241.60 OK
r-release-linux-x86_64 1.1-46 6.11 78.32 84.43 OK
r-release-windows-ix86+x86_64 1.1-46 57.00 223.00 280.00 OK
r-release-osx-x86_64 1.1-46 ERROR
r-oldrel-windows-ix86+x86_64 1.1-46 35.00 189.00 224.00 OK
r-oldrel-osx-x86_64 1.1-46 WARN

Check Details

Version: 1.1-46
Check: package dependencies
Result: ERROR
    Package required but not available: ‘HH’
    
    See section ‘The DESCRIPTION file’ in the ‘Writing R Extensions’
    manual.
Flavor: r-release-osx-x86_64

Version: 1.1-46
Check: dependencies in R code
Result: NOTE
    Invalid MIT-MAGIC-COOKIE-1 key
Flavor: r-oldrel-osx-x86_64

Version: 1.1-46
Check: S3 generic/method consistency
Result: WARN
    Invalid MIT-MAGIC-COOKIE-1 key
    See section ‘Generic functions and methods’ in the ‘Writing R
    Extensions’ manual.
Flavor: r-oldrel-osx-x86_64

Version: 1.1-46
Check: replacement functions
Result: WARN
    Invalid MIT-MAGIC-COOKIE-1 key
    The argument of a replacement function which corresponds to the right
    hand side must be named ‘value’.
Flavor: r-oldrel-osx-x86_64

Version: 1.1-46
Check: foreign function calls
Result: NOTE
    Invalid MIT-MAGIC-COOKIE-1 key
    See chapter ‘System and foreign language interfaces’ in the ‘Writing R
    Extensions’ manual.
Flavor: r-oldrel-osx-x86_64

Version: 1.1-46
Check: R code for possible problems
Result: NOTE
    Invalid MIT-MAGIC-COOKIE-1 key
Flavor: r-oldrel-osx-x86_64

Version: 1.1-46
Check: for missing documentation entries
Result: WARN
    Invalid MIT-MAGIC-COOKIE-1 key
    All user-level objects in a package should have documentation entries.
    See chapter ‘Writing R documentation files’ in the ‘Writing R
    Extensions’ manual.
Flavor: r-oldrel-osx-x86_64

Version: 1.1-46
Check: for code/documentation mismatches
Result: WARN
    Invalid MIT-MAGIC-COOKIE-1 key
    Invalid MIT-MAGIC-COOKIE-1 key
    Invalid MIT-MAGIC-COOKIE-1 key
Flavor: r-oldrel-osx-x86_64

Version: 1.1-46
Check: Rd \usage sections
Result: NOTE
    Invalid MIT-MAGIC-COOKIE-1 key
    The \usage entries for S3 methods should use the \method markup and not
    their full name.
    See chapter ‘Writing R documentation files’ in the ‘Writing R
    Extensions’ manual.
Flavor: r-oldrel-osx-x86_64