CRAN Package Check Results for Package RcmdrPlugin.HH

Last updated on 2017-12-13 21:51:04 CET.

Flavor Version Tinstall Tcheck Ttotal Status Flags
r-devel-linux-x86_64-debian-clang 1.1-46 8.18 110.48 118.66 OK
r-devel-linux-x86_64-debian-gcc 1.1-46 7.37 90.18 97.55 OK
r-devel-linux-x86_64-fedora-clang 1.1-46 154.05 OK
r-devel-linux-x86_64-fedora-gcc 1.1-46 155.87 OK
r-devel-windows-ix86+x86_64 1.1-46 51.00 193.00 244.00 OK
r-patched-linux-x86_64 1.1-46 9.70 122.49 132.19 OK
r-patched-solaris-x86 1.1-46 254.80 OK
r-release-linux-x86_64 1.1-46 9.81 122.93 132.74 OK
r-release-windows-ix86+x86_64 1.1-46 41.00 145.00 186.00 OK
r-release-osx-x86_64 1.1-46 OK
r-oldrel-windows-ix86+x86_64 1.1-46 70.00 192.00 262.00 OK
r-oldrel-osx-x86_64 1.1-46 WARN

Check Details

Version: 1.1-46
Check: dependencies in R code
Result: NOTE
    Invalid MIT-MAGIC-COOKIE-1 key
Flavor: r-oldrel-osx-x86_64

Version: 1.1-46
Check: S3 generic/method consistency
Result: WARN
    Invalid MIT-MAGIC-COOKIE-1 key
    See section ‘Generic functions and methods’ in the ‘Writing R
    Extensions’ manual.
Flavor: r-oldrel-osx-x86_64

Version: 1.1-46
Check: replacement functions
Result: WARN
    Invalid MIT-MAGIC-COOKIE-1 key
    The argument of a replacement function which corresponds to the right
    hand side must be named ‘value’.
Flavor: r-oldrel-osx-x86_64

Version: 1.1-46
Check: foreign function calls
Result: NOTE
    Invalid MIT-MAGIC-COOKIE-1 key
    See chapter ‘System and foreign language interfaces’ in the ‘Writing R
    Extensions’ manual.
Flavor: r-oldrel-osx-x86_64

Version: 1.1-46
Check: R code for possible problems
Result: NOTE
    Invalid MIT-MAGIC-COOKIE-1 key
Flavor: r-oldrel-osx-x86_64

Version: 1.1-46
Check: for missing documentation entries
Result: WARN
    Invalid MIT-MAGIC-COOKIE-1 key
    All user-level objects in a package should have documentation entries.
    See chapter ‘Writing R documentation files’ in the ‘Writing R
    Extensions’ manual.
Flavor: r-oldrel-osx-x86_64

Version: 1.1-46
Check: for code/documentation mismatches
Result: WARN
    Invalid MIT-MAGIC-COOKIE-1 key
    Invalid MIT-MAGIC-COOKIE-1 key
    Invalid MIT-MAGIC-COOKIE-1 key
Flavor: r-oldrel-osx-x86_64

Version: 1.1-46
Check: Rd \usage sections
Result: NOTE
    Invalid MIT-MAGIC-COOKIE-1 key
    The \usage entries for S3 methods should use the \method markup and not
    their full name.
    See chapter ‘Writing R documentation files’ in the ‘Writing R
    Extensions’ manual.
Flavor: r-oldrel-osx-x86_64