CRAN Package Check Results for Package RcmdrPlugin.IPSUR

Last updated on 2019-01-15 22:50:21 CET.

Flavor Version Tinstall Tcheck Ttotal Status Flags
r-devel-linux-x86_64-debian-clang 0.2-1 24.78 130.69 155.47 NOTE
r-devel-linux-x86_64-debian-gcc 0.2-1 17.15 98.77 115.92 NOTE
r-devel-linux-x86_64-fedora-clang 0.2-1 182.25 NOTE
r-devel-linux-x86_64-fedora-gcc 0.2-1 170.70 NOTE
r-devel-windows-ix86+x86_64 0.2-1 30.00 145.00 175.00 NOTE
r-patched-linux-x86_64 0.2-1 17.88 113.71 131.59 NOTE
r-patched-solaris-x86 0.2-1 281.50 NOTE
r-release-linux-x86_64 0.2-1 15.33 114.48 129.81 NOTE
r-release-windows-ix86+x86_64 0.2-1 41.00 135.00 176.00 NOTE
r-release-osx-x86_64 0.2-1 NOTE
r-oldrel-windows-ix86+x86_64 0.2-1 28.00 132.00 160.00 NOTE
r-oldrel-osx-x86_64 0.2-1 NOTE

Check Details

Version: 0.2-1
Check: dependencies in R code
Result: NOTE
    'library' or 'require' calls in package code:
     ‘abind’ ‘e1071’ ‘qcc’
     Please use :: or requireNamespace() instead.
     See section 'Suggested packages' in the 'Writing R Extensions' manual.
Flavors: r-devel-linux-x86_64-debian-clang, r-devel-linux-x86_64-debian-gcc, r-devel-linux-x86_64-fedora-clang, r-devel-linux-x86_64-fedora-gcc, r-devel-windows-ix86+x86_64, r-patched-linux-x86_64, r-patched-solaris-x86, r-release-linux-x86_64, r-release-windows-ix86+x86_64, r-release-osx-x86_64, r-oldrel-windows-ix86+x86_64, r-oldrel-osx-x86_64

Version: 0.2-1
Check: S3 generic/method consistency
Result: NOTE
    Found the following apparent S3 methods exported but not registered:
     print.numSummaryIPSUR
    See section ‘Registering S3 methods’ in the ‘Writing R Extensions’
    manual.
Flavors: r-devel-linux-x86_64-debian-clang, r-devel-linux-x86_64-debian-gcc, r-devel-linux-x86_64-fedora-clang, r-devel-linux-x86_64-fedora-gcc, r-patched-linux-x86_64, r-patched-solaris-x86, r-release-linux-x86_64

Version: 0.2-1
Check: package dependencies
Result: NOTE
    Package suggested but not available for checking: ‘RODBC’
Flavor: r-oldrel-osx-x86_64