CRAN Package Check Results for Package RcmdrPlugin.IPSUR

Last updated on 2018-08-17 22:52:57 CEST.

Flavor Version Tinstall Tcheck Ttotal Status Flags
r-devel-linux-x86_64-debian-clang 0.2-1 18.99 129.95 148.94 NOTE
r-devel-linux-x86_64-debian-gcc 0.2-1 16.19 100.65 116.84 NOTE
r-devel-linux-x86_64-fedora-clang 0.2-1 179.23 NOTE
r-devel-linux-x86_64-fedora-gcc 0.2-1 174.18 NOTE
r-devel-windows-ix86+x86_64 0.2-1 57.00 214.00 271.00 NOTE
r-patched-linux-x86_64 0.2-1 16.04 112.14 128.18 NOTE
r-patched-solaris-x86 0.2-1 260.10 NOTE
r-release-linux-x86_64 0.2-1 16.97 111.88 128.85 NOTE
r-release-windows-ix86+x86_64 0.2-1 57.00 218.00 275.00 NOTE
r-release-osx-x86_64 0.2-1 NOTE
r-oldrel-windows-ix86+x86_64 0.2-1 37.00 129.00 166.00 NOTE
r-oldrel-osx-x86_64 0.2-1 NOTE

Check Details

Version: 0.2-1
Check: dependencies in R code
Result: NOTE
    'library' or 'require' calls in package code:
     ‘abind’ ‘e1071’ ‘qcc’
     Please use :: or requireNamespace() instead.
     See section 'Suggested packages' in the 'Writing R Extensions' manual.
Flavors: r-devel-linux-x86_64-debian-clang, r-devel-linux-x86_64-debian-gcc, r-devel-linux-x86_64-fedora-clang, r-devel-linux-x86_64-fedora-gcc, r-devel-windows-ix86+x86_64, r-patched-linux-x86_64, r-patched-solaris-x86, r-release-linux-x86_64, r-release-windows-ix86+x86_64, r-release-osx-x86_64, r-oldrel-windows-ix86+x86_64, r-oldrel-osx-x86_64

Version: 0.2-1
Check: S3 generic/method consistency
Result: NOTE
    Found the following apparent S3 methods exported but not registered:
     print.numSummaryIPSUR
    See section ‘Registering S3 methods’ in the ‘Writing R Extensions’
    manual.
Flavors: r-devel-linux-x86_64-debian-clang, r-devel-linux-x86_64-debian-gcc, r-devel-linux-x86_64-fedora-clang, r-devel-linux-x86_64-fedora-gcc, r-patched-linux-x86_64, r-patched-solaris-x86, r-release-linux-x86_64

Version: 0.2-1
Check: package dependencies
Result: NOTE
    Package suggested but not available for checking: ‘RODBC’
Flavor: r-oldrel-osx-x86_64