CRAN Package Check Results for Package RcmdrPlugin.KMggplot2

Last updated on 2020-01-18 22:48:43 CET.

Flavor Version Tinstall Tcheck Ttotal Status Flags
r-devel-linux-x86_64-debian-clang 0.2-6 23.16 165.53 188.69 OK
r-devel-linux-x86_64-debian-gcc 0.2-6 17.80 125.36 143.16 OK
r-devel-linux-x86_64-fedora-clang 0.2-6 234.91 OK
r-devel-linux-x86_64-fedora-gcc 0.2-6 244.77 OK
r-devel-windows-ix86+x86_64 0.2-6 96.00 268.00 364.00 OK
r-devel-windows-ix86+x86_64-gcc8 0.2-6 60.00 259.00 319.00 OK
r-patched-linux-x86_64 0.2-6 21.10 146.83 167.93 OK
r-patched-solaris-x86 0.2-6 333.00 OK
r-release-linux-x86_64 0.2-6 19.86 145.30 165.16 OK
r-release-windows-ix86+x86_64 0.2-6 57.00 240.00 297.00 OK
r-release-osx-x86_64 0.2-6 WARN
r-oldrel-windows-ix86+x86_64 0.2-6 72.00 187.00 259.00 OK
r-oldrel-osx-x86_64 0.2-6 WARN

Check Details

Version: 0.2-6
Check: dependencies in R code
Result: NOTE
    No protocol specified
    No protocol specified
Flavors: r-release-osx-x86_64, r-oldrel-osx-x86_64

Version: 0.2-6
Check: S3 generic/method consistency
Result: WARN
    No protocol specified
    No protocol specified
    See section ‘Generic functions and methods’ in the ‘Writing R
    Extensions’ manual.
Flavors: r-release-osx-x86_64, r-oldrel-osx-x86_64

Version: 0.2-6
Check: replacement functions
Result: WARN
    No protocol specified
    No protocol specified
    The argument of a replacement function which corresponds to the right
    hand side must be named ‘value’.
Flavors: r-release-osx-x86_64, r-oldrel-osx-x86_64

Version: 0.2-6
Check: foreign function calls
Result: NOTE
    No protocol specified
    No protocol specified
    See chapter ‘System and foreign language interfaces’ in the ‘Writing R
    Extensions’ manual.
Flavors: r-release-osx-x86_64, r-oldrel-osx-x86_64

Version: 0.2-6
Check: R code for possible problems
Result: NOTE
    No protocol specified
    No protocol specified
Flavors: r-release-osx-x86_64, r-oldrel-osx-x86_64

Version: 0.2-6
Check: for missing documentation entries
Result: WARN
    No protocol specified
    No protocol specified
    All user-level objects in a package should have documentation entries.
    See chapter ‘Writing R documentation files’ in the ‘Writing R
    Extensions’ manual.
Flavors: r-release-osx-x86_64, r-oldrel-osx-x86_64

Version: 0.2-6
Check: for code/documentation mismatches
Result: WARN
    No protocol specified
    No protocol specified
    No protocol specified
    No protocol specified
    No protocol specified
    No protocol specified
Flavors: r-release-osx-x86_64, r-oldrel-osx-x86_64

Version: 0.2-6
Check: Rd \usage sections
Result: NOTE
    No protocol specified
    No protocol specified
    The \usage entries for S3 methods should use the \method markup and not
    their full name.
    See chapter ‘Writing R documentation files’ in the ‘Writing R
    Extensions’ manual.
Flavors: r-release-osx-x86_64, r-oldrel-osx-x86_64