Last updated on 2024-03-27 22:57:56 CET.
Flavor | Version | Tinstall | Tcheck | Ttotal | Status | Flags |
---|---|---|---|---|---|---|
r-devel-linux-x86_64-debian-clang | 1.2.0 | 27.50 | 184.61 | 212.11 | NOTE | |
r-devel-linux-x86_64-debian-gcc | 1.2.0 | 20.33 | 136.12 | 156.45 | NOTE | |
r-devel-linux-x86_64-fedora-clang | 1.2.0 | 276.65 | NOTE | |||
r-devel-linux-x86_64-fedora-gcc | 1.2.0 | 276.96 | NOTE | |||
r-devel-windows-x86_64 | 1.2.0 | 27.00 | 201.00 | 228.00 | NOTE | |
r-patched-linux-x86_64 | 1.2.0 | 20.68 | 157.62 | 178.30 | OK | |
r-release-linux-x86_64 | 1.2.0 | 21.31 | 157.22 | 178.53 | OK | |
r-release-macos-arm64 | 1.2.0 | 75.00 | OK | |||
r-release-macos-x86_64 | 1.2.0 | 119.00 | OK | |||
r-release-windows-x86_64 | 1.2.0 | 26.00 | 186.00 | 212.00 | OK | |
r-oldrel-macos-arm64 | 1.2.0 | 84.00 | OK | |||
r-oldrel-windows-x86_64 | 1.2.0 | 26.00 | 172.00 | 198.00 | OK |
Version: 1.2.0
Check: Rd metadata
Result: NOTE
Invalid package aliases in Rd file 'RcmdrPlugin.SCDA-package.Rd':
‘RcmdrSCDAPlugin-package’
Flavors: r-devel-linux-x86_64-debian-clang, r-devel-linux-x86_64-debian-gcc, r-devel-linux-x86_64-fedora-clang, r-devel-linux-x86_64-fedora-gcc, r-devel-windows-x86_64