CRAN Package Check Results for Package RcmdrPlugin.SLC

Last updated on 2018-04-23 22:47:46 CEST.

Flavor Version Tinstall Tcheck Ttotal Status Flags
r-devel-linux-x86_64-debian-clang 0.2 6.63 70.68 77.31 NOTE
r-devel-linux-x86_64-debian-gcc 0.2 5.81 60.03 65.84 NOTE
r-devel-linux-x86_64-fedora-clang 0.2 104.10 NOTE
r-devel-linux-x86_64-fedora-gcc 0.2 99.63 NOTE
r-devel-windows-ix86+x86_64 0.2 52.00 98.00 150.00 NOTE
r-devel-osx-x86_64 0.2 NOTE
r-patched-linux-x86_64 0.2 6.46 74.97 81.43 NOTE
r-patched-solaris-x86 0.2 178.70 NOTE
r-release-linux-x86_64 0.2 6.88 81.89 88.77 NOTE
r-release-windows-ix86+x86_64 0.2 39.00 98.00 137.00 NOTE
r-release-osx-x86_64 0.2 NOTE
r-oldrel-windows-ix86+x86_64 0.2 32.00 97.00 129.00 NOTE

Check Details

Version: 0.2
Check: dependencies in R code
Result: NOTE
    'library' or 'require' call to ‘SLC’ which was already attached by Depends.
     Please remove these calls from your code.
    Package in Depends field not imported from: ‘SLC’
     These packages need to be imported from (in the NAMESPACE file)
     for when this namespace is loaded but not attached.
Flavors: r-devel-linux-x86_64-debian-clang, r-devel-linux-x86_64-debian-gcc, r-devel-linux-x86_64-fedora-clang, r-devel-linux-x86_64-fedora-gcc, r-devel-windows-ix86+x86_64, r-devel-osx-x86_64, r-patched-linux-x86_64, r-patched-solaris-x86, r-release-linux-x86_64, r-release-windows-ix86+x86_64, r-release-osx-x86_64, r-oldrel-windows-ix86+x86_64