CRAN Package Check Results for Package RcmdrPlugin.SLC

Last updated on 2018-07-17 22:50:51 CEST.

Flavor Version Tinstall Tcheck Ttotal Status Flags
r-devel-linux-x86_64-debian-clang 0.2 8.63 97.33 105.96 NOTE
r-devel-linux-x86_64-debian-gcc 0.2 8.30 76.00 84.30 NOTE
r-devel-linux-x86_64-fedora-clang 0.2 126.70 NOTE
r-devel-linux-x86_64-fedora-gcc 0.2 121.62 NOTE
r-devel-windows-ix86+x86_64 0.2 55.00 208.00 263.00 NOTE
r-patched-linux-x86_64 0.2 6.74 82.10 88.84 NOTE
r-patched-solaris-x86 0.2 185.90 NOTE
r-release-linux-x86_64 0.2 6.90 82.52 89.42 NOTE
r-release-windows-ix86+x86_64 0.2 45.00 199.00 244.00 NOTE
r-release-osx-x86_64 0.2 NOTE
r-oldrel-windows-ix86+x86_64 0.2 41.00 173.00 214.00 NOTE
r-oldrel-osx-x86_64 0.2 NOTE

Check Details

Version: 0.2
Check: dependencies in R code
Result: NOTE
    'library' or 'require' call to ‘SLC’ which was already attached by Depends.
     Please remove these calls from your code.
    Package in Depends field not imported from: ‘SLC’
     These packages need to be imported from (in the NAMESPACE file)
     for when this namespace is loaded but not attached.
Flavors: r-devel-linux-x86_64-debian-clang, r-devel-linux-x86_64-debian-gcc, r-devel-linux-x86_64-fedora-clang, r-devel-linux-x86_64-fedora-gcc, r-devel-windows-ix86+x86_64, r-patched-linux-x86_64, r-patched-solaris-x86, r-release-linux-x86_64, r-release-windows-ix86+x86_64, r-release-osx-x86_64, r-oldrel-windows-ix86+x86_64, r-oldrel-osx-x86_64