CRAN Package Check Results for Package RcmdrPlugin.SLC

Last updated on 2018-12-13 22:54:07 CET.

Flavor Version Tinstall Tcheck Ttotal Status Flags
r-devel-linux-x86_64-debian-clang 0.2 8.19 88.08 96.27 NOTE
r-devel-linux-x86_64-debian-gcc 0.2 6.86 67.96 74.82 NOTE
r-devel-linux-x86_64-fedora-clang 0.2 113.13 NOTE
r-devel-linux-x86_64-fedora-gcc 0.2 111.59 NOTE
r-devel-windows-ix86+x86_64 0.2 41.00 206.00 247.00 NOTE
r-patched-linux-x86_64 0.2 5.47 81.20 86.67 NOTE
r-patched-solaris-x86 0.2 191.20 NOTE
r-release-linux-x86_64 0.2 5.67 83.10 88.77 NOTE
r-release-windows-ix86+x86_64 0.2 47.00 210.00 257.00 NOTE
r-release-osx-x86_64 0.2 NOTE
r-oldrel-windows-ix86+x86_64 0.2 28.00 123.00 151.00 NOTE
r-oldrel-osx-x86_64 0.2 NOTE

Check Details

Version: 0.2
Check: dependencies in R code
Result: NOTE
    'library' or 'require' call to ‘SLC’ which was already attached by Depends.
     Please remove these calls from your code.
    Package in Depends field not imported from: ‘SLC’
     These packages need to be imported from (in the NAMESPACE file)
     for when this namespace is loaded but not attached.
Flavors: r-devel-linux-x86_64-debian-clang, r-devel-linux-x86_64-debian-gcc, r-devel-linux-x86_64-fedora-clang, r-devel-linux-x86_64-fedora-gcc, r-devel-windows-ix86+x86_64, r-patched-linux-x86_64, r-patched-solaris-x86, r-release-linux-x86_64, r-release-windows-ix86+x86_64, r-release-osx-x86_64, r-oldrel-windows-ix86+x86_64, r-oldrel-osx-x86_64