CRAN Package Check Results for Package RcmdrPlugin.SLC

Last updated on 2019-03-22 22:47:03 CET.

Flavor Version Tinstall Tcheck Ttotal Status Flags
r-devel-linux-x86_64-debian-clang 0.2 11.31 84.78 96.09 NOTE
r-devel-linux-x86_64-debian-gcc 0.2 10.05 68.12 78.17 NOTE
r-devel-linux-x86_64-fedora-clang 0.2 123.54 NOTE
r-devel-linux-x86_64-fedora-gcc 0.2 116.40 NOTE
r-devel-windows-ix86+x86_64 0.2 53.00 189.00 242.00 NOTE
r-patched-linux-x86_64 0.2 7.18 82.31 89.49 NOTE
r-patched-solaris-x86 0.2 192.60 NOTE
r-release-linux-x86_64 0.2 7.14 82.14 89.28 NOTE
r-release-windows-ix86+x86_64 0.2 36.00 120.00 156.00 NOTE
r-release-osx-x86_64 0.2 NOTE
r-oldrel-windows-ix86+x86_64 0.2 48.00 201.00 249.00 NOTE
r-oldrel-osx-x86_64 0.2 NOTE

Check Details

Version: 0.2
Check: dependencies in R code
Result: NOTE
    'library' or 'require' call to 'SLC' which was already attached by Depends.
     Please remove these calls from your code.
    Package in Depends field not imported from: 'SLC'
     These packages need to be imported from (in the NAMESPACE file)
     for when this namespace is loaded but not attached.
Flavors: r-devel-linux-x86_64-debian-clang, r-devel-linux-x86_64-debian-gcc, r-devel-linux-x86_64-fedora-clang, r-devel-linux-x86_64-fedora-gcc, r-devel-windows-ix86+x86_64, r-patched-linux-x86_64, r-patched-solaris-x86, r-release-linux-x86_64, r-release-windows-ix86+x86_64, r-release-osx-x86_64, r-oldrel-windows-ix86+x86_64, r-oldrel-osx-x86_64