CRAN Package Check Results for Package RcmdrPlugin.SLC

Last updated on 2018-09-24 22:52:31 CEST.

Flavor Version Tinstall Tcheck Ttotal Status Flags
r-devel-linux-x86_64-debian-clang 0.2 8.48 99.49 107.97 NOTE
r-devel-linux-x86_64-debian-gcc 0.2 7.28 78.10 85.38 NOTE
r-devel-linux-x86_64-fedora-clang 0.2 129.40 NOTE
r-devel-linux-x86_64-fedora-gcc 0.2 124.25 NOTE
r-devel-windows-ix86+x86_64 0.2 58.00 196.00 254.00 NOTE
r-patched-linux-x86_64 0.2 6.53 80.80 87.33 NOTE
r-patched-solaris-x86 0.2 186.20 NOTE
r-release-linux-x86_64 0.2 7.13 80.95 88.08 NOTE
r-release-windows-ix86+x86_64 0.2 47.00 205.00 252.00 NOTE
r-release-osx-x86_64 0.2 NOTE
r-oldrel-windows-ix86+x86_64 0.2 30.00 231.00 261.00 NOTE
r-oldrel-osx-x86_64 0.2 NOTE

Check Details

Version: 0.2
Check: dependencies in R code
Result: NOTE
    'library' or 'require' call to ‘SLC’ which was already attached by Depends.
     Please remove these calls from your code.
    Package in Depends field not imported from: ‘SLC’
     These packages need to be imported from (in the NAMESPACE file)
     for when this namespace is loaded but not attached.
Flavors: r-devel-linux-x86_64-debian-clang, r-devel-linux-x86_64-debian-gcc, r-devel-linux-x86_64-fedora-clang, r-devel-linux-x86_64-fedora-gcc, r-devel-windows-ix86+x86_64, r-patched-linux-x86_64, r-patched-solaris-x86, r-release-linux-x86_64, r-release-windows-ix86+x86_64, r-release-osx-x86_64, r-oldrel-windows-ix86+x86_64, r-oldrel-osx-x86_64