CRAN Package Check Results for Package RcmdrPlugin.coin

Last updated on 2018-08-17 22:52:57 CEST.

Flavor Version Tinstall Tcheck Ttotal Status Flags
r-devel-linux-x86_64-debian-clang 1.0-22 11.91 123.72 135.63 NOTE
r-devel-linux-x86_64-debian-gcc 1.0-22 11.21 97.48 108.69 NOTE
r-devel-linux-x86_64-fedora-clang 1.0-22 160.54 NOTE
r-devel-linux-x86_64-fedora-gcc 1.0-22 159.58 NOTE
r-devel-windows-ix86+x86_64 1.0-22 59.00 238.00 297.00 NOTE
r-patched-linux-x86_64 1.0-22 10.56 103.92 114.48 NOTE
r-patched-solaris-x86 1.0-22 223.30 NOTE
r-release-linux-x86_64 1.0-22 11.19 103.99 115.18 NOTE
r-release-windows-ix86+x86_64 1.0-22 57.00 208.00 265.00 NOTE
r-release-osx-x86_64 1.0-22 NOTE
r-oldrel-windows-ix86+x86_64 1.0-22 38.00 139.00 177.00 NOTE
r-oldrel-osx-x86_64 1.0-22 NOTE

Check Details

Version: 1.0-22
Check: R code for possible problems
Result: NOTE
    enterTableMHTest : onOK: no visible global function definition for
     ‘na.omit’
    startStop: no visible global function definition for ‘na.omit’
    Undefined global functions or variables:
     na.omit
    Consider adding
     importFrom("stats", "na.omit")
    to your NAMESPACE file.
Flavors: r-devel-linux-x86_64-debian-clang, r-devel-linux-x86_64-debian-gcc, r-devel-linux-x86_64-fedora-clang, r-devel-linux-x86_64-fedora-gcc, r-devel-windows-ix86+x86_64, r-patched-linux-x86_64, r-patched-solaris-x86, r-release-linux-x86_64, r-release-windows-ix86+x86_64, r-release-osx-x86_64, r-oldrel-windows-ix86+x86_64, r-oldrel-osx-x86_64