CRAN Package Check Results for Package RcmdrPlugin.coin

Last updated on 2023-09-28 23:08:55 CEST.

Flavor Version Tinstall Tcheck Ttotal Status Flags
r-devel-linux-x86_64-debian-clang 1.0-23 23.72 176.75 200.47 NOTE
r-devel-linux-x86_64-debian-gcc 1.0-23 18.74 126.04 144.78 NOTE
r-devel-linux-x86_64-fedora-clang 1.0-23 246.74 NOTE
r-devel-linux-x86_64-fedora-gcc 1.0-23 243.98 NOTE
r-devel-windows-x86_64 1.0-23 25.00 234.00 259.00 NOTE
r-patched-linux-x86_64 1.0-23 18.83 164.50 183.33 OK
r-release-linux-x86_64 1.0-23 16.65 162.40 179.05 OK
r-release-macos-arm64 1.0-23 74.00 OK
r-release-macos-x86_64 1.0-23 121.00 OK
r-release-windows-x86_64 1.0-23 27.00 180.00 207.00 OK
r-oldrel-macos-arm64 1.0-23 86.00 OK
r-oldrel-macos-x86_64 1.0-23 116.00 OK
r-oldrel-windows-x86_64 1.0-23 27.00 153.00 180.00 OK

Check Details

Version: 1.0-23
Check: Rd metadata
Result: NOTE
    Invalid package aliases in Rd file 'RcmdrPlugin.coin-package.Rd':
     ‘RcmdrcoinPlugin-package’
Flavors: r-devel-linux-x86_64-debian-clang, r-devel-linux-x86_64-debian-gcc, r-devel-linux-x86_64-fedora-clang, r-devel-linux-x86_64-fedora-gcc, r-devel-windows-x86_64