CRAN Package Check Results for Package RcmdrPlugin.coin

Last updated on 2019-01-15 22:50:21 CET.

Flavor Version Tinstall Tcheck Ttotal Status Flags
r-devel-linux-x86_64-debian-clang 1.0-22 10.70 114.03 124.73 NOTE
r-devel-linux-x86_64-debian-gcc 1.0-22 9.04 86.85 95.89 NOTE
r-devel-linux-x86_64-fedora-clang 1.0-22 145.51 NOTE
r-devel-linux-x86_64-fedora-gcc 1.0-22 138.63 NOTE
r-devel-windows-ix86+x86_64 1.0-22 47.00 150.00 197.00 NOTE
r-patched-linux-x86_64 1.0-22 10.12 105.56 115.68 NOTE
r-patched-solaris-x86 1.0-22 242.70 NOTE
r-release-linux-x86_64 1.0-22 10.52 104.52 115.04 NOTE
r-release-windows-ix86+x86_64 1.0-22 51.00 142.00 193.00 NOTE
r-release-osx-x86_64 1.0-22 NOTE
r-oldrel-windows-ix86+x86_64 1.0-22 25.00 140.00 165.00 NOTE
r-oldrel-osx-x86_64 1.0-22 NOTE

Check Details

Version: 1.0-22
Check: R code for possible problems
Result: NOTE
    enterTableMHTest : onOK: no visible global function definition for
     ‘na.omit’
    startStop: no visible global function definition for ‘na.omit’
    Undefined global functions or variables:
     na.omit
    Consider adding
     importFrom("stats", "na.omit")
    to your NAMESPACE file.
Flavors: r-devel-linux-x86_64-debian-clang, r-devel-linux-x86_64-debian-gcc, r-devel-linux-x86_64-fedora-clang, r-devel-linux-x86_64-fedora-gcc, r-devel-windows-ix86+x86_64, r-patched-linux-x86_64, r-patched-solaris-x86, r-release-linux-x86_64, r-release-windows-ix86+x86_64, r-release-osx-x86_64, r-oldrel-windows-ix86+x86_64, r-oldrel-osx-x86_64