CRAN Package Check Results for Package RcmdrPlugin.coin

Last updated on 2018-10-16 22:56:35 CEST.

Flavor Version Tinstall Tcheck Ttotal Status Flags
r-devel-linux-x86_64-debian-clang 1.0-22 10.50 124.76 135.26 NOTE
r-devel-linux-x86_64-debian-gcc 1.0-22 9.80 100.23 110.03 NOTE
r-devel-linux-x86_64-fedora-clang 1.0-22 159.54 NOTE
r-devel-linux-x86_64-fedora-gcc 1.0-22 161.01 NOTE
r-devel-windows-ix86+x86_64 1.0-22 48.00 239.00 287.00 NOTE
r-patched-linux-x86_64 1.0-22 7.89 102.48 110.37 NOTE
r-patched-solaris-x86 1.0-22 219.70 NOTE
r-release-linux-x86_64 1.0-22 9.54 101.40 110.94 NOTE
r-release-windows-ix86+x86_64 1.0-22 51.00 204.00 255.00 NOTE
r-release-osx-x86_64 1.0-22 NOTE
r-oldrel-windows-ix86+x86_64 1.0-22 38.00 143.00 181.00 NOTE
r-oldrel-osx-x86_64 1.0-22 NOTE

Check Details

Version: 1.0-22
Check: R code for possible problems
Result: NOTE
    enterTableMHTest : onOK: no visible global function definition for
     ‘na.omit’
    startStop: no visible global function definition for ‘na.omit’
    Undefined global functions or variables:
     na.omit
    Consider adding
     importFrom("stats", "na.omit")
    to your NAMESPACE file.
Flavors: r-devel-linux-x86_64-debian-clang, r-devel-linux-x86_64-debian-gcc, r-devel-linux-x86_64-fedora-clang, r-devel-linux-x86_64-fedora-gcc, r-devel-windows-ix86+x86_64, r-patched-linux-x86_64, r-patched-solaris-x86, r-release-linux-x86_64, r-release-windows-ix86+x86_64, r-release-osx-x86_64, r-oldrel-windows-ix86+x86_64, r-oldrel-osx-x86_64