CRAN Package Check Results for Package RcmdrPlugin.mosaic

Last updated on 2018-12-13 22:54:07 CET.

Flavor Version Tinstall Tcheck Ttotal Status Flags
r-devel-linux-x86_64-debian-clang 1.0-7 8.33 78.61 86.94 NOTE
r-devel-linux-x86_64-debian-gcc 1.0-7 5.92 60.85 66.77 NOTE
r-devel-linux-x86_64-fedora-clang 1.0-7 102.17 NOTE
r-devel-linux-x86_64-fedora-gcc 1.0-7 98.80 NOTE
r-devel-windows-ix86+x86_64 1.0-7 45.00 181.00 226.00 NOTE
r-patched-linux-x86_64 1.0-7 4.77 73.48 78.25 NOTE
r-patched-solaris-x86 1.0-7 163.50 NOTE
r-release-linux-x86_64 1.0-7 5.19 75.04 80.23 NOTE
r-release-windows-ix86+x86_64 1.0-7 51.00 194.00 245.00 NOTE
r-release-osx-x86_64 1.0-7 NOTE
r-oldrel-windows-ix86+x86_64 1.0-7 25.00 109.00 134.00 WARN
r-oldrel-osx-x86_64 1.0-7 NOTE

Check Details

Version: 1.0-7
Check: DESCRIPTION meta-information
Result: NOTE
    Malformed Description field: should contain one or more complete sentences.
Flavors: r-devel-linux-x86_64-debian-clang, r-devel-linux-x86_64-debian-gcc, r-devel-linux-x86_64-fedora-clang, r-devel-linux-x86_64-fedora-gcc, r-devel-windows-ix86+x86_64, r-patched-linux-x86_64, r-patched-solaris-x86, r-release-linux-x86_64, r-release-windows-ix86+x86_64, r-release-osx-x86_64, r-oldrel-windows-ix86+x86_64, r-oldrel-osx-x86_64

Version: 1.0-7
Check: dependencies in R code
Result: NOTE
    Packages in Depends field not imported from:
     ‘ENmisc’ ‘Hmisc’ ‘Rcmdr’ ‘vcd’
     These packages need to be imported from (in the NAMESPACE file)
     for when this namespace is loaded but not attached.
Flavors: r-devel-linux-x86_64-debian-clang, r-devel-linux-x86_64-debian-gcc, r-devel-linux-x86_64-fedora-clang, r-devel-linux-x86_64-fedora-gcc, r-devel-windows-ix86+x86_64, r-patched-linux-x86_64, r-patched-solaris-x86, r-release-linux-x86_64, r-release-windows-ix86+x86_64, r-release-osx-x86_64, r-oldrel-windows-ix86+x86_64, r-oldrel-osx-x86_64

Version: 1.0-7
Check: R code for possible problems
Result: NOTE
    .onAttach: no visible global function definition for ‘getRcmdr’
    .onAttach: no visible global function definition for ‘closeCommander’
    .onAttach: no visible global function definition for ‘Commander’
    mosaicMenuItem: no visible global function definition for
     ‘mosaicSelectDialog’
    mosaicMenuItem: no visible global function definition for ‘Message’
    Undefined global functions or variables:
     Commander Message closeCommander getRcmdr mosaicSelectDialog
Flavors: r-devel-linux-x86_64-debian-clang, r-devel-linux-x86_64-debian-gcc, r-devel-linux-x86_64-fedora-clang, r-devel-linux-x86_64-fedora-gcc, r-devel-windows-ix86+x86_64, r-patched-linux-x86_64, r-patched-solaris-x86, r-release-linux-x86_64, r-release-windows-ix86+x86_64, r-release-osx-x86_64, r-oldrel-windows-ix86+x86_64, r-oldrel-osx-x86_64

Version: 1.0-7
Check: whether package can be installed
Result: WARN
    Found the following significant warnings:
     Warning: S3 methods '[.fun_list', '[.grouped_df', 'all.equal.tbl_df', 'anti_join.data.frame', 'anti_join.tbl_df', 'arrange.data.frame', 'arrange.default', 'arrange.grouped_df', 'arrange.tbl_df', 'arrange_.data.frame', 'arrange_.tbl_df', 'as.data.frame.grouped_df', 'as.data.frame.rowwise_df', 'as.data.frame.tbl_cube', 'as.table.tbl_cube', 'as.tbl.data.frame', 'as.tbl.tbl', 'as.tbl_cube.array', 'as.tbl_cube.data.frame', 'as.tbl_cube.matrix', 'as.tbl_cube.table', 'as_tibble.grouped_df', 'as_tibble.tbl_cube', 'auto_copy.tbl_cube', 'auto_copy.tbl_df', 'cbind.grouped_df', 'collapse.data.frame', 'collect.data.frame', 'common_by.NULL', 'common_by.character', 'common_by.default', 'common_by.list', 'compute.data.frame', 'copy_to.DBIConnection', 'copy_to.src_local', 'default_missing.data.frame', 'default_missing.default', 'dim.tbl_cube', 'distinct.data.frame', 'distinct.default', 'distinct.grouped_df', 'distinct.tbl_df', 'distinct_.data.frame', 'distinct_.grouped_df', 'distinct_.tbl_df', 'do.NULL', 'do.da [... truncated]
Flavor: r-oldrel-windows-ix86+x86_64