CRAN Package Check Results for Package RcmdrPlugin.mosaic

Last updated on 2018-09-24 22:52:31 CEST.

Flavor Version Tinstall Tcheck Ttotal Status Flags
r-devel-linux-x86_64-debian-clang 1.0-7 7.92 89.16 97.08 NOTE
r-devel-linux-x86_64-debian-gcc 1.0-7 7.24 72.32 79.56 NOTE
r-devel-linux-x86_64-fedora-clang 1.0-7 117.37 NOTE
r-devel-linux-x86_64-fedora-gcc 1.0-7 112.79 NOTE
r-devel-windows-ix86+x86_64 1.0-7 58.00 170.00 228.00 NOTE
r-patched-linux-x86_64 1.0-7 6.02 72.96 78.98 NOTE
r-patched-solaris-x86 1.0-7 156.00 NOTE
r-release-linux-x86_64 1.0-7 7.40 72.81 80.21 NOTE
r-release-windows-ix86+x86_64 1.0-7 55.00 191.00 246.00 NOTE
r-release-osx-x86_64 1.0-7 NOTE
r-oldrel-windows-ix86+x86_64 1.0-7 25.00 143.00 168.00 NOTE
r-oldrel-osx-x86_64 1.0-7 NOTE

Check Details

Version: 1.0-7
Check: DESCRIPTION meta-information
Result: NOTE
    Malformed Description field: should contain one or more complete sentences.
Flavors: r-devel-linux-x86_64-debian-clang, r-devel-linux-x86_64-debian-gcc, r-devel-linux-x86_64-fedora-clang, r-devel-linux-x86_64-fedora-gcc, r-devel-windows-ix86+x86_64, r-patched-linux-x86_64, r-patched-solaris-x86, r-release-linux-x86_64, r-release-windows-ix86+x86_64, r-release-osx-x86_64, r-oldrel-windows-ix86+x86_64, r-oldrel-osx-x86_64

Version: 1.0-7
Check: dependencies in R code
Result: NOTE
    Packages in Depends field not imported from:
     ‘ENmisc’ ‘Hmisc’ ‘Rcmdr’ ‘vcd’
     These packages need to be imported from (in the NAMESPACE file)
     for when this namespace is loaded but not attached.
Flavors: r-devel-linux-x86_64-debian-clang, r-devel-linux-x86_64-debian-gcc, r-devel-linux-x86_64-fedora-clang, r-devel-linux-x86_64-fedora-gcc, r-devel-windows-ix86+x86_64, r-patched-linux-x86_64, r-patched-solaris-x86, r-release-linux-x86_64, r-release-windows-ix86+x86_64, r-release-osx-x86_64, r-oldrel-windows-ix86+x86_64, r-oldrel-osx-x86_64

Version: 1.0-7
Check: R code for possible problems
Result: NOTE
    .onAttach: no visible global function definition for ‘getRcmdr’
    .onAttach: no visible global function definition for ‘closeCommander’
    .onAttach: no visible global function definition for ‘Commander’
    mosaicMenuItem: no visible global function definition for
     ‘mosaicSelectDialog’
    mosaicMenuItem: no visible global function definition for ‘Message’
    Undefined global functions or variables:
     Commander Message closeCommander getRcmdr mosaicSelectDialog
Flavors: r-devel-linux-x86_64-debian-clang, r-devel-linux-x86_64-debian-gcc, r-devel-linux-x86_64-fedora-clang, r-devel-linux-x86_64-fedora-gcc, r-devel-windows-ix86+x86_64, r-patched-linux-x86_64, r-patched-solaris-x86, r-release-linux-x86_64, r-release-windows-ix86+x86_64, r-release-osx-x86_64, r-oldrel-windows-ix86+x86_64, r-oldrel-osx-x86_64