CRAN Package Check Results for Package RcmdrPlugin.plotByGroup

Last updated on 2018-07-17 22:50:51 CEST.

Flavor Version Tinstall Tcheck Ttotal Status Flags
r-devel-linux-x86_64-debian-clang 0.1-0 8.41 108.08 116.49 NOTE
r-devel-linux-x86_64-debian-gcc 0.1-0 7.51 82.95 90.46 NOTE
r-devel-linux-x86_64-fedora-clang 0.1-0 135.06 NOTE
r-devel-linux-x86_64-fedora-gcc 0.1-0 134.03 NOTE
r-devel-windows-ix86+x86_64 0.1-0 65.00 233.00 298.00 NOTE
r-patched-linux-x86_64 0.1-0 6.12 87.67 93.79 NOTE
r-patched-solaris-x86 0.1-0 188.10 NOTE
r-release-linux-x86_64 0.1-0 6.41 89.04 95.45 NOTE
r-release-windows-ix86+x86_64 0.1-0 51.00 210.00 261.00 NOTE
r-release-osx-x86_64 0.1-0 NOTE
r-oldrel-windows-ix86+x86_64 0.1-0 43.00 190.00 233.00 NOTE
r-oldrel-osx-x86_64 0.1-0 NOTE

Check Details

Version: 0.1-0
Check: DESCRIPTION meta-information
Result: NOTE
    Malformed Description field: should contain one or more complete sentences.
Flavors: r-devel-linux-x86_64-debian-clang, r-devel-linux-x86_64-debian-gcc, r-devel-linux-x86_64-fedora-clang, r-devel-linux-x86_64-fedora-gcc, r-devel-windows-ix86+x86_64, r-patched-linux-x86_64, r-patched-solaris-x86, r-release-linux-x86_64, r-release-windows-ix86+x86_64, r-release-osx-x86_64, r-oldrel-windows-ix86+x86_64, r-oldrel-osx-x86_64

Version: 0.1-0
Check: R code for possible problems
Result: NOTE
    BOXWP: no visible binding for global variable ‘top’
    BOXWP: no visible binding for global variable ‘buttonsFrame’
    HIST: no visible binding for global variable ‘top’
    HIST: no visible binding for global variable ‘buttonsFrame’
    QQN: no visible binding for global variable ‘top’
    QQN: no visible binding for global variable ‘buttonsFrame’
    Undefined global functions or variables:
     buttonsFrame top
Flavors: r-devel-linux-x86_64-debian-clang, r-devel-linux-x86_64-debian-gcc, r-devel-linux-x86_64-fedora-clang, r-devel-linux-x86_64-fedora-gcc, r-devel-windows-ix86+x86_64, r-patched-linux-x86_64, r-patched-solaris-x86, r-release-linux-x86_64, r-release-windows-ix86+x86_64, r-release-osx-x86_64, r-oldrel-windows-ix86+x86_64, r-oldrel-osx-x86_64