CRAN Package Check Results for Package RcmdrPlugin.plotByGroup

Last updated on 2018-12-08 23:00:26 CET.

Flavor Version Tinstall Tcheck Ttotal Status Flags
r-devel-linux-x86_64-debian-clang 0.1-0 7.14 89.91 97.05 NOTE
r-devel-linux-x86_64-debian-gcc 0.1-0 6.93 69.52 76.45 NOTE
r-devel-linux-x86_64-fedora-clang 0.1-0 116.04 NOTE
r-devel-linux-x86_64-fedora-gcc 0.1-0 120.89 NOTE
r-devel-windows-ix86+x86_64 0.1-0 46.00 121.00 167.00 NOTE
r-patched-linux-x86_64 0.1-0 6.43 85.75 92.18 NOTE
r-patched-solaris-x86 0.1-0 191.00 NOTE
r-release-linux-x86_64 0.1-0 7.16 85.98 93.14 NOTE
r-release-windows-ix86+x86_64 0.1-0 31.00 121.00 152.00 NOTE
r-release-osx-x86_64 0.1-0 NOTE
r-oldrel-windows-ix86+x86_64 0.1-0 30.00 130.00 160.00 NOTE
r-oldrel-osx-x86_64 0.1-0 NOTE

Check Details

Version: 0.1-0
Check: DESCRIPTION meta-information
Result: NOTE
    Malformed Description field: should contain one or more complete sentences.
Flavors: r-devel-linux-x86_64-debian-clang, r-devel-linux-x86_64-debian-gcc, r-devel-linux-x86_64-fedora-clang, r-devel-linux-x86_64-fedora-gcc, r-devel-windows-ix86+x86_64, r-patched-linux-x86_64, r-patched-solaris-x86, r-release-linux-x86_64, r-release-windows-ix86+x86_64, r-release-osx-x86_64, r-oldrel-windows-ix86+x86_64, r-oldrel-osx-x86_64

Version: 0.1-0
Check: R code for possible problems
Result: NOTE
    BOXWP: no visible binding for global variable ‘top’
    BOXWP: no visible binding for global variable ‘buttonsFrame’
    HIST: no visible binding for global variable ‘top’
    HIST: no visible binding for global variable ‘buttonsFrame’
    QQN: no visible binding for global variable ‘top’
    QQN: no visible binding for global variable ‘buttonsFrame’
    Undefined global functions or variables:
     buttonsFrame top
Flavors: r-devel-linux-x86_64-debian-clang, r-devel-linux-x86_64-debian-gcc, r-devel-linux-x86_64-fedora-clang, r-devel-linux-x86_64-fedora-gcc, r-devel-windows-ix86+x86_64, r-patched-linux-x86_64, r-patched-solaris-x86, r-release-linux-x86_64, r-release-windows-ix86+x86_64, r-release-osx-x86_64, r-oldrel-windows-ix86+x86_64, r-oldrel-osx-x86_64