CRAN Package Check Results for Package RcmdrPlugin.plotByGroup

Last updated on 2019-03-20 22:48:07 CET.

Flavor Version Tinstall Tcheck Ttotal Status Flags
r-devel-linux-x86_64-debian-clang 0.1-0 11.28 92.95 104.23 NOTE
r-devel-linux-x86_64-debian-gcc 0.1-0 9.49 73.12 82.61 NOTE
r-devel-linux-x86_64-fedora-clang 0.1-0 126.46 NOTE
r-devel-linux-x86_64-fedora-gcc 0.1-0 119.03 NOTE
r-devel-windows-ix86+x86_64 0.1-0 61.00 220.00 281.00 NOTE
r-patched-linux-x86_64 0.1-0 6.86 87.23 94.09 NOTE
r-patched-solaris-x86 0.1-0 194.20 NOTE
r-release-linux-x86_64 0.1-0 6.94 87.94 94.88 NOTE
r-release-windows-ix86+x86_64 0.1-0 43.00 200.00 243.00 NOTE
r-release-osx-x86_64 0.1-0 NOTE
r-oldrel-windows-ix86+x86_64 0.1-0 31.00 214.00 245.00 NOTE
r-oldrel-osx-x86_64 0.1-0 NOTE

Check Details

Version: 0.1-0
Check: DESCRIPTION meta-information
Result: NOTE
    Malformed Description field: should contain one or more complete sentences.
Flavors: r-devel-linux-x86_64-debian-clang, r-devel-linux-x86_64-debian-gcc, r-devel-linux-x86_64-fedora-clang, r-devel-linux-x86_64-fedora-gcc, r-devel-windows-ix86+x86_64, r-patched-linux-x86_64, r-patched-solaris-x86, r-release-linux-x86_64, r-release-windows-ix86+x86_64, r-release-osx-x86_64, r-oldrel-windows-ix86+x86_64, r-oldrel-osx-x86_64

Version: 0.1-0
Check: R code for possible problems
Result: NOTE
    BOXWP: no visible binding for global variable 'top'
    BOXWP: no visible binding for global variable 'buttonsFrame'
    HIST: no visible binding for global variable 'top'
    HIST: no visible binding for global variable 'buttonsFrame'
    QQN: no visible binding for global variable 'top'
    QQN: no visible binding for global variable 'buttonsFrame'
    Undefined global functions or variables:
     buttonsFrame top
Flavors: r-devel-linux-x86_64-debian-clang, r-devel-linux-x86_64-debian-gcc, r-devel-linux-x86_64-fedora-clang, r-devel-linux-x86_64-fedora-gcc, r-devel-windows-ix86+x86_64, r-patched-linux-x86_64, r-patched-solaris-x86, r-release-linux-x86_64, r-release-windows-ix86+x86_64, r-release-osx-x86_64, r-oldrel-windows-ix86+x86_64, r-oldrel-osx-x86_64