CRAN Package Check Results for Package RcmdrPlugin.seeg

Last updated on 2017-07-23 22:47:07.

Flavor Version Tinstall Tcheck Ttotal Status Flags
r-devel-linux-x86_64-debian-clang 1.0 5.51 56.92 62.43 NOTE
r-devel-linux-x86_64-debian-gcc 1.0 5.00 56.95 61.95 NOTE
r-devel-linux-x86_64-fedora-clang 1.0 123.77 NOTE
r-devel-linux-x86_64-fedora-gcc 1.0 133.60 NOTE
r-devel-windows-ix86+x86_64 1.0 46.00 146.00 192.00 NOTE
r-patched-linux-x86_64 1.0 5.40 58.89 64.29 NOTE
r-patched-solaris-x86 1.0 181.80 NOTE
r-release-linux-x86_64 1.0 5.20 57.89 63.09 NOTE
r-release-windows-ix86+x86_64 1.0 46.00 152.00 198.00 NOTE
r-release-osx-x86_64 1.0 NOTE
r-oldrel-windows-ix86+x86_64 1.0 44.00 134.00 178.00 NOTE
r-oldrel-osx-x86_64 1.0 WARN

Check Details

Version: 1.0
Check: DESCRIPTION meta-information
Result: NOTE
    Malformed Description field: should contain one or more complete sentences.
Flavors: r-devel-linux-x86_64-debian-clang, r-devel-linux-x86_64-debian-gcc, r-devel-linux-x86_64-fedora-clang, r-devel-linux-x86_64-fedora-gcc, r-devel-windows-ix86+x86_64, r-patched-linux-x86_64, r-patched-solaris-x86, r-release-linux-x86_64, r-release-windows-ix86+x86_64, r-release-osx-x86_64, r-oldrel-windows-ix86+x86_64, r-oldrel-osx-x86_64

Version: 1.0
Check: dependencies in R code
Result: NOTE
    Packages in Depends field not imported from:
     ‘Rcmdr’ ‘seeg’ ‘sgeostat’ ‘spatstat’
     These packages need to be imported from (in the NAMESPACE file)
     for when this namespace is loaded but not attached.
Flavors: r-devel-linux-x86_64-debian-clang, r-devel-linux-x86_64-debian-gcc, r-devel-linux-x86_64-fedora-clang, r-devel-linux-x86_64-fedora-gcc, r-devel-windows-ix86+x86_64, r-patched-linux-x86_64, r-patched-solaris-x86, r-release-linux-x86_64, r-release-windows-ix86+x86_64, r-release-osx-x86_64, r-oldrel-windows-ix86+x86_64

Version: 1.0
Check: R code for possible problems
Result: NOTE
    MakeSemiVarCov: no visible global function definition for
     ‘initializeDialog’
    MakeSemiVarCov: no visible global function definition for ‘tclVar’
    MakeSemiVarCov: no visible global function definition for ‘tkentry’
    MakeSemiVarCov : onOK: no visible global function definition for
     ‘tclvalue’
    MakeSemiVarCov : onOK: no visible global function definition for
     ‘trim.blanks’
    MakeSemiVarCov : onOK: no visible global function definition for
     ‘closeDialog’
    MakeSemiVarCov : onOK: no visible global function definition for
     ‘ActiveDataSet’
    MakeSemiVarCov : onOK: no visible global function definition for
     ‘errorCondition’
    MakeSemiVarCov : onOK: no visible global function definition for
     ‘gettextRcmdr’
    MakeSemiVarCov : onOK: no visible global function definition for
     ‘doItAndPrint’
    MakeSemiVarCov : onOK: no visible global function definition for
     ‘tkfocus’
    MakeSemiVarCov : onOK: no visible global function definition for
     ‘CommanderWindow’
    MakeSemiVarCov: no visible global function definition for
     ‘OKCancelHelp’
    MakeSemiVarCov: no visible global function definition for ‘tkgrid’
    MakeSemiVarCov: no visible global function definition for ‘tklabel’
    MakeSemiVarCov: no visible global function definition for
     ‘tkgrid.configure’
    MakeSemiVarCov: no visible global function definition for
     ‘dialogSuffix’
    OKrigingCmd: no visible global function definition for
     ‘initializeDialog’
    OKrigingCmd: no visible global function definition for ‘tclVar’
    OKrigingCmd: no visible global function definition for ‘tkentry’
    OKrigingCmd : onOK: no visible global function definition for
     ‘trim.blanks’
    OKrigingCmd : onOK: no visible global function definition for
     ‘tclvalue’
    OKrigingCmd : onOK: no visible global function definition for
     ‘closeDialog’
    OKrigingCmd : onOK: no visible global function definition for
     ‘ActiveDataSet’
    OKrigingCmd : onOK: no visible global function definition for
     ‘doItAndPrint’
    OKrigingCmd : onOK: no visible global function definition for
     ‘activeDataSet’
    OKrigingCmd : onOK: no visible global function definition for ‘tkfocus’
    OKrigingCmd : onOK: no visible global function definition for
     ‘CommanderWindow’
    OKrigingCmd: no visible global function definition for ‘OKCancelHelp’
    OKrigingCmd: no visible global function definition for ‘tkgrid’
    OKrigingCmd: no visible global function definition for ‘tklabel’
    OKrigingCmd: no visible global function definition for
     ‘tkgrid.configure’
    OKrigingCmd: no visible global function definition for ‘dialogSuffix’
    PlotKriged: no visible global function definition for
     ‘initializeDialog’
    PlotKriged: no visible global function definition for ‘tclVar’
    PlotKriged: no visible global function definition for ‘gettextRcmdr’
    PlotKriged: no visible global function definition for ‘tkentry’
    PlotKriged : onOK: no visible global function definition for
     ‘trim.blanks’
    PlotKriged : onOK: no visible global function definition for ‘tclvalue’
    PlotKriged : onOK: no visible global function definition for
     ‘closeDialog’
    PlotKriged : onOK: no visible global function definition for
     ‘errorCondition’
    PlotKriged : onOK: no visible global function definition for
     ‘gettextRcmdr’
    PlotKriged : onOK: no visible global function definition for
     ‘is.valid.name’
    PlotKriged : onOK: no visible global function definition for
     ‘ActiveDataSet’
    PlotKriged : onOK: no visible global function definition for
     ‘doItAndPrint’
    PlotKriged : onOK: no visible global function definition for ‘tkfocus’
    PlotKriged : onOK: no visible global function definition for
     ‘CommanderWindow’
    PlotKriged: no visible global function definition for ‘OKCancelHelp’
    PlotKriged: no visible global function definition for ‘tkgrid’
    PlotKriged: no visible global function definition for ‘tklabel’
    PlotKriged: no visible global function definition for
     ‘tkgrid.configure’
    PlotKriged: no visible global function definition for ‘dialogSuffix’
    SemiVarCov: no visible global function definition for
     ‘initializeDialog’
    SemiVarCov: no visible global function definition for ‘tclVar’
    SemiVarCov: no visible global function definition for ‘tkentry’
    SemiVarCov : onOK: no visible global function definition for ‘tclvalue’
    SemiVarCov : onOK: no visible global function definition for
     ‘closeDialog’
    SemiVarCov : onOK: no visible global function definition for
     ‘ActiveDataSet’
    SemiVarCov : onOK: no visible global function definition for
     ‘errorCondition’
    SemiVarCov : onOK: no visible global function definition for
     ‘gettextRcmdr’
    SemiVarCov : onOK: no visible global function definition for
     ‘doItAndPrint’
    SemiVarCov : onOK: no visible global function definition for ‘tkfocus’
    SemiVarCov : onOK: no visible global function definition for
     ‘CommanderWindow’
    SemiVarCov: no visible global function definition for ‘OKCancelHelp’
    SemiVarCov: no visible global function definition for ‘tkgrid’
    SemiVarCov: no visible global function definition for ‘tklabel’
    SemiVarCov: no visible global function definition for
     ‘tkgrid.configure’
    SemiVarCov: no visible global function definition for ‘dialogSuffix’
    acfPlot: no visible global function definition for ‘initializeDialog’
    acfPlot: no visible global function definition for ‘variableListBox’
    acfPlot: no visible global function definition for ‘Numeric’
    acfPlot : onOK: no visible global function definition for
     ‘getSelection’
    acfPlot : onOK: no visible global function definition for ‘closeDialog’
    acfPlot : onOK: no visible global function definition for
     ‘errorCondition’
    acfPlot : onOK: no visible global function definition for
     ‘ActiveDataSet’
    acfPlot : onOK: no visible global function definition for
     ‘doItAndPrint’
    acfPlot : onOK: no visible global function definition for ‘tkfocus’
    acfPlot : onOK: no visible global function definition for
     ‘CommanderWindow’
    acfPlot: no visible global function definition for ‘OKCancelHelp’
    acfPlot: no visible global function definition for ‘tkgrid’
    acfPlot: no visible global function definition for ‘getFrame’
    acfPlot: no visible global function definition for ‘dialogSuffix’
    convertToppp: no visible global function definition for
     ‘initializeDialog’
    convertToppp: no visible global function definition for ‘gettextRcmdr’
    convertToppp: no visible global function definition for ‘tkframe’
    convertToppp: no visible global function definition for ‘tclVar’
    convertToppp: no visible global function definition for ‘tkentry’
    convertToppp : onOK: no visible global function definition for
     ‘trim.blanks’
    convertToppp : onOK: no visible global function definition for
     ‘tclvalue’
    convertToppp : onOK: no visible global function definition for
     ‘closeDialog’
    convertToppp : onOK: no visible global function definition for
     ‘errorCondition’
    convertToppp : onOK: no visible global function definition for
     ‘gettextRcmdr’
    convertToppp : onOK: no visible global function definition for
     ‘ActiveDataSet’
    convertToppp : onOK: no visible global function definition for
     ‘doItAndPrint’
    convertToppp : onOK: no visible global function definition for
     ‘tkfocus’
    convertToppp : onOK: no visible global function definition for
     ‘CommanderWindow’
    convertToppp: no visible global function definition for ‘OKCancelHelp’
    convertToppp: no visible global function definition for ‘tkgrid’
    convertToppp: no visible global function definition for ‘tklabel’
    convertToppp: no visible global function definition for
     ‘tkgrid.configure’
    convertToppp: no visible global function definition for ‘dialogSuffix’
    ecdfPlot: no visible global function definition for ‘initializeDialog’
    ecdfPlot: no visible global function definition for ‘gettextRcmdr’
    ecdfPlot: no visible global function definition for ‘variableListBox’
    ecdfPlot: no visible global function definition for ‘Numeric’
    ecdfPlot : onOK: no visible global function definition for
     ‘getSelection’
    ecdfPlot : onOK: no visible global function definition for
     ‘closeDialog’
    ecdfPlot : onOK: no visible global function definition for
     ‘errorCondition’
    ecdfPlot : onOK: no visible global function definition for
     ‘ActiveDataSet’
    ecdfPlot : onOK: no visible global function definition for
     ‘doItAndPrint’
    ecdfPlot : onOK: no visible global function definition for ‘tkfocus’
    ecdfPlot : onOK: no visible global function definition for
     ‘CommanderWindow’
    ecdfPlot: no visible global function definition for ‘OKCancelHelp’
    ecdfPlot: no visible global function definition for ‘tkgrid’
    ecdfPlot: no visible global function definition for ‘getFrame’
    ecdfPlot: no visible global function definition for ‘dialogSuffix’
    edaPlot: no visible global function definition for ‘initializeDialog’
    edaPlot: no visible global function definition for ‘variableListBox’
    edaPlot: no visible global function definition for ‘Numeric’
    edaPlot: no visible global function definition for ‘tkframe’
    edaPlot: no visible global function definition for ‘tclVar’
    edaPlot: no visible global function definition for ‘tkentry’
    edaPlot: no visible global function definition for ‘tkcheckbutton’
    edaPlot : onOK: no visible global function definition for
     ‘getSelection’
    edaPlot : onOK: no visible global function definition for ‘closeDialog’
    edaPlot : onOK: no visible global function definition for
     ‘errorCondition’
    edaPlot : onOK: no visible global function definition for ‘tclvalue’
    edaPlot : onOK: no visible global function definition for ‘trim.blanks’
    edaPlot : onOK: no visible global function definition for
     ‘ActiveDataSet’
    edaPlot : onOK: no visible global function definition for
     ‘doItAndPrint’
    edaPlot : onOK: no visible global function definition for ‘tkfocus’
    edaPlot : onOK: no visible global function definition for
     ‘CommanderWindow’
    edaPlot: no visible global function definition for ‘OKCancelHelp’
    edaPlot: no visible global function definition for ‘tkgrid’
    edaPlot: no visible global function definition for ‘getFrame’
    edaPlot: no visible global function definition for ‘tklabel’
    edaPlot: no visible global function definition for ‘dialogSuffix’
    nnGKenvppp: no visible global function definition for
     ‘initializeDialog’
    nnGKenvppp: no visible global function definition for ‘tclVar’
    nnGKenvppp: no visible global function definition for ‘tkentry’
    nnGKenvppp : onOK: no visible global function definition for ‘tclvalue’
    nnGKenvppp : onOK: no visible global function definition for
     ‘closeDialog’
    nnGKenvppp : onOK: no visible global function definition for
     ‘ActiveDataSet’
    nnGKenvppp : onOK: no visible global function definition for
     ‘doItAndPrint’
    nnGKenvppp : onOK: no visible global function definition for ‘tkfocus’
    nnGKenvppp : onOK: no visible global function definition for
     ‘CommanderWindow’
    nnGKenvppp: no visible global function definition for ‘OKCancelHelp’
    nnGKenvppp: no visible global function definition for ‘tkgrid’
    nnGKenvppp: no visible global function definition for ‘tklabel’
    nnGKenvppp: no visible global function definition for
     ‘tkgrid.configure’
    nnGKenvppp: no visible global function definition for ‘dialogSuffix’
    nnGKppp: no visible global function definition for ‘ActiveDataSet’
    nnGKppp: no visible global function definition for ‘doItAndPrint’
    quadChisqppp: no visible global function definition for
     ‘initializeDialog’
    quadChisqppp: no visible global function definition for ‘tclVar’
    quadChisqppp: no visible global function definition for ‘tkentry’
    quadChisqppp : onOK: no visible global function definition for
     ‘tclvalue’
    quadChisqppp : onOK: no visible global function definition for
     ‘closeDialog’
    quadChisqppp : onOK: no visible global function definition for
     ‘ActiveDataSet’
    quadChisqppp : onOK: no visible global function definition for
     ‘doItAndPrint’
    quadChisqppp : onOK: no visible global function definition for
     ‘tkfocus’
    quadChisqppp : onOK: no visible global function definition for
     ‘CommanderWindow’
    quadChisqppp: no visible global function definition for ‘OKCancelHelp’
    quadChisqppp: no visible global function definition for ‘tkgrid’
    quadChisqppp: no visible global function definition for ‘tklabel’
    quadChisqppp: no visible global function definition for
     ‘tkgrid.configure’
    quadChisqppp: no visible global function definition for ‘dialogSuffix’
    quadPoisppp: no visible global function definition for
     ‘initializeDialog’
    quadPoisppp: no visible global function definition for ‘tclVar’
    quadPoisppp: no visible global function definition for ‘tkentry’
    quadPoisppp : onOK: no visible global function definition for
     ‘tclvalue’
    quadPoisppp : onOK: no visible global function definition for
     ‘closeDialog’
    quadPoisppp : onOK: no visible global function definition for
     ‘ActiveDataSet’
    quadPoisppp : onOK: no visible global function definition for
     ‘doItAndPrint’
    quadPoisppp : onOK: no visible global function definition for ‘tkfocus’
    quadPoisppp : onOK: no visible global function definition for
     ‘CommanderWindow’
    quadPoisppp: no visible global function definition for ‘OKCancelHelp’
    quadPoisppp: no visible global function definition for ‘tkgrid’
    quadPoisppp: no visible global function definition for ‘tklabel’
    quadPoisppp: no visible global function definition for
     ‘tkgrid.configure’
    quadPoisppp: no visible global function definition for ‘dialogSuffix’
    scangeoEASppp: no visible global function definition for
     ‘initializeDialog’
    scangeoEASppp: no visible global function definition for ‘gettextRcmdr’
    scangeoEASppp: no visible global function definition for ‘tkframe’
    scangeoEASppp: no visible global function definition for ‘tclVar’
    scangeoEASppp: no visible global function definition for ‘tkentry’
    scangeoEASppp : onOK: no visible global function definition for
     ‘trim.blanks’
    scangeoEASppp : onOK: no visible global function definition for
     ‘tclvalue’
    scangeoEASppp : onOK: no visible global function definition for
     ‘closeDialog’
    scangeoEASppp : onOK: no visible global function definition for
     ‘errorCondition’
    scangeoEASppp : onOK: no visible global function definition for
     ‘gettextRcmdr’
    scangeoEASppp : onOK: no visible global function definition for
     ‘is.valid.name’
    scangeoEASppp : onOK: no visible global function definition for
     ‘listDataSets’
    scangeoEASppp : onOK: no visible global function definition for
     ‘checkReplace’
    scangeoEASppp : onOK: no visible global function definition for
     ‘tkgetOpenFile’
    scangeoEASppp : onOK: no visible global function definition for
     ‘getRcmdr’
    scangeoEASppp : onOK: no visible global function definition for
     ‘tkgrab.release’
    scangeoEASppp : onOK: no visible global function definition for
     ‘tkdestroy’
    scangeoEASppp : onOK: no visible global function definition for
     ‘doItAndPrint’
    scangeoEASppp : onOK: no visible global function definition for
     ‘activeDataSet’
    scangeoEASppp : onOK: no visible global function definition for
     ‘tkfocus’
    scangeoEASppp : onOK: no visible global function definition for
     ‘CommanderWindow’
    scangeoEASppp: no visible global function definition for ‘OKCancelHelp’
    scangeoEASppp: no visible global function definition for ‘tkgrid’
    scangeoEASppp: no visible global function definition for ‘tklabel’
    scangeoEASppp: no visible global function definition for ‘dialogSuffix’
    scangeoEASras: no visible global function definition for
     ‘initializeDialog’
    scangeoEASras: no visible global function definition for ‘gettextRcmdr’
    scangeoEASras: no visible global function definition for ‘tkframe’
    scangeoEASras: no visible global function definition for ‘tclVar’
    scangeoEASras: no visible global function definition for ‘tkentry’
    scangeoEASras : onOK: no visible global function definition for
     ‘trim.blanks’
    scangeoEASras : onOK: no visible global function definition for
     ‘tclvalue’
    scangeoEASras : onOK: no visible global function definition for
     ‘closeDialog’
    scangeoEASras : onOK: no visible global function definition for
     ‘errorCondition’
    scangeoEASras : onOK: no visible global function definition for
     ‘gettextRcmdr’
    scangeoEASras : onOK: no visible global function definition for
     ‘is.valid.name’
    scangeoEASras : onOK: no visible global function definition for
     ‘listDataSets’
    scangeoEASras : onOK: no visible global function definition for
     ‘checkReplace’
    scangeoEASras : onOK: no visible global function definition for
     ‘tkgetOpenFile’
    scangeoEASras : onOK: no visible global function definition for
     ‘getRcmdr’
    scangeoEASras : onOK: no visible global function definition for
     ‘tkgrab.release’
    scangeoEASras : onOK: no visible global function definition for
     ‘tkdestroy’
    scangeoEASras : onOK: no visible global function definition for
     ‘doItAndPrint’
    scangeoEASras : onOK: no visible global function definition for
     ‘activeDataSet’
    scangeoEASras : onOK: no visible global function definition for
     ‘tkfocus’
    scangeoEASras : onOK: no visible global function definition for
     ‘CommanderWindow’
    scangeoEASras: no visible global function definition for ‘OKCancelHelp’
    scangeoEASras: no visible global function definition for ‘tkgrid’
    scangeoEASras: no visible global function definition for ‘tklabel’
    scangeoEASras: no visible global function definition for ‘dialogSuffix’
    tsPlot: no visible global function definition for ‘initializeDialog’
    tsPlot: no visible global function definition for ‘variableListBox’
    tsPlot: no visible global function definition for ‘Numeric’
    tsPlot : onOK: no visible global function definition for ‘getSelection’
    tsPlot : onOK: no visible global function definition for ‘closeDialog’
    tsPlot : onOK: no visible global function definition for
     ‘errorCondition’
    tsPlot : onOK: no visible global function definition for
     ‘ActiveDataSet’
    tsPlot : onOK: no visible global function definition for ‘doItAndPrint’
    tsPlot : onOK: no visible global function definition for ‘tkfocus’
    tsPlot : onOK: no visible global function definition for
     ‘CommanderWindow’
    tsPlot: no visible global function definition for ‘OKCancelHelp’
    tsPlot: no visible global function definition for ‘tkgrid’
    tsPlot: no visible global function definition for ‘getFrame’
    tsPlot: no visible global function definition for ‘dialogSuffix’
    varCal: no visible global function definition for ‘initializeDialog’
    varCal: no visible global function definition for ‘tclVar’
    varCal: no visible global function definition for ‘tkentry’
    varCal: no visible global function definition for ‘tkradiobutton’
    varCal : onOK: no visible global function definition for ‘tclvalue’
    varCal : onOK: no visible global function definition for ‘trim.blanks’
    varCal : onOK: no visible global function definition for ‘closeDialog’
    varCal : onOK: no visible global function definition for
     ‘ActiveDataSet’
    varCal : onOK: no visible global function definition for
     ‘errorCondition’
    varCal : onOK: no visible global function definition for ‘gettextRcmdr’
    varCal : onOK: no visible global function definition for ‘doItAndPrint’
    varCal : onOK: no visible global function definition for
     ‘activeDataSet’
    varCal : onOK: no visible global function definition for ‘tkfocus’
    varCal : onOK: no visible global function definition for
     ‘CommanderWindow’
    varCal: no visible global function definition for ‘OKCancelHelp’
    varCal: no visible global function definition for ‘tkgrid’
    varCal: no visible global function definition for ‘tklabel’
    varCal: no visible global function definition for ‘tkgrid.configure’
    varCal: no visible global function definition for ‘gettextRcmdr’
    varCal: no visible global function definition for ‘dialogSuffix’
    Undefined global functions or variables:
     ActiveDataSet CommanderWindow Numeric OKCancelHelp activeDataSet
     checkReplace closeDialog dialogSuffix doItAndPrint errorCondition
     getFrame getRcmdr getSelection gettextRcmdr initializeDialog
     is.valid.name listDataSets tclVar tclvalue tkcheckbutton tkdestroy
     tkentry tkfocus tkframe tkgetOpenFile tkgrab.release tkgrid
     tkgrid.configure tklabel tkradiobutton trim.blanks variableListBox
Flavors: r-devel-linux-x86_64-debian-clang, r-devel-linux-x86_64-debian-gcc, r-devel-linux-x86_64-fedora-clang, r-devel-linux-x86_64-fedora-gcc, r-devel-windows-ix86+x86_64, r-patched-linux-x86_64, r-patched-solaris-x86, r-release-linux-x86_64, r-release-windows-ix86+x86_64, r-release-osx-x86_64, r-oldrel-windows-ix86+x86_64, r-oldrel-osx-x86_64

Version: 1.0
Check: dependencies in R code
Result: NOTE
    Invalid MIT-MAGIC-COOKIE-1 keyPackages in Depends field not imported from:
     ‘Rcmdr’ ‘seeg’ ‘sgeostat’ ‘spatstat’
     These packages need to be imported from (in the NAMESPACE file)
     for when this namespace is loaded but not attached.
Flavor: r-oldrel-osx-x86_64

Version: 1.0
Check: S3 generic/method consistency
Result: WARN
    Invalid MIT-MAGIC-COOKIE-1 key
    See section ‘Generic functions and methods’ in the ‘Writing R
    Extensions’ manual.
Flavor: r-oldrel-osx-x86_64

Version: 1.0
Check: replacement functions
Result: WARN
    Invalid MIT-MAGIC-COOKIE-1 key
    The argument of a replacement function which corresponds to the right
    hand side must be named ‘value’.
Flavor: r-oldrel-osx-x86_64

Version: 1.0
Check: foreign function calls
Result: NOTE
    Invalid MIT-MAGIC-COOKIE-1 key
    See chapter ‘System and foreign language interfaces’ in the ‘Writing R
    Extensions’ manual.
Flavor: r-oldrel-osx-x86_64

Version: 1.0
Check: for missing documentation entries
Result: WARN
    Invalid MIT-MAGIC-COOKIE-1 key
    All user-level objects in a package should have documentation entries.
    See chapter ‘Writing R documentation files’ in the ‘Writing R
    Extensions’ manual.
Flavor: r-oldrel-osx-x86_64

Version: 1.0
Check: for code/documentation mismatches
Result: WARN
    Invalid MIT-MAGIC-COOKIE-1 key
    Invalid MIT-MAGIC-COOKIE-1 key
    Invalid MIT-MAGIC-COOKIE-1 key
Flavor: r-oldrel-osx-x86_64

Version: 1.0
Check: Rd \usage sections
Result: NOTE
    Invalid MIT-MAGIC-COOKIE-1 key
    The \usage entries for S3 methods should use the \method markup and not
    their full name.
    See chapter ‘Writing R documentation files’ in the ‘Writing R
    Extensions’ manual.
Flavor: r-oldrel-osx-x86_64