CRAN Package Check Results for Package RcmdrPlugin.steepness

Last updated on 2018-09-24 22:52:31 CEST.

Flavor Version Tinstall Tcheck Ttotal Status Flags
r-devel-linux-x86_64-debian-clang 0.3-2 8.29 111.48 119.77 NOTE
r-devel-linux-x86_64-debian-gcc 0.3-2 7.21 89.30 96.51 NOTE
r-devel-linux-x86_64-fedora-clang 0.3-2 141.61 NOTE
r-devel-linux-x86_64-fedora-gcc 0.3-2 141.22 NOTE
r-devel-windows-ix86+x86_64 0.3-2 53.00 195.00 248.00 NOTE
r-patched-linux-x86_64 0.3-2 6.69 87.56 94.25 NOTE
r-patched-solaris-x86 0.3-2 190.40 NOTE
r-release-linux-x86_64 0.3-2 6.79 90.21 97.00 NOTE
r-release-windows-ix86+x86_64 0.3-2 55.00 221.00 276.00 NOTE
r-release-osx-x86_64 0.3-2 NOTE
r-oldrel-windows-ix86+x86_64 0.3-2 29.00 200.00 229.00 NOTE
r-oldrel-osx-x86_64 0.3-2 NOTE

Check Details

Version: 0.3-2
Check: R code for possible problems
Result: NOTE
    Rcmdr.steeptestDij : onOK: no visible binding for global variable
     ‘replications’
    Rcmdr.steeptestPij : onOK: no visible binding for global variable
     ‘replications’
    Undefined global functions or variables:
     replications
    Consider adding
     importFrom("stats", "replications")
    to your NAMESPACE file.
Flavors: r-devel-linux-x86_64-debian-clang, r-devel-linux-x86_64-debian-gcc, r-devel-linux-x86_64-fedora-clang, r-devel-linux-x86_64-fedora-gcc, r-devel-windows-ix86+x86_64, r-patched-linux-x86_64, r-patched-solaris-x86, r-release-linux-x86_64, r-release-windows-ix86+x86_64, r-release-osx-x86_64, r-oldrel-windows-ix86+x86_64, r-oldrel-osx-x86_64