CRAN Package Check Results for Package RcmdrPlugin.steepness

Last updated on 2018-12-13 22:54:07 CET.

Flavor Version Tinstall Tcheck Ttotal Status Flags
r-devel-linux-x86_64-debian-clang 0.3-2 7.38 95.58 102.96 NOTE
r-devel-linux-x86_64-debian-gcc 0.3-2 6.29 75.55 81.84 NOTE
r-devel-linux-x86_64-fedora-clang 0.3-2 124.28 NOTE
r-devel-linux-x86_64-fedora-gcc 0.3-2 119.15 NOTE
r-devel-windows-ix86+x86_64 0.3-2 45.00 189.00 234.00 NOTE
r-patched-linux-x86_64 0.3-2 5.01 89.76 94.77 NOTE
r-patched-solaris-x86 0.3-2 200.30 NOTE
r-release-linux-x86_64 0.3-2 5.55 91.35 96.90 NOTE
r-release-windows-ix86+x86_64 0.3-2 51.00 195.00 246.00 NOTE
r-release-osx-x86_64 0.3-2 NOTE
r-oldrel-windows-ix86+x86_64 0.3-2 34.00 136.00 170.00 NOTE
r-oldrel-osx-x86_64 0.3-2 NOTE

Check Details

Version: 0.3-2
Check: R code for possible problems
Result: NOTE
    Rcmdr.steeptestDij : onOK: no visible binding for global variable
     ‘replications’
    Rcmdr.steeptestPij : onOK: no visible binding for global variable
     ‘replications’
    Undefined global functions or variables:
     replications
    Consider adding
     importFrom("stats", "replications")
    to your NAMESPACE file.
Flavors: r-devel-linux-x86_64-debian-clang, r-devel-linux-x86_64-debian-gcc, r-devel-linux-x86_64-fedora-clang, r-devel-linux-x86_64-fedora-gcc, r-devel-windows-ix86+x86_64, r-patched-linux-x86_64, r-patched-solaris-x86, r-release-linux-x86_64, r-release-windows-ix86+x86_64, r-release-osx-x86_64, r-oldrel-windows-ix86+x86_64, r-oldrel-osx-x86_64