CRAN Package Check Results for Package RcmdrPlugin.steepness

Last updated on 2019-03-22 22:47:03 CET.

Flavor Version Tinstall Tcheck Ttotal Status Flags
r-devel-linux-x86_64-debian-clang 0.3-2 11.38 134.10 145.48 NOTE
r-devel-linux-x86_64-debian-gcc 0.3-2 9.24 108.67 117.91 NOTE
r-devel-linux-x86_64-fedora-clang 0.3-2 180.16 NOTE
r-devel-linux-x86_64-fedora-gcc 0.3-2 173.73 NOTE
r-devel-windows-ix86+x86_64 0.3-2 52.00 216.00 268.00 NOTE
r-patched-linux-x86_64 0.3-2 6.41 131.83 138.24 NOTE
r-patched-solaris-x86 0.3-2 198.60 NOTE
r-release-linux-x86_64 0.3-2 6.92 132.52 139.44 NOTE
r-release-windows-ix86+x86_64 0.3-2 37.00 132.00 169.00 NOTE
r-release-osx-x86_64 0.3-2 NOTE
r-oldrel-windows-ix86+x86_64 0.3-2 48.00 214.00 262.00 NOTE
r-oldrel-osx-x86_64 0.3-2 NOTE

Check Details

Version: 0.3-2
Check: R code for possible problems
Result: NOTE
    Rcmdr.steeptestDij : onOK: no visible binding for global variable
     'replications'
    Rcmdr.steeptestPij : onOK: no visible binding for global variable
     'replications'
    Undefined global functions or variables:
     replications
    Consider adding
     importFrom("stats", "replications")
    to your NAMESPACE file.
Flavors: r-devel-linux-x86_64-debian-clang, r-devel-linux-x86_64-debian-gcc, r-devel-linux-x86_64-fedora-clang, r-devel-linux-x86_64-fedora-gcc, r-devel-windows-ix86+x86_64, r-patched-linux-x86_64, r-patched-solaris-x86, r-release-linux-x86_64, r-release-windows-ix86+x86_64, r-release-osx-x86_64, r-oldrel-windows-ix86+x86_64, r-oldrel-osx-x86_64