CRAN Package Check Results for Package RcmdrPlugin.steepness

Last updated on 2017-11-18 22:47:58.

Flavor Version Tinstall Tcheck Ttotal Status Flags
r-devel-linux-x86_64-debian-clang 0.3-2 5.61 61.46 67.07 NOTE
r-devel-linux-x86_64-debian-gcc 0.3-2 5.54 68.52 74.06 NOTE
r-devel-linux-x86_64-fedora-clang 0.3-2 140.77 NOTE
r-devel-linux-x86_64-fedora-gcc 0.3-2 140.66 NOTE
r-devel-windows-ix86+x86_64 0.3-2 44.00 181.00 225.00 NOTE
r-patched-linux-x86_64 0.3-2 6.09 64.47 70.56 NOTE
r-patched-solaris-x86 0.3-2 213.00 NOTE
r-release-linux-x86_64 0.3-2 6.02 66.63 72.65 NOTE
r-release-windows-ix86+x86_64 0.3-2 55.00 177.00 232.00 NOTE
r-release-osx-x86_64 0.3-2 NOTE
r-oldrel-windows-ix86+x86_64 0.3-2 43.00 164.00 207.00 NOTE
r-oldrel-osx-x86_64 0.3-2 WARN

Check Details

Version: 0.3-2
Check: R code for possible problems
Result: NOTE
    Rcmdr.steeptestDij : onOK: no visible binding for global variable
     ‘replications’
    Rcmdr.steeptestPij : onOK: no visible binding for global variable
     ‘replications’
    Undefined global functions or variables:
     replications
    Consider adding
     importFrom("stats", "replications")
    to your NAMESPACE file.
Flavors: r-devel-linux-x86_64-debian-clang, r-devel-linux-x86_64-debian-gcc, r-devel-linux-x86_64-fedora-clang, r-devel-linux-x86_64-fedora-gcc, r-devel-windows-ix86+x86_64, r-patched-linux-x86_64, r-patched-solaris-x86, r-release-linux-x86_64, r-release-windows-ix86+x86_64, r-release-osx-x86_64, r-oldrel-windows-ix86+x86_64

Version: 0.3-2
Check: dependencies in R code
Result: NOTE
    Invalid MIT-MAGIC-COOKIE-1 key
Flavor: r-oldrel-osx-x86_64

Version: 0.3-2
Check: S3 generic/method consistency
Result: WARN
    Invalid MIT-MAGIC-COOKIE-1 key
    See section ‘Generic functions and methods’ in the ‘Writing R
    Extensions’ manual.
Flavor: r-oldrel-osx-x86_64

Version: 0.3-2
Check: replacement functions
Result: WARN
    Invalid MIT-MAGIC-COOKIE-1 key
    The argument of a replacement function which corresponds to the right
    hand side must be named ‘value’.
Flavor: r-oldrel-osx-x86_64

Version: 0.3-2
Check: foreign function calls
Result: NOTE
    Invalid MIT-MAGIC-COOKIE-1 key
    See chapter ‘System and foreign language interfaces’ in the ‘Writing R
    Extensions’ manual.
Flavor: r-oldrel-osx-x86_64

Version: 0.3-2
Check: R code for possible problems
Result: NOTE
    Invalid MIT-MAGIC-COOKIE-1 keyRcmdr.steeptestDij : onOK: no visible binding for global variable
     ‘replications’
    Rcmdr.steeptestPij : onOK: no visible binding for global variable
     ‘replications’
    Undefined global functions or variables:
     replications
    Consider adding
     importFrom("stats", "replications")
    to your NAMESPACE file.
Flavor: r-oldrel-osx-x86_64

Version: 0.3-2
Check: for missing documentation entries
Result: WARN
    Invalid MIT-MAGIC-COOKIE-1 key
    All user-level objects in a package should have documentation entries.
    See chapter ‘Writing R documentation files’ in the ‘Writing R
    Extensions’ manual.
Flavor: r-oldrel-osx-x86_64

Version: 0.3-2
Check: for code/documentation mismatches
Result: WARN
    Invalid MIT-MAGIC-COOKIE-1 key
    Invalid MIT-MAGIC-COOKIE-1 key
    Invalid MIT-MAGIC-COOKIE-1 key
Flavor: r-oldrel-osx-x86_64

Version: 0.3-2
Check: Rd \usage sections
Result: NOTE
    Invalid MIT-MAGIC-COOKIE-1 key
    The \usage entries for S3 methods should use the \method markup and not
    their full name.
    See chapter ‘Writing R documentation files’ in the ‘Writing R
    Extensions’ manual.
Flavor: r-oldrel-osx-x86_64