CRAN Package Check Results for Package RcmdrPlugin.steepness

Last updated on 2018-04-23 22:47:46 CEST.

Flavor Version Tinstall Tcheck Ttotal Status Flags
r-devel-linux-x86_64-debian-clang 0.3-2 7.46 78.04 85.50 NOTE
r-devel-linux-x86_64-debian-gcc 0.3-2 6.15 67.68 73.83 NOTE
r-devel-linux-x86_64-fedora-clang 0.3-2 111.92 NOTE
r-devel-linux-x86_64-fedora-gcc 0.3-2 111.18 NOTE
r-devel-windows-ix86+x86_64 0.3-2 47.00 111.00 158.00 NOTE
r-devel-osx-x86_64 0.3-2 NOTE
r-patched-linux-x86_64 0.3-2 7.62 84.72 92.34 NOTE
r-patched-solaris-x86 0.3-2 184.70 NOTE
r-release-linux-x86_64 0.3-2 7.32 92.41 99.73 NOTE
r-release-windows-ix86+x86_64 0.3-2 43.00 113.00 156.00 NOTE
r-release-osx-x86_64 0.3-2 NOTE
r-oldrel-windows-ix86+x86_64 0.3-2 29.00 115.00 144.00 NOTE

Check Details

Version: 0.3-2
Check: R code for possible problems
Result: NOTE
    Rcmdr.steeptestDij : onOK: no visible binding for global variable
     ‘replications’
    Rcmdr.steeptestPij : onOK: no visible binding for global variable
     ‘replications’
    Undefined global functions or variables:
     replications
    Consider adding
     importFrom("stats", "replications")
    to your NAMESPACE file.
Flavors: r-devel-linux-x86_64-debian-clang, r-devel-linux-x86_64-debian-gcc, r-devel-linux-x86_64-fedora-clang, r-devel-linux-x86_64-fedora-gcc, r-devel-windows-ix86+x86_64, r-devel-osx-x86_64, r-patched-linux-x86_64, r-patched-solaris-x86, r-release-linux-x86_64, r-release-windows-ix86+x86_64, r-release-osx-x86_64, r-oldrel-windows-ix86+x86_64