CRAN Package Check Results for Package RcmdrPlugin.steepness

Last updated on 2018-07-17 22:50:51 CEST.

Flavor Version Tinstall Tcheck Ttotal Status Flags
r-devel-linux-x86_64-debian-clang 0.3-2 9.11 114.88 123.99 NOTE
r-devel-linux-x86_64-debian-gcc 0.3-2 7.64 87.81 95.45 NOTE
r-devel-linux-x86_64-fedora-clang 0.3-2 141.97 NOTE
r-devel-linux-x86_64-fedora-gcc 0.3-2 140.22 NOTE
r-devel-windows-ix86+x86_64 0.3-2 59.00 237.00 296.00 NOTE
r-patched-linux-x86_64 0.3-2 6.73 91.40 98.13 NOTE
r-patched-solaris-x86 0.3-2 193.50 NOTE
r-release-linux-x86_64 0.3-2 6.60 92.36 98.96 NOTE
r-release-windows-ix86+x86_64 0.3-2 46.00 206.00 252.00 NOTE
r-release-osx-x86_64 0.3-2 NOTE
r-oldrel-windows-ix86+x86_64 0.3-2 41.00 202.00 243.00 NOTE
r-oldrel-osx-x86_64 0.3-2 NOTE

Check Details

Version: 0.3-2
Check: R code for possible problems
Result: NOTE
    Rcmdr.steeptestDij : onOK: no visible binding for global variable
     ‘replications’
    Rcmdr.steeptestPij : onOK: no visible binding for global variable
     ‘replications’
    Undefined global functions or variables:
     replications
    Consider adding
     importFrom("stats", "replications")
    to your NAMESPACE file.
Flavors: r-devel-linux-x86_64-debian-clang, r-devel-linux-x86_64-debian-gcc, r-devel-linux-x86_64-fedora-clang, r-devel-linux-x86_64-fedora-gcc, r-devel-windows-ix86+x86_64, r-patched-linux-x86_64, r-patched-solaris-x86, r-release-linux-x86_64, r-release-windows-ix86+x86_64, r-release-osx-x86_64, r-oldrel-windows-ix86+x86_64, r-oldrel-osx-x86_64