CRAN Package Check Results for Package RcmdrPlugin.temis

Last updated on 2018-02-24 22:47:43 CET.

Flavor Version Tinstall Tcheck Ttotal Status Flags
r-devel-linux-x86_64-debian-clang 0.7.9 16.44 118.37 134.81 OK
r-devel-linux-x86_64-debian-gcc 0.7.9 13.37 90.91 104.28 OK
r-devel-linux-x86_64-fedora-clang 0.7.9 162.32 NOTE
r-devel-linux-x86_64-fedora-gcc 0.7.9 160.06 NOTE
r-devel-windows-ix86+x86_64 0.7.9 40.00 176.00 216.00 NOTE
r-patched-linux-x86_64 0.7.9 9.28 128.34 137.62 OK
r-patched-solaris-x86 0.7.9 258.10 NOTE
r-release-linux-x86_64 0.7.9 10.04 124.68 134.72 OK
r-release-windows-ix86+x86_64 0.7.9 47.00 200.00 247.00 NOTE
r-release-osx-x86_64 0.7.9 NOTE
r-oldrel-windows-ix86+x86_64 0.7.9 36.00 133.00 169.00 NOTE
r-oldrel-osx-x86_64 0.7.9 NOTE

Check Details

Version: 0.7.9
Check: package dependencies
Result: NOTE
    Package suggested but not available for checking: ‘ROpenOffice’
Flavors: r-devel-linux-x86_64-fedora-clang, r-devel-linux-x86_64-fedora-gcc, r-devel-windows-ix86+x86_64, r-patched-solaris-x86, r-release-windows-ix86+x86_64, r-release-osx-x86_64, r-oldrel-windows-ix86+x86_64

Version: 0.7.9
Check: package dependencies
Result: NOTE
    Packages suggested but not available for checking: ‘ROpenOffice’ ‘RODBC’
Flavor: r-oldrel-osx-x86_64