CRAN Package Check Results for Package RcmdrPlugin.temis

Last updated on 2018-05-25 22:47:57 CEST.

Flavor Version Tinstall Tcheck Ttotal Status Flags
r-devel-linux-x86_64-debian-clang 0.7.9 18.55 128.90 147.45 OK
r-devel-linux-x86_64-debian-gcc 0.7.9 12.40 101.41 113.81 OK
r-devel-linux-x86_64-fedora-clang 0.7.9 187.33 NOTE
r-devel-linux-x86_64-fedora-gcc 0.7.9 176.20 NOTE
r-devel-windows-ix86+x86_64 0.7.9 44.00 148.00 192.00 NOTE
r-patched-linux-x86_64 0.7.9 13.02 111.35 124.37 OK
r-patched-solaris-x86 0.7.9 239.30 NOTE
r-release-linux-x86_64 0.7.9 13.68 110.58 124.26 OK
r-release-windows-ix86+x86_64 0.7.9 51.00 213.00 264.00 NOTE
r-release-osx-x86_64 0.7.9 NOTE
r-oldrel-windows-ix86+x86_64 0.7.9 56.00 130.00 186.00 NOTE
r-oldrel-osx-x86_64 0.7.9 NOTE

Check Details

Version: 0.7.9
Check: package dependencies
Result: NOTE
    Package suggested but not available for checking: ‘ROpenOffice’
Flavors: r-devel-linux-x86_64-fedora-clang, r-devel-linux-x86_64-fedora-gcc, r-devel-windows-ix86+x86_64, r-patched-solaris-x86, r-release-windows-ix86+x86_64, r-release-osx-x86_64, r-oldrel-windows-ix86+x86_64, r-oldrel-osx-x86_64