CRAN Package Check Results for Package RcmdrPlugin.temis

Last updated on 2018-10-16 22:56:35 CEST.

Flavor Version Tinstall Tcheck Ttotal Status Flags
r-devel-linux-x86_64-debian-clang 0.7.10 17.61 144.10 161.71 OK
r-devel-linux-x86_64-debian-gcc 0.7.10 14.80 114.06 128.86 OK
r-devel-linux-x86_64-fedora-clang 0.7.10 188.54 NOTE
r-devel-linux-x86_64-fedora-gcc 0.7.10 188.38 NOTE
r-devel-windows-ix86+x86_64 0.7.10 49.00 209.00 258.00 NOTE
r-patched-linux-x86_64 0.7.10 15.34 119.59 134.93 OK
r-patched-solaris-x86 0.7.10 255.10 NOTE
r-release-linux-x86_64 0.7.10 15.75 118.76 134.51 OK
r-release-windows-ix86+x86_64 0.7.10 55.00 196.00 251.00 NOTE
r-release-osx-x86_64 0.7.10 NOTE
r-oldrel-windows-ix86+x86_64 0.7.10 9.00 6.00 15.00 ERROR
r-oldrel-osx-x86_64 0.7.10 NOTE

Check Details

Version: 0.7.10
Check: package dependencies
Result: NOTE
    Package suggested but not available for checking: ‘ROpenOffice’
Flavors: r-devel-linux-x86_64-fedora-clang, r-devel-linux-x86_64-fedora-gcc, r-devel-windows-ix86+x86_64, r-patched-solaris-x86, r-release-windows-ix86+x86_64, r-release-osx-x86_64, r-oldrel-windows-ix86+x86_64, r-oldrel-osx-x86_64

Version: 0.7.10
Check: whether package can be installed
Result: ERROR
    Installation failed.
Flavor: r-oldrel-windows-ix86+x86_64