CRAN Package Check Results for Package RcmdrPlugin.temis

Last updated on 2018-08-17 22:52:57 CEST.

Flavor Version Tinstall Tcheck Ttotal Status Flags
r-devel-linux-x86_64-debian-clang 0.7.10 16.47 142.67 159.14 OK
r-devel-linux-x86_64-debian-gcc 0.7.10 14.79 111.02 125.81 OK
r-devel-linux-x86_64-fedora-clang 0.7.10 188.21 NOTE
r-devel-linux-x86_64-fedora-gcc 0.7.10 186.04 NOTE
r-devel-windows-ix86+x86_64 0.7.10 55.00 260.00 315.00 NOTE
r-patched-linux-x86_64 0.7.10 16.38 119.23 135.61 OK
r-patched-solaris-x86 0.7.10 255.60 NOTE
r-release-linux-x86_64 0.7.10 16.14 119.67 135.81 OK
r-release-windows-ix86+x86_64 0.7.10 51.00 218.00 269.00 NOTE
r-release-osx-x86_64 0.7.10 NOTE
r-oldrel-windows-ix86+x86_64 0.7.10 31.00 149.00 180.00 NOTE
r-oldrel-osx-x86_64 0.7.10 NOTE

Check Details

Version: 0.7.10
Check: package dependencies
Result: NOTE
    Package suggested but not available for checking: ‘ROpenOffice’
Flavors: r-devel-linux-x86_64-fedora-clang, r-devel-linux-x86_64-fedora-gcc, r-devel-windows-ix86+x86_64, r-patched-solaris-x86, r-release-windows-ix86+x86_64, r-release-osx-x86_64, r-oldrel-windows-ix86+x86_64, r-oldrel-osx-x86_64