CRAN Package Check Results for Package RcmdrPlugin.temis

Last updated on 2017-06-27 22:48:07.

Flavor Version Tinstall Tcheck Ttotal Status Flags
r-devel-linux-x86_64-debian-clang 0.7.8 6.49 79.02 85.50 OK
r-devel-linux-x86_64-debian-gcc 0.7.8 6.37 83.55 89.93 OK
r-devel-linux-x86_64-fedora-clang 0.7.8 169.17 NOTE
r-devel-linux-x86_64-fedora-gcc 0.7.8 167.10 NOTE
r-devel-windows-ix86+x86_64 0.7.8 44.00 128.00 172.00 NOTE
r-patched-linux-x86_64 0.7.8 6.03 79.80 85.83 OK
r-patched-solaris-sparc 0.7.8 1025.70 NOTE
r-patched-solaris-x86 0.7.8 248.40 NOTE
r-release-linux-x86_64 0.7.8 6.06 80.21 86.26 OK
r-release-windows-ix86+x86_64 0.7.8 38.00 178.00 216.00 NOTE
r-release-osx-x86_64 0.7.8 NOTE
r-oldrel-windows-ix86+x86_64 0.7.8 43.00 190.00 233.00 NOTE
r-oldrel-osx-x86_64 0.7.8 NOTE

Check Details

Version: 0.7.8
Check: package dependencies
Result: NOTE
    Package suggested but not available for checking: ‘ROpenOffice’
Flavors: r-devel-linux-x86_64-fedora-clang, r-devel-linux-x86_64-fedora-gcc, r-devel-windows-ix86+x86_64, r-patched-solaris-sparc, r-patched-solaris-x86, r-release-windows-ix86+x86_64, r-oldrel-windows-ix86+x86_64

Version: 0.7.8
Check: package dependencies
Result: NOTE
    Packages suggested but not available for checking: ‘ROpenOffice’ ‘RODBC’
Flavors: r-release-osx-x86_64, r-oldrel-osx-x86_64