CRAN Package Check Results for Package RcmdrPlugin.temis

Last updated on 2019-01-15 22:50:21 CET.

Flavor Version Tinstall Tcheck Ttotal Status Flags
r-devel-linux-x86_64-debian-clang 0.7.10 19.24 139.18 158.42 OK
r-devel-linux-x86_64-debian-gcc 0.7.10 14.67 104.75 119.42 OK
r-devel-linux-x86_64-fedora-clang 0.7.10 188.38 NOTE
r-devel-linux-x86_64-fedora-gcc 0.7.10 175.92 NOTE
r-devel-windows-ix86+x86_64 0.7.10 44.00 143.00 187.00 NOTE
r-patched-linux-x86_64 0.7.10 16.38 122.24 138.62 OK
r-patched-solaris-x86 0.7.10 276.60 NOTE
r-release-linux-x86_64 0.7.10 16.36 120.50 136.86 OK
r-release-windows-ix86+x86_64 0.7.10 52.00 154.00 206.00 NOTE
r-release-osx-x86_64 0.7.10 NOTE
r-oldrel-windows-ix86+x86_64 0.7.10 23.00 142.00 165.00 NOTE
r-oldrel-osx-x86_64 0.7.10 NOTE

Check Details

Version: 0.7.10
Check: package dependencies
Result: NOTE
    Package suggested but not available for checking: ‘ROpenOffice’
Flavors: r-devel-linux-x86_64-fedora-clang, r-devel-linux-x86_64-fedora-gcc, r-devel-windows-ix86+x86_64, r-patched-solaris-x86, r-release-windows-ix86+x86_64, r-release-osx-x86_64, r-oldrel-windows-ix86+x86_64, r-oldrel-osx-x86_64