CRAN Package Check Results for Package RcppCCTZ

Last updated on 2023-12-02 21:40:07 CET.

Flavor Version Tinstall Tcheck Ttotal Status Flags
r-devel-linux-x86_64-debian-clang 0.2.12 49.76 29.78 79.54 NOTE
r-devel-linux-x86_64-debian-gcc 0.2.12 33.04 23.42 56.46 NOTE
r-devel-linux-x86_64-fedora-clang 0.2.12 129.04 NOTE
r-devel-linux-x86_64-fedora-gcc 0.2.12 110.99 NOTE
r-devel-windows-x86_64 0.2.12 41.00 90.00 131.00 NOTE
r-patched-linux-x86_64 0.2.12 42.82 30.27 73.09 NOTE
r-release-linux-x86_64 0.2.12 41.11 29.51 70.62 NOTE
r-release-macos-arm64 0.2.12 34.00 NOTE
r-release-macos-x86_64 0.2.12 53.00 NOTE
r-release-windows-x86_64 0.2.12 42.00 105.00 147.00 NOTE
r-oldrel-macos-arm64 0.2.12 32.00 OK
r-oldrel-macos-x86_64 0.2.12 43.00 OK
r-oldrel-windows-x86_64 0.2.12 54.00 85.00 139.00 OK

Check Details

Version: 0.2.12
Check: C++ specification
Result: NOTE Specified C++11: please drop specification unless essential Flavors: r-devel-linux-x86_64-debian-clang, r-devel-linux-x86_64-debian-gcc, r-devel-linux-x86_64-fedora-clang, r-devel-linux-x86_64-fedora-gcc, r-devel-windows-x86_64, r-patched-linux-x86_64, r-release-linux-x86_64, r-release-macos-arm64, r-release-macos-x86_64, r-release-windows-x86_64