Last updated on 2023-12-03 22:57:18 CET.
Flavor | Version | Tinstall | Tcheck | Ttotal | Status | Flags |
---|---|---|---|---|---|---|
r-devel-linux-x86_64-debian-clang | 1.1 | 24.95 | 53.55 | 78.50 | NOTE | |
r-devel-linux-x86_64-debian-gcc | 1.1 | 16.36 | 42.77 | 59.13 | NOTE | |
r-devel-linux-x86_64-fedora-clang | 1.1 | 100.70 | NOTE | |||
r-devel-linux-x86_64-fedora-gcc | 1.1 | 102.93 | NOTE | |||
r-devel-windows-x86_64 | 1.1 | 21.00 | 96.00 | 117.00 | NOTE | |
r-patched-linux-x86_64 | 1.1 | 17.55 | 53.58 | 71.13 | NOTE | |
r-release-linux-x86_64 | 1.1 | 16.48 | 53.73 | 70.21 | NOTE | |
r-release-macos-arm64 | 1.1 | 30.00 | NOTE | |||
r-release-macos-x86_64 | 1.1 | 46.00 | NOTE | |||
r-release-windows-x86_64 | 1.1 | 28.00 | 97.00 | 125.00 | NOTE | |
r-oldrel-macos-arm64 | 1.1 | 36.00 | OK | |||
r-oldrel-macos-x86_64 | 1.1 | 54.00 | OK | |||
r-oldrel-windows-x86_64 | 1.1 | 25.00 | 91.00 | 116.00 | OK |
Version: 1.1
Check: C++ specification
Result: NOTE
Specified C++11: please drop specification unless essential
Flavors: r-devel-linux-x86_64-debian-clang, r-devel-linux-x86_64-debian-gcc, r-devel-linux-x86_64-fedora-clang, r-devel-linux-x86_64-fedora-gcc, r-devel-windows-x86_64, r-patched-linux-x86_64, r-release-linux-x86_64, r-release-macos-arm64, r-release-macos-x86_64, r-release-windows-x86_64