CRAN Package Check Results for Package RcppDist

Last updated on 2023-09-30 22:59:17 CEST.

Flavor Version Tinstall Tcheck Ttotal Status Flags
r-devel-linux-x86_64-debian-clang 0.1.1 58.68 37.97 96.65 NOTE
r-devel-linux-x86_64-debian-gcc 0.1.1 41.66 29.50 71.16 NOTE
r-devel-linux-x86_64-fedora-clang 0.1.1 134.31 NOTE
r-devel-linux-x86_64-fedora-gcc 0.1.1 151.40 NOTE
r-devel-windows-x86_64 0.1.1 44.00 87.00 131.00 NOTE
r-patched-linux-x86_64 0.1.1 50.64 37.51 88.15 NOTE
r-release-linux-x86_64 0.1.1 49.36 37.21 86.57 NOTE
r-release-macos-arm64 0.1.1 48.00 NOTE
r-release-macos-x86_64 0.1.1 75.00 NOTE
r-release-windows-x86_64 0.1.1 56.00 82.00 138.00 NOTE
r-oldrel-macos-arm64 0.1.1 40.00 NOTE
r-oldrel-macos-x86_64 0.1.1 54.00 NOTE
r-oldrel-windows-x86_64 0.1.1 54.00 83.00 137.00 NOTE

Check Details

Version: 0.1.1
Check: C++ specification
Result: NOTE
     Specified C++11: please drop specification unless essential
Flavors: r-devel-linux-x86_64-debian-clang, r-devel-linux-x86_64-debian-gcc, r-devel-linux-x86_64-fedora-clang, r-devel-linux-x86_64-fedora-gcc, r-devel-windows-x86_64, r-patched-linux-x86_64, r-release-linux-x86_64, r-release-macos-arm64, r-release-macos-x86_64, r-release-windows-x86_64

Version: 0.1.1
Check: LazyData
Result: NOTE
     'LazyData' is specified without a 'data' directory
Flavors: r-devel-linux-x86_64-debian-clang, r-devel-linux-x86_64-debian-gcc, r-devel-linux-x86_64-fedora-clang, r-devel-linux-x86_64-fedora-gcc, r-devel-windows-x86_64, r-patched-linux-x86_64, r-release-linux-x86_64, r-release-macos-arm64, r-release-macos-x86_64, r-release-windows-x86_64, r-oldrel-macos-arm64, r-oldrel-macos-x86_64, r-oldrel-windows-x86_64