CRAN Package Check Results for Package RcppDist

Last updated on 2024-06-23 22:48:38 CEST.

Flavor Version Tinstall Tcheck Ttotal Status Flags
r-devel-linux-x86_64-debian-clang 0.1.1 56.79 40.19 96.98 NOTE
r-devel-linux-x86_64-debian-gcc 0.1.1 42.43 31.18 73.61 NOTE
r-devel-linux-x86_64-fedora-clang 0.1.1 137.94 NOTE
r-devel-linux-x86_64-fedora-gcc 0.1.1 156.68 NOTE
r-devel-windows-x86_64 0.1.1 45.00 84.00 129.00 NOTE
r-patched-linux-x86_64 0.1.1 49.29 39.15 88.44 NOTE
r-release-linux-x86_64 0.1.1 48.61 38.58 87.19 NOTE
r-release-macos-arm64 0.1.1 46.00 NOTE
r-release-macos-x86_64 0.1.1 56.00 NOTE
r-release-windows-x86_64 0.1.1 44.00 98.00 142.00 NOTE
r-oldrel-macos-arm64 0.1.1 48.00 NOTE
r-oldrel-macos-x86_64 0.1.1 75.00 NOTE
r-oldrel-windows-x86_64 0.1.1 54.00 86.00 140.00 NOTE

Check Details

Version: 0.1.1
Check: C++ specification
Result: NOTE Specified C++11: please drop specification unless essential Flavors: r-devel-linux-x86_64-debian-clang, r-devel-linux-x86_64-debian-gcc, r-devel-linux-x86_64-fedora-clang, r-devel-linux-x86_64-fedora-gcc, r-devel-windows-x86_64, r-patched-linux-x86_64, r-release-linux-x86_64, r-release-macos-arm64, r-release-macos-x86_64, r-release-windows-x86_64, r-oldrel-macos-arm64, r-oldrel-macos-x86_64, r-oldrel-windows-x86_64

Version: 0.1.1
Check: LazyData
Result: NOTE 'LazyData' is specified without a 'data' directory Flavors: r-devel-linux-x86_64-debian-clang, r-devel-linux-x86_64-debian-gcc, r-devel-linux-x86_64-fedora-clang, r-devel-linux-x86_64-fedora-gcc, r-devel-windows-x86_64, r-patched-linux-x86_64, r-release-linux-x86_64, r-release-macos-arm64, r-release-macos-x86_64, r-release-windows-x86_64, r-oldrel-macos-arm64, r-oldrel-macos-x86_64, r-oldrel-windows-x86_64