Last updated on 2023-12-02 21:40:07 CET.
Flavor | Version | Tinstall | Tcheck | Ttotal | Status | Flags |
---|---|---|---|---|---|---|
r-devel-linux-x86_64-debian-clang | 0.1.9 | 70.11 | 27.25 | 97.36 | NOTE | |
r-devel-linux-x86_64-debian-gcc | 0.1.9 | 42.47 | 21.06 | 63.53 | NOTE | |
r-devel-linux-x86_64-fedora-clang | 0.1.9 | 145.69 | NOTE | |||
r-devel-linux-x86_64-fedora-gcc | 0.1.9 | 132.47 | NOTE | |||
r-devel-windows-x86_64 | 0.1.9 | 55.00 | 68.00 | 123.00 | OK | |
r-patched-linux-x86_64 | 0.1.9 | 55.42 | 26.82 | 82.24 | NOTE | |
r-release-linux-x86_64 | 0.1.9 | 54.64 | 26.78 | 81.42 | NOTE | |
r-release-macos-arm64 | 0.1.9 | 34.00 | NOTE | |||
r-release-macos-x86_64 | 0.1.9 | 54.00 | NOTE | |||
r-release-windows-x86_64 | 0.1.9 | 68.00 | 102.00 | 170.00 | OK | |
r-oldrel-macos-arm64 | 0.1.9 | 37.00 | OK | |||
r-oldrel-macos-x86_64 | 0.1.9 | 43.00 | OK | |||
r-oldrel-windows-x86_64 | 0.1.9 | 64.00 | 86.00 | 150.00 | OK |
Version: 0.1.9
Check: C++ specification
Result: NOTE
Specified C++11: please drop specification unless essential
Flavors: r-devel-linux-x86_64-debian-clang, r-devel-linux-x86_64-debian-gcc, r-devel-linux-x86_64-fedora-clang, r-devel-linux-x86_64-fedora-gcc, r-patched-linux-x86_64, r-release-linux-x86_64, r-release-macos-arm64, r-release-macos-x86_64