CRAN Package Check Results for Package RcppGetconf

Last updated on 2023-12-01 21:54:17 CET.

Flavor Version Tinstall Tcheck Ttotal Status Flags
r-devel-linux-x86_64-debian-clang 0.0.3 21.12 26.00 47.12 OK
r-devel-linux-x86_64-debian-gcc 0.0.3 14.85 20.29 35.14 OK
r-devel-linux-x86_64-fedora-clang 0.0.3 66.05 NOTE
r-devel-linux-x86_64-fedora-gcc 0.0.3 64.66 NOTE
r-patched-linux-x86_64 0.0.3 17.34 25.76 43.10 OK
r-release-linux-x86_64 0.0.3 16.73 25.74 42.47 OK
r-release-macos-arm64 0.0.3 23.00 OK
r-release-macos-x86_64 0.0.3 34.00 OK
r-oldrel-macos-arm64 0.0.3 24.00 OK
r-oldrel-macos-x86_64 0.0.3 28.00 OK

Check Details

Version: 0.0.3
Check: top-level files
Result: NOTE ‘configure’: /bin/bash is not portable Flavors: r-devel-linux-x86_64-fedora-clang, r-devel-linux-x86_64-fedora-gcc