Last updated on 2024-04-18 22:52:55 CEST.
Flavor | Version | Tinstall | Tcheck | Ttotal | Status | Flags |
---|---|---|---|---|---|---|
r-devel-linux-x86_64-debian-clang | 0.6.0 | 39.88 | 54.76 | 94.64 | OK | |
r-devel-linux-x86_64-debian-gcc | 0.6.0 | 34.66 | 39.75 | 74.41 | OK | |
r-devel-linux-x86_64-fedora-clang | 0.6.0 | 122.64 | OK | |||
r-devel-linux-x86_64-fedora-gcc | 0.6.0 | 133.82 | OK | |||
r-prerel-macos-arm64 | 0.6.0 | 34.00 | NOTE | |||
r-prerel-macos-x86_64 | 0.6.0 | 129.00 | NOTE | |||
r-prerel-windows-x86_64 | 0.6.0 | 35.00 | 90.00 | 125.00 | OK | |
r-patched-linux-x86_64 | 0.6.0 | 39.93 | 51.82 | 91.75 | OK | |
r-release-linux-x86_64 | 0.6.0 | 42.98 | 51.17 | 94.15 | OK | |
r-release-macos-arm64 | 0.6.0 | 43.00 | NOTE | |||
r-release-macos-x86_64 | 0.6.0 | 141.00 | NOTE | |||
r-release-windows-x86_64 | 0.6.0 | 42.00 | 95.00 | 137.00 | OK | |
r-oldrel-macos-arm64 | 0.6.0 | 43.00 | NOTE | |||
r-oldrel-windows-x86_64 | 0.6.0 | 38.00 | 96.00 | 134.00 | OK |
Version: 0.6.0
Check: installed package size
Result: NOTE
installed size is 6.3Mb
sub-directories of 1Mb or more:
libs 6.1Mb
Flavors: r-prerel-macos-arm64, r-prerel-macos-x86_64, r-release-macos-arm64, r-release-macos-x86_64, r-oldrel-macos-arm64