CRAN Package Check Results for Package RcppMsgPack

Last updated on 2023-12-06 23:12:11 CET.

Flavor Version Tinstall Tcheck Ttotal Status Flags
r-devel-linux-x86_64-debian-clang 0.2.3 50.64 77.68 128.32 NOTE
r-devel-linux-x86_64-debian-gcc 0.2.3 34.38 60.22 94.60 NOTE
r-devel-linux-x86_64-fedora-clang 0.2.3 174.32 NOTE
r-devel-linux-x86_64-fedora-gcc 0.2.3 189.70 NOTE
r-devel-windows-x86_64 0.2.3 50.00 139.00 189.00 NOTE
r-patched-linux-x86_64 0.2.3 42.87 77.49 120.36 NOTE
r-release-linux-x86_64 0.2.3 42.81 76.30 119.11 NOTE
r-release-macos-arm64 0.2.3 60.00 NOTE
r-release-macos-x86_64 0.2.3 94.00 NOTE
r-release-windows-x86_64 0.2.3 66.00 120.00 186.00 NOTE
r-oldrel-macos-arm64 0.2.3 55.00 NOTE
r-oldrel-macos-x86_64 0.2.3 84.00 NOTE
r-oldrel-windows-x86_64 0.2.3 62.00 115.00 177.00 NOTE

Check Details

Version: 0.2.3
Check: C++ specification
Result: NOTE Specified C++11: please drop specification unless essential Flavors: r-devel-linux-x86_64-debian-clang, r-devel-linux-x86_64-debian-gcc, r-devel-linux-x86_64-fedora-clang, r-devel-linux-x86_64-fedora-gcc, r-devel-windows-x86_64, r-patched-linux-x86_64, r-release-linux-x86_64, r-release-macos-arm64, r-release-macos-x86_64, r-release-windows-x86_64

Version: 0.2.3
Check: installed package size
Result: NOTE installed size is 7.8Mb sub-directories of 1Mb or more: include 7.0Mb Flavors: r-devel-linux-x86_64-fedora-clang, r-devel-windows-x86_64, r-release-macos-arm64, r-release-macos-x86_64, r-release-windows-x86_64, r-oldrel-macos-arm64, r-oldrel-macos-x86_64, r-oldrel-windows-x86_64