Last updated on 2023-11-27 23:11:48 CET.
Flavor | Version | Tinstall | Tcheck | Ttotal | Status | Flags |
---|---|---|---|---|---|---|
r-devel-linux-x86_64-debian-clang | 0.1.1 | 192.85 | 29.80 | 222.65 | NOTE | |
r-devel-linux-x86_64-debian-gcc | 0.1.1 | 133.26 | 24.37 | 157.63 | NOTE | |
r-devel-linux-x86_64-fedora-clang | 0.1.1 | 390.12 | WARN | |||
r-devel-linux-x86_64-fedora-gcc | 0.1.1 | 329.43 | NOTE | |||
r-devel-windows-x86_64 | 0.1.1 | 166.00 | 100.00 | 266.00 | NOTE | |
r-patched-linux-x86_64 | 0.1.1 | 168.20 | 29.62 | 197.82 | NOTE | |
r-release-linux-x86_64 | 0.1.1 | 163.54 | 29.63 | 193.17 | NOTE | |
r-release-macos-arm64 | 0.1.1 | 74.00 | NOTE | |||
r-release-macos-x86_64 | 0.1.1 | 122.00 | NOTE | |||
r-release-windows-x86_64 | 0.1.1 | 169.00 | 97.00 | 266.00 | NOTE | |
r-oldrel-macos-arm64 | 0.1.1 | 74.00 | NOTE | |||
r-oldrel-macos-x86_64 | 0.1.1 | 102.00 | NOTE | |||
r-oldrel-windows-x86_64 | 0.1.1 | 202.00 | 81.00 | 283.00 | OK |
Version: 0.1.1
Check: C++ specification
Result: NOTE
Specified C++14: please drop specification unless essential
Flavors: r-devel-linux-x86_64-debian-clang, r-devel-linux-x86_64-debian-gcc, r-devel-linux-x86_64-fedora-clang, r-devel-linux-x86_64-fedora-gcc, r-devel-windows-x86_64, r-patched-linux-x86_64, r-release-linux-x86_64, r-release-macos-arm64, r-release-macos-x86_64, r-release-windows-x86_64
Version: 0.1.1
Check: whether package can be installed
Result: WARN
Found the following significant warnings:
RcppExports.cpp:45:18: warning: format string is not a string literal (potentially insecure) [-Wformat-security]
RcppExports.cpp:78:18: warning: format string is not a string literal (potentially insecure) [-Wformat-security]
RcppExports.cpp:111:18: warning: format string is not a string literal (potentially insecure) [-Wformat-security]
RcppExports.cpp:146:18: warning: format string is not a string literal (potentially insecure) [-Wformat-security]
RcppExports.cpp:180:18: warning: format string is not a string literal (potentially insecure) [-Wformat-security]
RcppExports.cpp:214:18: warning: format string is not a string literal (potentially insecure) [-Wformat-security]
RcppExports.cpp:248:18: warning: format string is not a string literal (potentially insecure) [-Wformat-security]
RcppExports.cpp:282:18: warning: format string is not a string literal (potentially insecure) [-Wformat-security]
RcppExports.cpp:316:18: warning: format string is not a string literal (potentially insecure) [-Wformat-security]
RcppExports.cpp:351:18: warning: format string is not a string literal (potentially insecure) [-Wformat-security]
RcppExports.cpp:389:18: warning: format string is not a string literal (potentially insecure) [-Wformat-security]
RcppExports.cpp:426:18: warning: format string is not a string literal (potentially insecure) [-Wformat-security]
RcppExports.cpp:462:18: warning: format string is not a string literal (potentially insecure) [-Wformat-security]
RcppExports.cpp:497:18: warning: format string is not a string literal (potentially insecure) [-Wformat-security]
See ‘/data/gannet/ripley/R/packages/tests-clang/RcppQuantuccia.Rcheck/00install.out’ for details.
* used C++ compiler: ‘clang version 17.0.5’
Flavor: r-devel-linux-x86_64-fedora-clang
Version: 0.1.1
Check: installed package size
Result: NOTE
installed size is 9.2Mb
sub-directories of 1Mb or more:
libs 9.0Mb
Flavors: r-release-macos-arm64, r-release-macos-x86_64, r-oldrel-macos-arm64, r-oldrel-macos-x86_64