Last updated on 2023-12-01 21:54:17 CET.
Flavor | Version | Tinstall | Tcheck | Ttotal | Status | Flags |
---|---|---|---|---|---|---|
r-devel-linux-x86_64-debian-clang | 0.1.3 | 82.32 | 26.24 | 108.56 | NOTE | |
r-devel-linux-x86_64-debian-gcc | 0.1.3 | 61.59 | 24.40 | 85.99 | NOTE | |
r-devel-linux-x86_64-fedora-clang | 0.1.3 | 165.47 | NOTE | |||
r-devel-linux-x86_64-fedora-gcc | 0.1.3 | 172.45 | NOTE | |||
r-devel-windows-x86_64 | 0.1.3 | 68.00 | 86.00 | 154.00 | NOTE | |
r-patched-linux-x86_64 | 0.1.3 | 77.01 | 31.33 | 108.34 | NOTE | |
r-release-linux-x86_64 | 0.1.3 | 75.68 | 30.99 | 106.67 | NOTE | |
r-release-macos-arm64 | 0.1.3 | 43.00 | NOTE | |||
r-release-macos-x86_64 | 0.1.3 | 65.00 | NOTE | |||
r-release-windows-x86_64 | 0.1.3 | 90.00 | 110.00 | 200.00 | NOTE | |
r-oldrel-macos-arm64 | 0.1.3 | 41.00 | NOTE | |||
r-oldrel-macos-x86_64 | 0.1.3 | 62.00 | NOTE | |||
r-oldrel-windows-x86_64 | 0.1.3 | 91.00 | 90.00 | 181.00 | OK |
Version: 0.1.3
Check: C++ specification
Result: NOTE
Specified C++11: please drop specification unless essential
Flavors: r-devel-linux-x86_64-debian-clang, r-devel-linux-x86_64-debian-gcc, r-devel-linux-x86_64-fedora-clang, r-devel-linux-x86_64-fedora-gcc, r-devel-windows-x86_64, r-patched-linux-x86_64, r-release-linux-x86_64, r-release-macos-arm64, r-release-macos-x86_64, r-release-windows-x86_64
Version: 0.1.3
Check: installed package size
Result: NOTE
installed size is 5.4Mb
sub-directories of 1Mb or more:
libs 4.6Mb
Flavors: r-release-macos-arm64, r-oldrel-macos-arm64, r-oldrel-macos-x86_64