Last updated on 2024-05-03 22:53:22 CEST.
Flavor | Version | Tinstall | Tcheck | Ttotal | Status | Flags |
---|---|---|---|---|---|---|
r-devel-linux-x86_64-debian-clang | 7.1.6 | 22.50 | 54.49 | 76.99 | NOTE | |
r-devel-linux-x86_64-fedora-clang | 7.1.6 | 106.33 | NOTE | |||
r-devel-linux-x86_64-fedora-gcc | 7.1.6 | 99.58 | NOTE | |||
r-devel-windows-x86_64 | 7.1.6 | 21.00 | 76.00 | 97.00 | NOTE | |
r-patched-linux-x86_64 | 7.1.6 | 22.34 | 51.06 | 73.40 | NOTE | |
r-release-linux-x86_64 | 7.1.6 | 21.11 | 52.58 | 73.69 | NOTE | |
r-release-macos-arm64 | 7.1.6 | 22.00 | NOTE | |||
r-release-windows-x86_64 | 7.1.6 | 22.00 | 76.00 | 98.00 | NOTE | |
r-oldrel-macos-arm64 | 7.1.6 | 25.00 | NOTE | |||
r-oldrel-macos-x86_64 | 7.1.6 | 50.00 | NOTE | |||
r-oldrel-windows-x86_64 | 7.1.6 | 21.00 | 75.00 | 96.00 | NOTE |
Version: 7.1.6
Check: C++ specification
Result: NOTE
Specified C++14: please drop specification unless essential
Flavors: r-devel-linux-x86_64-debian-clang, r-devel-linux-x86_64-fedora-clang, r-devel-linux-x86_64-fedora-gcc, r-devel-windows-x86_64, r-patched-linux-x86_64, r-release-linux-x86_64, r-release-macos-arm64, r-release-windows-x86_64, r-oldrel-macos-arm64, r-oldrel-macos-x86_64, r-oldrel-windows-x86_64